{"version":"1.0","provider_name":"Arkiv","provider_url":"https:\/\/ldo.no\/arkiv","author_name":"dekode","author_url":"https:\/\/ldo.no\/arkiv\/author\/dekode\/","title":"Omorganisering og foreldrepermisjon - Arkiv","type":"rich","width":600,"height":338,"html":"<blockquote class=\"wp-embedded-content\" data-secret=\"KkzpoWKihH\"><a href=\"https:\/\/ldo.no\/arkiv\/klagesaker\/2005-omorganisering-og-foreldrepermisjon\/\">Omorganisering og foreldrepermisjon<\/a><\/blockquote><iframe sandbox=\"allow-scripts\" security=\"restricted\" src=\"https:\/\/ldo.no\/arkiv\/klagesaker\/2005-omorganisering-og-foreldrepermisjon\/embed\/#?secret=KkzpoWKihH\" width=\"600\" height=\"338\" title=\"&laquo;Omorganisering og foreldrepermisjon&raquo; &#8212; Arkiv\" data-secret=\"KkzpoWKihH\" frameborder=\"0\" marginwidth=\"0\" marginheight=\"0\" scrolling=\"no\" class=\"wp-embedded-content\"><\/iframe><script>\n\/*! This file is auto-generated *\/\n!function(d,l){\"use strict\";l.querySelector&&d.addEventListener&&\"undefined\"!=typeof URL&&(d.wp=d.wp||{},d.wp.receiveEmbedMessage||(d.wp.receiveEmbedMessage=function(e){var t=e.data;if((t||t.secret||t.message||t.value)&&!\/[^a-zA-Z0-9]\/.test(t.secret)){for(var s,r,n,a=l.querySelectorAll('iframe[data-secret=\"'+t.secret+'\"]'),o=l.querySelectorAll('blockquote[data-secret=\"'+t.secret+'\"]'),c=new RegExp(\"^https?:$\",\"i\"),i=0;i<o.length;i++)o[i].style.display=\"none\";for(i=0;i<a.length;i++)s=a[i],e.source===s.contentWindow&&(s.removeAttribute(\"style\"),\"height\"===t.message?(1e3<(r=parseInt(t.value,10))?r=1e3:~~r<200&&(r=200),s.height=r):\"link\"===t.message&&(r=new URL(s.getAttribute(\"src\")),n=new URL(t.value),c.test(n.protocol))&&n.host===r.host&&l.activeElement===s&&(d.top.location.href=t.value))}},d.addEventListener(\"message\",d.wp.receiveEmbedMessage,!1),l.addEventListener(\"DOMContentLoaded\",function(){for(var e,t,s=l.querySelectorAll(\"iframe.wp-embedded-content\"),r=0;r<s.length;r++)(t=(e=s[r]).getAttribute(\"data-secret\"))||(t=Math.random().toString(36).substring(2,12),e.src+=\"#?secret=\"+t,e.setAttribute(\"data-secret\",t)),e.contentWindow.postMessage({message:\"ready\",secret:t},\"*\")},!1)))}(window,document);\n<\/script>\n","description":"En kvinne opplevde at avdelingen hun jobbet i skulle omorganiseres. Denne omorganiseringen kom p\u00e5 et tidspunkt da kvinnen var ferdig med foreldrepermisjon, men fortsatt hadde delvis permisjon uten l\u00f8nn p\u00e5 grunn av omsorg for sm\u00e5 barn. Hun var i tillegg gravid, og ble etter hvert sykemeldt p\u00e5 grunn av svangerskapet. Kvinnen ble plassert i en avdeling med oppgaver hun mente var lite interessante, og ikke i avdelingen hun selv hadde gitt uttrykk for at hun \u00f8nsket \u00e5 arbeide. Kvinnen hadde lengst ansiennitet av de ansatte som ble omorganisert. Hun mente derfor at hennes foreldrepermisjon og reduserte arbeidstid kunne ha betydning for hvilken avdeling hun ble plassert i og ba Likestillingsombudet om \u00e5 vurdere saken."}

En kvinne opplevde at avdelingen hun jobbet i skulle omorganiseres. Denne omorganiseringen kom på et tidspunkt da kvinnen var ferdig med foreldrepermisjon, men fortsatt hadde delvis permisjon uten lønn på grunn av omsorg for små barn. Hun var i tillegg gravid, og ble etter hvert sykemeldt på grunn av svangerskapet. Kvinnen ble plassert i en avdeling med oppgaver hun mente var lite interessante, og ikke i avdelingen hun selv hadde gitt uttrykk for at hun ønsket å arbeide. Kvinnen hadde lengst ansiennitet av de ansatte som ble omorganisert. Hun mente derfor at hennes foreldrepermisjon og reduserte arbeidstid kunne ha betydning for hvilken avdeling hun ble plassert i og ba Likestillingsombudet om å vurdere saken.
