{"version":"1.0","provider_name":"Arkiv","provider_url":"https:\/\/ldo.no\/arkiv","author_name":"dekode","author_url":"https:\/\/ldo.no\/arkiv\/author\/dekode\/","title":"Sp\u00f8rsm\u00e5l om aldersdiskriminering ved l\u00f8nnsfastsettelse - Arkiv","type":"rich","width":600,"height":338,"html":"<blockquote class=\"wp-embedded-content\" data-secret=\"JvjKneT47C\"><a href=\"https:\/\/ldo.no\/arkiv\/klagesaker\/2007-sporsmal-om-aldersdiskriminering-ved-lonnsfastsettelse\/\">Sp\u00f8rsm\u00e5l om aldersdiskriminering ved l\u00f8nnsfastsettelse<\/a><\/blockquote><iframe sandbox=\"allow-scripts\" security=\"restricted\" src=\"https:\/\/ldo.no\/arkiv\/klagesaker\/2007-sporsmal-om-aldersdiskriminering-ved-lonnsfastsettelse\/embed\/#?secret=JvjKneT47C\" width=\"600\" height=\"338\" title=\"&laquo;Sp\u00f8rsm\u00e5l om aldersdiskriminering ved l\u00f8nnsfastsettelse&raquo; &#8212; Arkiv\" data-secret=\"JvjKneT47C\" frameborder=\"0\" marginwidth=\"0\" marginheight=\"0\" scrolling=\"no\" class=\"wp-embedded-content\"><\/iframe><script>\n\/*! This file is auto-generated *\/\n!function(d,l){\"use strict\";l.querySelector&&d.addEventListener&&\"undefined\"!=typeof URL&&(d.wp=d.wp||{},d.wp.receiveEmbedMessage||(d.wp.receiveEmbedMessage=function(e){var t=e.data;if((t||t.secret||t.message||t.value)&&!\/[^a-zA-Z0-9]\/.test(t.secret)){for(var s,r,n,a=l.querySelectorAll('iframe[data-secret=\"'+t.secret+'\"]'),o=l.querySelectorAll('blockquote[data-secret=\"'+t.secret+'\"]'),c=new RegExp(\"^https?:$\",\"i\"),i=0;i<o.length;i++)o[i].style.display=\"none\";for(i=0;i<a.length;i++)s=a[i],e.source===s.contentWindow&&(s.removeAttribute(\"style\"),\"height\"===t.message?(1e3<(r=parseInt(t.value,10))?r=1e3:~~r<200&&(r=200),s.height=r):\"link\"===t.message&&(r=new URL(s.getAttribute(\"src\")),n=new URL(t.value),c.test(n.protocol))&&n.host===r.host&&l.activeElement===s&&(d.top.location.href=t.value))}},d.addEventListener(\"message\",d.wp.receiveEmbedMessage,!1),l.addEventListener(\"DOMContentLoaded\",function(){for(var e,t,s=l.querySelectorAll(\"iframe.wp-embedded-content\"),r=0;r<s.length;r++)(t=(e=s[r]).getAttribute(\"data-secret\"))||(t=Math.random().toString(36).substring(2,12),e.src+=\"#?secret=\"+t,e.setAttribute(\"data-secret\",t)),e.contentWindow.postMessage({message:\"ready\",secret:t},\"*\")},!1)))}(window,document);\n<\/script>\n","description":"En mann klaget til ombudet fordi han mente han var blitt hengende etter l\u00f8nnsmessig som f\u00f8lge av alder. Han var 58 \u00e5r og mente \u00e5 kunne p\u00e5vise at hans l\u00f8nnsutvikling hadde v\u00e6rt d\u00e5rligere enn andre i tilsvarende stillingskategori i en periode. Ombudet fant ikke omstendigheter som ga grunn til \u00e5 tro at det var tale om aldersdiskriminering."}

Spørsmål om aldersdiskriminering ved lønnsfastsettelse - Arkiv

<blockquote class="wp-embedded-content" data-secret="JvjKneT47C"><a href="https://ldo.no/arkiv/klagesaker/2007-sporsmal-om-aldersdiskriminering-ved-lonnsfastsettelse/">Spørsmål om aldersdiskriminering ved lønnsfastsettelse</a></blockquote><iframe sandbox="allow-scripts" security="restricted" src="https://ldo.no/arkiv/klagesaker/2007-sporsmal-om-aldersdiskriminering-ved-lonnsfastsettelse/embed/#?secret=JvjKneT47C" width="600" height="338" title="&laquo;Spørsmål om aldersdiskriminering ved lønnsfastsettelse&raquo; &#8212; Arkiv" data-secret="JvjKneT47C" frameborder="0" marginwidth="0" marginheight="0" scrolling="no" class="wp-embedded-content"></iframe><script>
/*! This file is auto-generated */
!function(d,l){"use strict";l.querySelector&&d.addEventListener&&"undefined"!=typeof URL&&(d.wp=d.wp||{},d.wp.receiveEmbedMessage||(d.wp.receiveEmbedMessage=function(e){var t=e.data;if((t||t.secret||t.message||t.value)&&!/[^a-zA-Z0-9]/.test(t.secret)){for(var s,r,n,a=l.querySelectorAll('iframe[data-secret="'+t.secret+'"]'),o=l.querySelectorAll('blockquote[data-secret="'+t.secret+'"]'),c=new RegExp("^https?:$","i"),i=0;i<o.length;i++)o[i].style.display="none";for(i=0;i<a.length;i++)s=a[i],e.source===s.contentWindow&&(s.removeAttribute("style"),"height"===t.message?(1e3<(r=parseInt(t.value,10))?r=1e3:~~r<200&&(r=200),s.height=r):"link"===t.message&&(r=new URL(s.getAttribute("src")),n=new URL(t.value),c.test(n.protocol))&&n.host===r.host&&l.activeElement===s&&(d.top.location.href=t.value))}},d.addEventListener("message",d.wp.receiveEmbedMessage,!1),l.addEventListener("DOMContentLoaded",function(){for(var e,t,s=l.querySelectorAll("iframe.wp-embedded-content"),r=0;r<s.length;r++)(t=(e=s[r]).getAttribute("data-secret"))||(t=Math.random().toString(36).substring(2,12),e.src+="#?secret="+t,e.setAttribute("data-secret",t)),e.contentWindow.postMessage({message:"ready",secret:t},"*")},!1)))}(window,document);
</script>

En mann klaget til ombudet fordi han mente han var blitt hengende etter lønnsmessig som følge av alder. Han var 58 år og mente å kunne påvise at hans lønnsutvikling hadde vært dårligere enn andre i tilsvarende stillingskategori i en periode. Ombudet fant ikke omstendigheter som ga grunn til å tro at det var tale om aldersdiskriminering.
