{"version":"1.0","provider_name":"Arkiv","provider_url":"https:\/\/ldo.no\/arkiv","author_name":"dekode","author_url":"https:\/\/ldo.no\/arkiv\/author\/dekode\/","title":"12\/1564: En person ble utsatt for diskriminering da hun sammen med barn i rullestol, reiste med offentlig transportmiddel - Arkiv","type":"rich","width":600,"height":338,"html":"<blockquote class=\"wp-embedded-content\" data-secret=\"jkf5UzrWA9\"><a href=\"https:\/\/ldo.no\/arkiv\/klagesaker\/2013-121564-1\/\">12\/1564: En person ble utsatt for diskriminering da hun sammen med barn i rullestol, reiste med offentlig transportmiddel<\/a><\/blockquote><iframe sandbox=\"allow-scripts\" security=\"restricted\" src=\"https:\/\/ldo.no\/arkiv\/klagesaker\/2013-121564-1\/embed\/#?secret=jkf5UzrWA9\" width=\"600\" height=\"338\" title=\"&laquo;12\/1564: En person ble utsatt for diskriminering da hun sammen med barn i rullestol, reiste med offentlig transportmiddel&raquo; &#8212; Arkiv\" data-secret=\"jkf5UzrWA9\" frameborder=\"0\" marginwidth=\"0\" marginheight=\"0\" scrolling=\"no\" class=\"wp-embedded-content\"><\/iframe><script>\n\/*! This file is auto-generated *\/\n!function(d,l){\"use strict\";l.querySelector&&d.addEventListener&&\"undefined\"!=typeof URL&&(d.wp=d.wp||{},d.wp.receiveEmbedMessage||(d.wp.receiveEmbedMessage=function(e){var t=e.data;if((t||t.secret||t.message||t.value)&&!\/[^a-zA-Z0-9]\/.test(t.secret)){for(var s,r,n,a=l.querySelectorAll('iframe[data-secret=\"'+t.secret+'\"]'),o=l.querySelectorAll('blockquote[data-secret=\"'+t.secret+'\"]'),c=new RegExp(\"^https?:$\",\"i\"),i=0;i<o.length;i++)o[i].style.display=\"none\";for(i=0;i<a.length;i++)s=a[i],e.source===s.contentWindow&&(s.removeAttribute(\"style\"),\"height\"===t.message?(1e3<(r=parseInt(t.value,10))?r=1e3:~~r<200&&(r=200),s.height=r):\"link\"===t.message&&(r=new URL(s.getAttribute(\"src\")),n=new URL(t.value),c.test(n.protocol))&&n.host===r.host&&l.activeElement===s&&(d.top.location.href=t.value))}},d.addEventListener(\"message\",d.wp.receiveEmbedMessage,!1),l.addEventListener(\"DOMContentLoaded\",function(){for(var e,t,s=l.querySelectorAll(\"iframe.wp-embedded-content\"),r=0;r<s.length;r++)(t=(e=s[r]).getAttribute(\"data-secret\"))||(t=Math.random().toString(36).substring(2,12),e.src+=\"#?secret=\"+t,e.setAttribute(\"data-secret\",t)),e.contentWindow.postMessage({message:\"ready\",secret:t},\"*\")},!1)))}(window,document);\n<\/script>\n","description":"Klager hevdet at hun ble utsatt for diskriminering p\u00e5 grunn av forhold til person med nedsatt funksjonsevne da hun reiste med offentlig transportmiddel. Anf\u00f8rslene gjaldt uforsvarlig og lite hyggelig opptreden fra bussj\u00e5f\u00f8r som blant annet nektet \u00e5 senke bussen for et multihandikappet barn i rullestol."}

Klager hevdet at hun ble utsatt for diskriminering på grunn av forhold til person med nedsatt funksjonsevne da hun reiste med offentlig transportmiddel. Anførslene gjaldt uforsvarlig og lite hyggelig opptreden fra bussjåfør som blant annet nektet å senke bussen for et multihandikappet barn i rullestol.
