{"id":14251,"date":"2011-01-01T00:00:00","date_gmt":"2011-01-01T00:00:00","guid":{"rendered":"https:\/\/ldo.local\/arkiv\/klagesaker\/2011-arbeidsgiver-handlet-ikke-i-strid-med-plikten-til-individuell-tilrettelegging-av-arbeidsplass-og-arbeidsoppgaver\/"},"modified":"2011-01-01T00:00:00","modified_gmt":"2011-01-01T00:00:00","slug":"2011-arbeidsgiver-handlet-ikke-i-strid-med-plikten-til-individuell-tilrettelegging-av-arbeidsplass-og-arbeidsoppgaver","status":"publish","type":"ldo-complaint","link":"https:\/\/ldo.no\/arkiv\/klagesaker\/2011-arbeidsgiver-handlet-ikke-i-strid-med-plikten-til-individuell-tilrettelegging-av-arbeidsplass-og-arbeidsoppgaver\/","title":{"rendered":"10\/1197: Arbeidsgiver handlet ikke i strid med plikten til individuell tilrettelegging av arbeidsplass og arbeidsoppgaver(2)"},"content":{"rendered":"<article class=\"base-article inside\">\n<header>\n<div class=\"row\">\n<div class=\"col-sm-12\">\n<\/div>\n<\/div>\n<h1>\n10\/1197: Arbeidsgiver handlet ikke i strid med plikten til individuell tilrettelegging av arbeidsplass og arbeidsoppgaver<br \/>\n<\/h1>\n<\/header>\n<section>\n<section class=\"lead\">\n<p>Saken gjaldt sp\u00f8rsm\u00e5l om en arbeidsgiver handlet i strid med plikten til individuell tilrettelegging av arbeidsplass og arbeidsoppgaver overfor en arbeidstaker som fikk diagnosen bipolar lidelse. <\/p>\n<\/section>\n<section>\n<p>Ombudet var i tvil om vurderingen, og uttalte at det var en svakhet ved arbeidsgivers oppf\u00f8lging at det framstod som om virksomheten ikke hadde satt seg inn i hva diagnosen innebar. <\/p>\n<p>Ombudet la betydelig vekt p\u00e5 arbeidsgivers beslutning om \u00e5 involvere bedriftslegen og arbeidsgivers tiltro til hans faglige r\u00e5d i saken. Arbeidsgiver framhevet s\u00e6rlig at arbeidstakers sykmeldinger ikke \u00e5pnet for yrkesaktivitet, og at bedriftslegen uttalte at arbeidstaker ikke ville v\u00e6re i stand til \u00e5 gjennomf\u00f8re oppf\u00f8lgingssamtaler. Den n\u00f8dvendige forutsetningen for relevant tilrettelegging om dialog med arbeidstaker var dermed ikke til stede. <\/p>\n<p>Ombudet kom p\u00e5 denne bakgrunn til at arbeidsgiver ikke handlet i strid med plikten til tilrettelegging i tidligere \u00a7 13-5 i arbeidsmilj\u00f8loven og diskriminerings- og tilgjengelighetsloven \u00a7 12 f\u00f8rste ledd. <\/p>\n<p>Arbeidstaker brakte ombudets uttalelse inn for Likestillings- og diskrimineringsnemnda. Nemnda kom til samme resultat som ombudet. Les nemndas vedtak p\u00e5 <span>www.diskrimineringsnemnda.no<\/span>. <\/p>\n<p><strong>Saksnummer: 10\/1197<br \/>Diskrimineringsgrunnlag: nedsatt funksjonsevne<br \/>Lovanvendelse: tidligere \u00a7 13-5 i arbeidsmilj\u00f8loven og diskriminerings- og tilgjengelighetsloven \u00a7 12 f\u00f8rste ledd<br \/>Dato for ombudets uttalelse: 21. februar 2011<br \/><\/strong><\/p>\n<\/section>\n<\/section>\n<\/article>\n","protected":false},"excerpt":{"rendered":"<p>Saken gjaldt sp\u00f8rsm\u00e5l om en arbeidsgiver handlet i strid med plikten til individuell tilrettelegging av arbeidsplass og arbeidsoppgaver overfor en arbeidstaker som fikk diagnosen bipolar lidelse.<\/p>\n","protected":false},"template":"","meta":{"footnotes":""},"ldo-archive-year":[23],"class_list":["post-14251","ldo-complaint","type-ldo-complaint","status-publish","hentry","ldo-archive-year-23"],"yoast_head":"<!-- This site is optimized with the Yoast SEO plugin v22.9 - https:\/\/yoast.com\/wordpress\/plugins\/seo\/ -->\n<title>10\/1197: Arbeidsgiver handlet ikke i strid med plikten til individuell tilrettelegging av arbeidsplass og arbeidsoppgaver(2) - Arkiv<\/title>\n<meta name=\"robots\" content=\"index, follow, max-snippet:-1, max-image-preview:large, max-video-preview:-1\" \/>\n<link rel=\"canonical\" href=\"https:\/\/ldo.no\/arkiv\/klagesaker\/2011-arbeidsgiver-handlet-ikke-i-strid-med-plikten-til-individuell-tilrettelegging-av-arbeidsplass-og-arbeidsoppgaver\/\" \/>\n<meta property=\"og:locale\" content=\"nb_NO\" \/>\n<meta property=\"og:type\" content=\"article\" \/>\n<meta property=\"og:title\" content=\"10\/1197: Arbeidsgiver handlet ikke i strid med plikten til individuell tilrettelegging av arbeidsplass og arbeidsoppgaver(2) - Arkiv\" \/>\n<meta property=\"og:description\" content=\"Saken gjaldt sp\u00f8rsm\u00e5l om en arbeidsgiver handlet i strid med plikten til individuell tilrettelegging av arbeidsplass og arbeidsoppgaver overfor en arbeidstaker som fikk diagnosen bipolar lidelse.\" \/>\n<meta property=\"og:url\" content=\"https:\/\/ldo.no\/arkiv\/klagesaker\/2011-arbeidsgiver-handlet-ikke-i-strid-med-plikten-til-individuell-tilrettelegging-av-arbeidsplass-og-arbeidsoppgaver\/\" \/>\n<meta property=\"og:site_name\" content=\"Arkiv\" \/>\n<meta name=\"twitter:card\" content=\"summary_large_image\" \/>\n<meta name=\"twitter:label1\" content=\"Ansl. lesetid\" \/>\n\t<meta name=\"twitter:data1\" content=\"1 minutt\" \/>\n<script type=\"application\/ld+json\" class=\"yoast-schema-graph\">{\"@context\":\"https:\/\/schema.org\",\"@graph\":[{\"@type\":\"WebPage\",\"@id\":\"https:\/\/ldo.no\/arkiv\/klagesaker\/2011-arbeidsgiver-handlet-ikke-i-strid-med-plikten-til-individuell-tilrettelegging-av-arbeidsplass-og-arbeidsoppgaver\/\",\"url\":\"https:\/\/ldo.no\/arkiv\/klagesaker\/2011-arbeidsgiver-handlet-ikke-i-strid-med-plikten-til-individuell-tilrettelegging-av-arbeidsplass-og-arbeidsoppgaver\/\",\"name\":\"10\/1197: Arbeidsgiver handlet ikke i strid med plikten til individuell tilrettelegging av arbeidsplass og arbeidsoppgaver(2) - Arkiv\",\"isPartOf\":{\"@id\":\"https:\/\/ldo.no\/arkiv\/#website\"},\"datePublished\":\"2011-01-01T00:00:00+00:00\",\"dateModified\":\"2011-01-01T00:00:00+00:00\",\"breadcrumb\":{\"@id\":\"https:\/\/ldo.no\/arkiv\/klagesaker\/2011-arbeidsgiver-handlet-ikke-i-strid-med-plikten-til-individuell-tilrettelegging-av-arbeidsplass-og-arbeidsoppgaver\/#breadcrumb\"},\"inLanguage\":\"nb-NO\",\"potentialAction\":[{\"@type\":\"ReadAction\",\"target\":[\"https:\/\/ldo.no\/arkiv\/klagesaker\/2011-arbeidsgiver-handlet-ikke-i-strid-med-plikten-til-individuell-tilrettelegging-av-arbeidsplass-og-arbeidsoppgaver\/\"]}]},{\"@type\":\"BreadcrumbList\",\"@id\":\"https:\/\/ldo.no\/arkiv\/klagesaker\/2011-arbeidsgiver-handlet-ikke-i-strid-med-plikten-til-individuell-tilrettelegging-av-arbeidsplass-og-arbeidsoppgaver\/#breadcrumb\",\"itemListElement\":[{\"@type\":\"ListItem\",\"position\":1,\"name\":\"Arkiv\",\"item\":\"https:\/\/ldo.no\/arkiv\/\"},{\"@type\":\"ListItem\",\"position\":2,\"name\":\"Klagesaker\",\"item\":\"https:\/\/ldo.no\/arkiv\/?post-type=ldo-complaint\"},{\"@type\":\"ListItem\",\"position\":3,\"name\":\"10\/1197: Arbeidsgiver handlet ikke i strid med plikten til individuell tilrettelegging av arbeidsplass og arbeidsoppgaver(2)\"}]},{\"@type\":\"WebSite\",\"@id\":\"https:\/\/ldo.no\/arkiv\/#website\",\"url\":\"https:\/\/ldo.no\/arkiv\/\",\"name\":\"LDO Arkiv\",\"description\":\"Dette er ombudets arkiv. Her finner du klagesaker som ombudet i sin tid behandlet fra 1996 til 2017. Klagesaker utover dette finner du p\u00e5 Diskrimineringsnemndas hjemmeside. P\u00e5 disse arkivsidene finner du ogs\u00e5 eldre h\u00f8ringssvar som strekker seg fra 2023 og tilbake til 2006. Nyere h\u00f8ringssvar finner du p\u00e5 Publikasjoner, som du kan bes\u00f8ke ved \u00e5 klikke p\u00e5 menyknappen \u00f8verst i h\u00f8yre hj\u00f8rne.\",\"publisher\":{\"@id\":\"https:\/\/ldo.no\/arkiv\/#organization\"},\"potentialAction\":[{\"@type\":\"SearchAction\",\"target\":{\"@type\":\"EntryPoint\",\"urlTemplate\":\"https:\/\/ldo.no\/arkiv\/?s={search_term_string}\"},\"query-input\":\"required name=search_term_string\"}],\"inLanguage\":\"nb-NO\"},{\"@type\":\"Organization\",\"@id\":\"https:\/\/ldo.no\/arkiv\/#organization\",\"name\":\"LDO Arkiv\",\"url\":\"https:\/\/ldo.no\/arkiv\/\",\"logo\":{\"@type\":\"ImageObject\",\"inLanguage\":\"nb-NO\",\"@id\":\"https:\/\/ldo.no\/arkiv\/#\/schema\/logo\/image\/\",\"url\":\"https:\/\/ldo.no\/content\/uploads\/sites\/2\/2025\/05\/Property-1Default.svg\",\"contentUrl\":\"https:\/\/ldo.no\/content\/uploads\/sites\/2\/2025\/05\/Property-1Default.svg\",\"caption\":\"LDO Arkiv\"},\"image\":{\"@id\":\"https:\/\/ldo.no\/arkiv\/#\/schema\/logo\/image\/\"}}]}<\/script>\n<!-- \/ Yoast SEO plugin. -->","yoast_head_json":{"title":"10\/1197: Arbeidsgiver handlet ikke i strid med plikten til individuell tilrettelegging av arbeidsplass og arbeidsoppgaver(2) - Arkiv","robots":{"index":"index","follow":"follow","max-snippet":"max-snippet:-1","max-image-preview":"max-image-preview:large","max-video-preview":"max-video-preview:-1"},"canonical":"https:\/\/ldo.no\/arkiv\/klagesaker\/2011-arbeidsgiver-handlet-ikke-i-strid-med-plikten-til-individuell-tilrettelegging-av-arbeidsplass-og-arbeidsoppgaver\/","og_locale":"nb_NO","og_type":"article","og_title":"10\/1197: Arbeidsgiver handlet ikke i strid med plikten til individuell tilrettelegging av arbeidsplass og arbeidsoppgaver(2) - Arkiv","og_description":"Saken gjaldt sp\u00f8rsm\u00e5l om en arbeidsgiver handlet i strid med plikten til individuell tilrettelegging av arbeidsplass og arbeidsoppgaver overfor en arbeidstaker som fikk diagnosen bipolar lidelse.","og_url":"https:\/\/ldo.no\/arkiv\/klagesaker\/2011-arbeidsgiver-handlet-ikke-i-strid-med-plikten-til-individuell-tilrettelegging-av-arbeidsplass-og-arbeidsoppgaver\/","og_site_name":"Arkiv","twitter_card":"summary_large_image","twitter_misc":{"Ansl. lesetid":"1 minutt"},"schema":{"@context":"https:\/\/schema.org","@graph":[{"@type":"WebPage","@id":"https:\/\/ldo.no\/arkiv\/klagesaker\/2011-arbeidsgiver-handlet-ikke-i-strid-med-plikten-til-individuell-tilrettelegging-av-arbeidsplass-og-arbeidsoppgaver\/","url":"https:\/\/ldo.no\/arkiv\/klagesaker\/2011-arbeidsgiver-handlet-ikke-i-strid-med-plikten-til-individuell-tilrettelegging-av-arbeidsplass-og-arbeidsoppgaver\/","name":"10\/1197: Arbeidsgiver handlet ikke i strid med plikten til individuell tilrettelegging av arbeidsplass og arbeidsoppgaver(2) - Arkiv","isPartOf":{"@id":"https:\/\/ldo.no\/arkiv\/#website"},"datePublished":"2011-01-01T00:00:00+00:00","dateModified":"2011-01-01T00:00:00+00:00","breadcrumb":{"@id":"https:\/\/ldo.no\/arkiv\/klagesaker\/2011-arbeidsgiver-handlet-ikke-i-strid-med-plikten-til-individuell-tilrettelegging-av-arbeidsplass-og-arbeidsoppgaver\/#breadcrumb"},"inLanguage":"nb-NO","potentialAction":[{"@type":"ReadAction","target":["https:\/\/ldo.no\/arkiv\/klagesaker\/2011-arbeidsgiver-handlet-ikke-i-strid-med-plikten-til-individuell-tilrettelegging-av-arbeidsplass-og-arbeidsoppgaver\/"]}]},{"@type":"BreadcrumbList","@id":"https:\/\/ldo.no\/arkiv\/klagesaker\/2011-arbeidsgiver-handlet-ikke-i-strid-med-plikten-til-individuell-tilrettelegging-av-arbeidsplass-og-arbeidsoppgaver\/#breadcrumb","itemListElement":[{"@type":"ListItem","position":1,"name":"Arkiv","item":"https:\/\/ldo.no\/arkiv\/"},{"@type":"ListItem","position":2,"name":"Klagesaker","item":"https:\/\/ldo.no\/arkiv\/?post-type=ldo-complaint"},{"@type":"ListItem","position":3,"name":"10\/1197: Arbeidsgiver handlet ikke i strid med plikten til individuell tilrettelegging av arbeidsplass og arbeidsoppgaver(2)"}]},{"@type":"WebSite","@id":"https:\/\/ldo.no\/arkiv\/#website","url":"https:\/\/ldo.no\/arkiv\/","name":"LDO Arkiv","description":"Dette er ombudets arkiv. Her finner du klagesaker som ombudet i sin tid behandlet fra 1996 til 2017. Klagesaker utover dette finner du p\u00e5 Diskrimineringsnemndas hjemmeside. P\u00e5 disse arkivsidene finner du ogs\u00e5 eldre h\u00f8ringssvar som strekker seg fra 2023 og tilbake til 2006. Nyere h\u00f8ringssvar finner du p\u00e5 Publikasjoner, som du kan bes\u00f8ke ved \u00e5 klikke p\u00e5 menyknappen \u00f8verst i h\u00f8yre hj\u00f8rne.","publisher":{"@id":"https:\/\/ldo.no\/arkiv\/#organization"},"potentialAction":[{"@type":"SearchAction","target":{"@type":"EntryPoint","urlTemplate":"https:\/\/ldo.no\/arkiv\/?s={search_term_string}"},"query-input":"required name=search_term_string"}],"inLanguage":"nb-NO"},{"@type":"Organization","@id":"https:\/\/ldo.no\/arkiv\/#organization","name":"LDO Arkiv","url":"https:\/\/ldo.no\/arkiv\/","logo":{"@type":"ImageObject","inLanguage":"nb-NO","@id":"https:\/\/ldo.no\/arkiv\/#\/schema\/logo\/image\/","url":"https:\/\/ldo.no\/content\/uploads\/sites\/2\/2025\/05\/Property-1Default.svg","contentUrl":"https:\/\/ldo.no\/content\/uploads\/sites\/2\/2025\/05\/Property-1Default.svg","caption":"LDO Arkiv"},"image":{"@id":"https:\/\/ldo.no\/arkiv\/#\/schema\/logo\/image\/"}}]}},"_links":{"self":[{"href":"https:\/\/ldo.no\/arkiv\/wp-json\/wp\/v2\/ldo-complaint\/14251"}],"collection":[{"href":"https:\/\/ldo.no\/arkiv\/wp-json\/wp\/v2\/ldo-complaint"}],"about":[{"href":"https:\/\/ldo.no\/arkiv\/wp-json\/wp\/v2\/types\/ldo-complaint"}],"version-history":[{"count":0,"href":"https:\/\/ldo.no\/arkiv\/wp-json\/wp\/v2\/ldo-complaint\/14251\/revisions"}],"wp:attachment":[{"href":"https:\/\/ldo.no\/arkiv\/wp-json\/wp\/v2\/media?parent=14251"}],"wp:term":[{"taxonomy":"ldo-archive-year","embeddable":true,"href":"https:\/\/ldo.no\/arkiv\/wp-json\/wp\/v2\/ldo-archive-year?post=14251"}],"curies":[{"name":"wp","href":"https:\/\/api.w.org\/{rel}","templated":true}]}}

<article class="base-article inside">
<header>
<div class="row">
<div class="col-sm-12">
</div>
</div>
<h1>
10/1197: Arbeidsgiver handlet ikke i strid med plikten til individuell tilrettelegging av arbeidsplass og arbeidsoppgaver<br />
</h1>
</header>
<section>
<section class="lead">
<p>Saken gjaldt spørsmål om en arbeidsgiver handlet i strid med plikten til individuell tilrettelegging av arbeidsplass og arbeidsoppgaver overfor en arbeidstaker som fikk diagnosen bipolar lidelse. </p>
</section>
<section>
<p>Ombudet var i tvil om vurderingen, og uttalte at det var en svakhet ved arbeidsgivers oppfølging at det framstod som om virksomheten ikke hadde satt seg inn i hva diagnosen innebar. </p>
<p>Ombudet la betydelig vekt på arbeidsgivers beslutning om å involvere bedriftslegen og arbeidsgivers tiltro til hans faglige råd i saken. Arbeidsgiver framhevet særlig at arbeidstakers sykmeldinger ikke åpnet for yrkesaktivitet, og at bedriftslegen uttalte at arbeidstaker ikke ville være i stand til å gjennomføre oppfølgingssamtaler. Den nødvendige forutsetningen for relevant tilrettelegging om dialog med arbeidstaker var dermed ikke til stede. </p>
<p>Ombudet kom på denne bakgrunn til at arbeidsgiver ikke handlet i strid med plikten til tilrettelegging i tidligere § 13-5 i arbeidsmiljøloven og diskriminerings- og tilgjengelighetsloven § 12 første ledd. </p>
<p>Arbeidstaker brakte ombudets uttalelse inn for Likestillings- og diskrimineringsnemnda. Nemnda kom til samme resultat som ombudet. Les nemndas vedtak på <span>www.diskrimineringsnemnda.no</span>. </p>
<p><strong>Saksnummer: 10/1197<br />Diskrimineringsgrunnlag: nedsatt funksjonsevne<br />Lovanvendelse: tidligere § 13-5 i arbeidsmiljøloven og diskriminerings- og tilgjengelighetsloven § 12 første ledd<br />Dato for ombudets uttalelse: 21. februar 2011<br /></strong></p>
</section>
</section>
</article>

<p>Saken gjaldt spørsmål om en arbeidsgiver handlet i strid med plikten til individuell tilrettelegging av arbeidsplass og arbeidsoppgaver overfor en arbeidstaker som fikk diagnosen bipolar lidelse.</p>

<!-- This site is optimized with the Yoast SEO plugin v22.9 - https://yoast.com/wordpress/plugins/seo/ -->
<title>10/1197: Arbeidsgiver handlet ikke i strid med plikten til individuell tilrettelegging av arbeidsplass og arbeidsoppgaver(2) - Arkiv</title>
<meta name="robots" content="index, follow, max-snippet:-1, max-image-preview:large, max-video-preview:-1" />
<link rel="canonical" href="https://ldo.no/arkiv/klagesaker/2011-arbeidsgiver-handlet-ikke-i-strid-med-plikten-til-individuell-tilrettelegging-av-arbeidsplass-og-arbeidsoppgaver/" />
<meta property="og:locale" content="nb_NO" />
<meta property="og:type" content="article" />
<meta property="og:title" content="10/1197: Arbeidsgiver handlet ikke i strid med plikten til individuell tilrettelegging av arbeidsplass og arbeidsoppgaver(2) - Arkiv" />
<meta property="og:description" content="Saken gjaldt spørsmål om en arbeidsgiver handlet i strid med plikten til individuell tilrettelegging av arbeidsplass og arbeidsoppgaver overfor en arbeidstaker som fikk diagnosen bipolar lidelse." />
<meta property="og:url" content="https://ldo.no/arkiv/klagesaker/2011-arbeidsgiver-handlet-ikke-i-strid-med-plikten-til-individuell-tilrettelegging-av-arbeidsplass-og-arbeidsoppgaver/" />
<meta property="og:site_name" content="Arkiv" />
<meta name="twitter:card" content="summary_large_image" />
<meta name="twitter:label1" content="Ansl. lesetid" />
	<meta name="twitter:data1" content="1 minutt" />
<script type="application/ld+json" class="yoast-schema-graph">{"@context":"https://schema.org","@graph":[{"@type":"WebPage","@id":"https://ldo.no/arkiv/klagesaker/2011-arbeidsgiver-handlet-ikke-i-strid-med-plikten-til-individuell-tilrettelegging-av-arbeidsplass-og-arbeidsoppgaver/","url":"https://ldo.no/arkiv/klagesaker/2011-arbeidsgiver-handlet-ikke-i-strid-med-plikten-til-individuell-tilrettelegging-av-arbeidsplass-og-arbeidsoppgaver/","name":"10/1197: Arbeidsgiver handlet ikke i strid med plikten til individuell tilrettelegging av arbeidsplass og arbeidsoppgaver(2) - Arkiv","isPartOf":{"@id":"https://ldo.no/arkiv/#website"},"datePublished":"2011-01-01T00:00:00+00:00","dateModified":"2011-01-01T00:00:00+00:00","breadcrumb":{"@id":"https://ldo.no/arkiv/klagesaker/2011-arbeidsgiver-handlet-ikke-i-strid-med-plikten-til-individuell-tilrettelegging-av-arbeidsplass-og-arbeidsoppgaver/#breadcrumb"},"inLanguage":"nb-NO","potentialAction":[{"@type":"ReadAction","target":["https://ldo.no/arkiv/klagesaker/2011-arbeidsgiver-handlet-ikke-i-strid-med-plikten-til-individuell-tilrettelegging-av-arbeidsplass-og-arbeidsoppgaver/"]}]},{"@type":"BreadcrumbList","@id":"https://ldo.no/arkiv/klagesaker/2011-arbeidsgiver-handlet-ikke-i-strid-med-plikten-til-individuell-tilrettelegging-av-arbeidsplass-og-arbeidsoppgaver/#breadcrumb","itemListElement":[{"@type":"ListItem","position":1,"name":"Arkiv","item":"https://ldo.no/arkiv/"},{"@type":"ListItem","position":2,"name":"Klagesaker","item":"https://ldo.no/arkiv/?post-type=ldo-complaint"},{"@type":"ListItem","position":3,"name":"10/1197: Arbeidsgiver handlet ikke i strid med plikten til individuell tilrettelegging av arbeidsplass og arbeidsoppgaver(2)"}]},{"@type":"WebSite","@id":"https://ldo.no/arkiv/#website","url":"https://ldo.no/arkiv/","name":"LDO Arkiv","description":"Dette er ombudets arkiv. Her finner du klagesaker som ombudet i sin tid behandlet fra 1996 til 2017. Klagesaker utover dette finner du på Diskrimineringsnemndas hjemmeside. På disse arkivsidene finner du også eldre høringssvar som strekker seg fra 2023 og tilbake til 2006. Nyere høringssvar finner du på Publikasjoner, som du kan besøke ved å klikke på menyknappen øverst i høyre hjørne.","publisher":{"@id":"https://ldo.no/arkiv/#organization"},"potentialAction":[{"@type":"SearchAction","target":{"@type":"EntryPoint","urlTemplate":"https://ldo.no/arkiv/?s={search_term_string}"},"query-input":"required name=search_term_string"}],"inLanguage":"nb-NO"},{"@type":"Organization","@id":"https://ldo.no/arkiv/#organization","name":"LDO Arkiv","url":"https://ldo.no/arkiv/","logo":{"@type":"ImageObject","inLanguage":"nb-NO","@id":"https://ldo.no/arkiv/#/schema/logo/image/","url":"https://ldo.no/content/uploads/sites/2/2025/05/Property-1Default.svg","contentUrl":"https://ldo.no/content/uploads/sites/2/2025/05/Property-1Default.svg","caption":"LDO Arkiv"},"image":{"@id":"https://ldo.no/arkiv/#/schema/logo/image/"}}]}</script>
<!-- / Yoast SEO plugin. -->

Saken gjaldt spørsmål om en arbeidsgiver handlet i strid med plikten til individuell tilrettelegging av arbeidsplass og arbeidsoppgaver overfor en arbeidstaker som fikk diagnosen bipolar lidelse.

Dette er ombudets arkiv. Her finner du klagesaker som ombudet i sin tid behandlet fra 1996 til 2017. Klagesaker utover dette finner du på Diskrimineringsnemndas hjemmeside. På disse arkivsidene finner du også eldre høringssvar som strekker seg fra 2023 og tilbake til 2006. Nyere høringssvar finner du på Publikasjoner, som du kan besøke ved å klikke på menyknappen øverst i høyre hjørne.
