{"id":14834,"date":"2010-01-01T00:00:00","date_gmt":"2010-01-01T00:00:00","guid":{"rendered":"https:\/\/ldo.local\/arkiv\/klagesaker\/2010-sak-om-krav-til-badetoy-oslobadene\/"},"modified":"2010-01-01T00:00:00","modified_gmt":"2010-01-01T00:00:00","slug":"2010-sak-om-krav-til-badetoy-oslobadene","status":"publish","type":"ldo-complaint","link":"https:\/\/ldo.no\/arkiv\/klagesaker\/2010-sak-om-krav-til-badetoy-oslobadene\/","title":{"rendered":"Sak om krav til badet\u00f8y, Oslobadene"},"content":{"rendered":"<h1>Sak om krav til badet\u00f8y, Oslobadene<\/h1>\n<article class=\"base-article inside\">\n<header>\n<div class=\"row\">\n<div class=\"col-sm-12\">\n<\/div>\n<\/div>\n<\/header>\n<section>\n<section class=\"lead\">\n<p>Saken gjaldt innf\u00f8ring av nye badet\u00f8ysregler for Oslobadene og sp\u00f8rsm\u00e5let om<br \/>reglene begrenset bruk av badet\u00f8y til \u201dvanlig norsk badedrakt\u201d.<\/p>\n<\/section>\n<section>\n<p>Prim\u00e6rmedisinsk verksted sine brukere mente at muslimske kvinner som \u00f8nsket \u00e5 dekke til kroppen mer enn det en vanlig badedrakt tillot, ble avvist etter de nye reglene.<\/p>\n<p>Oslo kommune utelukket ikke at reglene ble praktisert feil, men understreket at t\u00f8y som var tilpasset religi\u00f8se eller kulturelle behov var i tr\u00e5d med de nye reglene under forutsetning av at gjestene benyttet rent badet\u00f8y som var ment for bruk i basseng.<\/p>\n<p>Ombudet konkluderte med at partene var enige om at gjester som \u00f8nsket \u00e5 tilpasse badet\u00f8y av religi\u00f8se eller kulturelle \u00e5rsaker hadde adgang til dette og fant derfor ingen grunn til videre behandling av saken.<\/p>\n<p>Saken ble derfor henlagt.<\/p>\n<p><strong>Saksnr. 09\/942<br \/>Lovanvendelse: Diskrimineringsombudsloven \u00a7 3, femte ledd<br \/>Dato: 24.08.2010<\/strong><\/p>\n<p><span>Link til baderegler\/sikkerhetsregler<\/span>.<\/p>\n<\/section>\n<\/section>\n<\/article>\n","protected":false},"excerpt":{"rendered":"<p>Saken gjaldt innf\u00f8ring av nye badet\u00f8ysregler for Oslobadene og sp\u00f8rsm\u00e5let omreglene begrenset bruk av badet\u00f8y til \u201dvanlig norsk badedrakt\u201d.<\/p>\n","protected":false},"template":"","meta":{"footnotes":""},"ldo-archive-year":[22],"class_list":["post-14834","ldo-complaint","type-ldo-complaint","status-publish","hentry","ldo-archive-year-22"],"yoast_head":"<!-- This site is optimized with the Yoast SEO plugin v22.9 - https:\/\/yoast.com\/wordpress\/plugins\/seo\/ -->\n<title>Sak om krav til badet\u00f8y, Oslobadene - Arkiv<\/title>\n<meta name=\"robots\" content=\"index, follow, max-snippet:-1, max-image-preview:large, max-video-preview:-1\" \/>\n<link rel=\"canonical\" href=\"https:\/\/ldo.no\/arkiv\/klagesaker\/2010-sak-om-krav-til-badetoy-oslobadene\/\" \/>\n<meta property=\"og:locale\" content=\"nb_NO\" \/>\n<meta property=\"og:type\" content=\"article\" \/>\n<meta property=\"og:title\" content=\"Sak om krav til badet\u00f8y, Oslobadene - Arkiv\" \/>\n<meta property=\"og:description\" content=\"Saken gjaldt innf\u00f8ring av nye badet\u00f8ysregler for Oslobadene og sp\u00f8rsm\u00e5let omreglene begrenset bruk av badet\u00f8y til \u201dvanlig norsk badedrakt\u201d.\" \/>\n<meta property=\"og:url\" content=\"https:\/\/ldo.no\/arkiv\/klagesaker\/2010-sak-om-krav-til-badetoy-oslobadene\/\" \/>\n<meta property=\"og:site_name\" content=\"Arkiv\" \/>\n<meta name=\"twitter:card\" content=\"summary_large_image\" \/>\n<meta name=\"twitter:label1\" content=\"Ansl. lesetid\" \/>\n\t<meta name=\"twitter:data1\" content=\"1 minutt\" \/>\n<script type=\"application\/ld+json\" class=\"yoast-schema-graph\">{\"@context\":\"https:\/\/schema.org\",\"@graph\":[{\"@type\":\"WebPage\",\"@id\":\"https:\/\/ldo.no\/arkiv\/klagesaker\/2010-sak-om-krav-til-badetoy-oslobadene\/\",\"url\":\"https:\/\/ldo.no\/arkiv\/klagesaker\/2010-sak-om-krav-til-badetoy-oslobadene\/\",\"name\":\"Sak om krav til badet\u00f8y, Oslobadene - Arkiv\",\"isPartOf\":{\"@id\":\"https:\/\/ldo.no\/arkiv\/#website\"},\"datePublished\":\"2010-01-01T00:00:00+00:00\",\"dateModified\":\"2010-01-01T00:00:00+00:00\",\"breadcrumb\":{\"@id\":\"https:\/\/ldo.no\/arkiv\/klagesaker\/2010-sak-om-krav-til-badetoy-oslobadene\/#breadcrumb\"},\"inLanguage\":\"nb-NO\",\"potentialAction\":[{\"@type\":\"ReadAction\",\"target\":[\"https:\/\/ldo.no\/arkiv\/klagesaker\/2010-sak-om-krav-til-badetoy-oslobadene\/\"]}]},{\"@type\":\"BreadcrumbList\",\"@id\":\"https:\/\/ldo.no\/arkiv\/klagesaker\/2010-sak-om-krav-til-badetoy-oslobadene\/#breadcrumb\",\"itemListElement\":[{\"@type\":\"ListItem\",\"position\":1,\"name\":\"Arkiv\",\"item\":\"https:\/\/ldo.no\/arkiv\/\"},{\"@type\":\"ListItem\",\"position\":2,\"name\":\"Klagesaker\",\"item\":\"https:\/\/ldo.no\/arkiv\/?post-type=ldo-complaint\"},{\"@type\":\"ListItem\",\"position\":3,\"name\":\"Sak om krav til badet\u00f8y, Oslobadene\"}]},{\"@type\":\"WebSite\",\"@id\":\"https:\/\/ldo.no\/arkiv\/#website\",\"url\":\"https:\/\/ldo.no\/arkiv\/\",\"name\":\"LDO Arkiv\",\"description\":\"Dette er ombudets arkiv. Her finner du klagesaker som ombudet i sin tid behandlet fra 1996 til 2017. Klagesaker utover dette finner du p\u00e5 Diskrimineringsnemndas hjemmeside. P\u00e5 disse arkivsidene finner du ogs\u00e5 eldre h\u00f8ringssvar som strekker seg fra 2023 og tilbake til 2006. Nyere h\u00f8ringssvar finner du p\u00e5 Publikasjoner, som du kan bes\u00f8ke ved \u00e5 klikke p\u00e5 menyknappen \u00f8verst i h\u00f8yre hj\u00f8rne.\",\"publisher\":{\"@id\":\"https:\/\/ldo.no\/arkiv\/#organization\"},\"potentialAction\":[{\"@type\":\"SearchAction\",\"target\":{\"@type\":\"EntryPoint\",\"urlTemplate\":\"https:\/\/ldo.no\/arkiv\/?s={search_term_string}\"},\"query-input\":\"required name=search_term_string\"}],\"inLanguage\":\"nb-NO\"},{\"@type\":\"Organization\",\"@id\":\"https:\/\/ldo.no\/arkiv\/#organization\",\"name\":\"LDO Arkiv\",\"url\":\"https:\/\/ldo.no\/arkiv\/\",\"logo\":{\"@type\":\"ImageObject\",\"inLanguage\":\"nb-NO\",\"@id\":\"https:\/\/ldo.no\/arkiv\/#\/schema\/logo\/image\/\",\"url\":\"https:\/\/ldo.no\/content\/uploads\/sites\/2\/2025\/05\/Property-1Default.svg\",\"contentUrl\":\"https:\/\/ldo.no\/content\/uploads\/sites\/2\/2025\/05\/Property-1Default.svg\",\"caption\":\"LDO Arkiv\"},\"image\":{\"@id\":\"https:\/\/ldo.no\/arkiv\/#\/schema\/logo\/image\/\"}}]}<\/script>\n<!-- \/ Yoast SEO plugin. -->","yoast_head_json":{"title":"Sak om krav til badet\u00f8y, Oslobadene - Arkiv","robots":{"index":"index","follow":"follow","max-snippet":"max-snippet:-1","max-image-preview":"max-image-preview:large","max-video-preview":"max-video-preview:-1"},"canonical":"https:\/\/ldo.no\/arkiv\/klagesaker\/2010-sak-om-krav-til-badetoy-oslobadene\/","og_locale":"nb_NO","og_type":"article","og_title":"Sak om krav til badet\u00f8y, Oslobadene - Arkiv","og_description":"Saken gjaldt innf\u00f8ring av nye badet\u00f8ysregler for Oslobadene og sp\u00f8rsm\u00e5let omreglene begrenset bruk av badet\u00f8y til \u201dvanlig norsk badedrakt\u201d.","og_url":"https:\/\/ldo.no\/arkiv\/klagesaker\/2010-sak-om-krav-til-badetoy-oslobadene\/","og_site_name":"Arkiv","twitter_card":"summary_large_image","twitter_misc":{"Ansl. lesetid":"1 minutt"},"schema":{"@context":"https:\/\/schema.org","@graph":[{"@type":"WebPage","@id":"https:\/\/ldo.no\/arkiv\/klagesaker\/2010-sak-om-krav-til-badetoy-oslobadene\/","url":"https:\/\/ldo.no\/arkiv\/klagesaker\/2010-sak-om-krav-til-badetoy-oslobadene\/","name":"Sak om krav til badet\u00f8y, Oslobadene - Arkiv","isPartOf":{"@id":"https:\/\/ldo.no\/arkiv\/#website"},"datePublished":"2010-01-01T00:00:00+00:00","dateModified":"2010-01-01T00:00:00+00:00","breadcrumb":{"@id":"https:\/\/ldo.no\/arkiv\/klagesaker\/2010-sak-om-krav-til-badetoy-oslobadene\/#breadcrumb"},"inLanguage":"nb-NO","potentialAction":[{"@type":"ReadAction","target":["https:\/\/ldo.no\/arkiv\/klagesaker\/2010-sak-om-krav-til-badetoy-oslobadene\/"]}]},{"@type":"BreadcrumbList","@id":"https:\/\/ldo.no\/arkiv\/klagesaker\/2010-sak-om-krav-til-badetoy-oslobadene\/#breadcrumb","itemListElement":[{"@type":"ListItem","position":1,"name":"Arkiv","item":"https:\/\/ldo.no\/arkiv\/"},{"@type":"ListItem","position":2,"name":"Klagesaker","item":"https:\/\/ldo.no\/arkiv\/?post-type=ldo-complaint"},{"@type":"ListItem","position":3,"name":"Sak om krav til badet\u00f8y, Oslobadene"}]},{"@type":"WebSite","@id":"https:\/\/ldo.no\/arkiv\/#website","url":"https:\/\/ldo.no\/arkiv\/","name":"LDO Arkiv","description":"Dette er ombudets arkiv. Her finner du klagesaker som ombudet i sin tid behandlet fra 1996 til 2017. Klagesaker utover dette finner du p\u00e5 Diskrimineringsnemndas hjemmeside. P\u00e5 disse arkivsidene finner du ogs\u00e5 eldre h\u00f8ringssvar som strekker seg fra 2023 og tilbake til 2006. Nyere h\u00f8ringssvar finner du p\u00e5 Publikasjoner, som du kan bes\u00f8ke ved \u00e5 klikke p\u00e5 menyknappen \u00f8verst i h\u00f8yre hj\u00f8rne.","publisher":{"@id":"https:\/\/ldo.no\/arkiv\/#organization"},"potentialAction":[{"@type":"SearchAction","target":{"@type":"EntryPoint","urlTemplate":"https:\/\/ldo.no\/arkiv\/?s={search_term_string}"},"query-input":"required name=search_term_string"}],"inLanguage":"nb-NO"},{"@type":"Organization","@id":"https:\/\/ldo.no\/arkiv\/#organization","name":"LDO Arkiv","url":"https:\/\/ldo.no\/arkiv\/","logo":{"@type":"ImageObject","inLanguage":"nb-NO","@id":"https:\/\/ldo.no\/arkiv\/#\/schema\/logo\/image\/","url":"https:\/\/ldo.no\/content\/uploads\/sites\/2\/2025\/05\/Property-1Default.svg","contentUrl":"https:\/\/ldo.no\/content\/uploads\/sites\/2\/2025\/05\/Property-1Default.svg","caption":"LDO Arkiv"},"image":{"@id":"https:\/\/ldo.no\/arkiv\/#\/schema\/logo\/image\/"}}]}},"_links":{"self":[{"href":"https:\/\/ldo.no\/arkiv\/wp-json\/wp\/v2\/ldo-complaint\/14834"}],"collection":[{"href":"https:\/\/ldo.no\/arkiv\/wp-json\/wp\/v2\/ldo-complaint"}],"about":[{"href":"https:\/\/ldo.no\/arkiv\/wp-json\/wp\/v2\/types\/ldo-complaint"}],"version-history":[{"count":0,"href":"https:\/\/ldo.no\/arkiv\/wp-json\/wp\/v2\/ldo-complaint\/14834\/revisions"}],"wp:attachment":[{"href":"https:\/\/ldo.no\/arkiv\/wp-json\/wp\/v2\/media?parent=14834"}],"wp:term":[{"taxonomy":"ldo-archive-year","embeddable":true,"href":"https:\/\/ldo.no\/arkiv\/wp-json\/wp\/v2\/ldo-archive-year?post=14834"}],"curies":[{"name":"wp","href":"https:\/\/api.w.org\/{rel}","templated":true}]}}

Sak om krav til badetøy, Oslobadene

<h1>Sak om krav til badetøy, Oslobadene</h1>
<article class="base-article inside">
<header>
<div class="row">
<div class="col-sm-12">
</div>
</div>
</header>
<section>
<section class="lead">
<p>Saken gjaldt innføring av nye badetøysregler for Oslobadene og spørsmålet om<br />reglene begrenset bruk av badetøy til ”vanlig norsk badedrakt”.</p>
</section>
<section>
<p>Primærmedisinsk verksted sine brukere mente at muslimske kvinner som ønsket å dekke til kroppen mer enn det en vanlig badedrakt tillot, ble avvist etter de nye reglene.</p>
<p>Oslo kommune utelukket ikke at reglene ble praktisert feil, men understreket at tøy som var tilpasset religiøse eller kulturelle behov var i tråd med de nye reglene under forutsetning av at gjestene benyttet rent badetøy som var ment for bruk i basseng.</p>
<p>Ombudet konkluderte med at partene var enige om at gjester som ønsket å tilpasse badetøy av religiøse eller kulturelle årsaker hadde adgang til dette og fant derfor ingen grunn til videre behandling av saken.</p>
<p>Saken ble derfor henlagt.</p>
<p><strong>Saksnr. 09/942<br />Lovanvendelse: Diskrimineringsombudsloven § 3, femte ledd<br />Dato: 24.08.2010</strong></p>
<p><span>Link til baderegler/sikkerhetsregler</span>.</p>
</section>
</section>
</article>

<p>Saken gjaldt innføring av nye badetøysregler for Oslobadene og spørsmålet omreglene begrenset bruk av badetøy til ”vanlig norsk badedrakt”.</p>

<!-- This site is optimized with the Yoast SEO plugin v22.9 - https://yoast.com/wordpress/plugins/seo/ -->
<title>Sak om krav til badetøy, Oslobadene - Arkiv</title>
<meta name="robots" content="index, follow, max-snippet:-1, max-image-preview:large, max-video-preview:-1" />
<link rel="canonical" href="https://ldo.no/arkiv/klagesaker/2010-sak-om-krav-til-badetoy-oslobadene/" />
<meta property="og:locale" content="nb_NO" />
<meta property="og:type" content="article" />
<meta property="og:title" content="Sak om krav til badetøy, Oslobadene - Arkiv" />
<meta property="og:description" content="Saken gjaldt innføring av nye badetøysregler for Oslobadene og spørsmålet omreglene begrenset bruk av badetøy til ”vanlig norsk badedrakt”." />
<meta property="og:url" content="https://ldo.no/arkiv/klagesaker/2010-sak-om-krav-til-badetoy-oslobadene/" />
<meta property="og:site_name" content="Arkiv" />
<meta name="twitter:card" content="summary_large_image" />
<meta name="twitter:label1" content="Ansl. lesetid" />
	<meta name="twitter:data1" content="1 minutt" />
<script type="application/ld+json" class="yoast-schema-graph">{"@context":"https://schema.org","@graph":[{"@type":"WebPage","@id":"https://ldo.no/arkiv/klagesaker/2010-sak-om-krav-til-badetoy-oslobadene/","url":"https://ldo.no/arkiv/klagesaker/2010-sak-om-krav-til-badetoy-oslobadene/","name":"Sak om krav til badetøy, Oslobadene - Arkiv","isPartOf":{"@id":"https://ldo.no/arkiv/#website"},"datePublished":"2010-01-01T00:00:00+00:00","dateModified":"2010-01-01T00:00:00+00:00","breadcrumb":{"@id":"https://ldo.no/arkiv/klagesaker/2010-sak-om-krav-til-badetoy-oslobadene/#breadcrumb"},"inLanguage":"nb-NO","potentialAction":[{"@type":"ReadAction","target":["https://ldo.no/arkiv/klagesaker/2010-sak-om-krav-til-badetoy-oslobadene/"]}]},{"@type":"BreadcrumbList","@id":"https://ldo.no/arkiv/klagesaker/2010-sak-om-krav-til-badetoy-oslobadene/#breadcrumb","itemListElement":[{"@type":"ListItem","position":1,"name":"Arkiv","item":"https://ldo.no/arkiv/"},{"@type":"ListItem","position":2,"name":"Klagesaker","item":"https://ldo.no/arkiv/?post-type=ldo-complaint"},{"@type":"ListItem","position":3,"name":"Sak om krav til badetøy, Oslobadene"}]},{"@type":"WebSite","@id":"https://ldo.no/arkiv/#website","url":"https://ldo.no/arkiv/","name":"LDO Arkiv","description":"Dette er ombudets arkiv. Her finner du klagesaker som ombudet i sin tid behandlet fra 1996 til 2017. Klagesaker utover dette finner du på Diskrimineringsnemndas hjemmeside. På disse arkivsidene finner du også eldre høringssvar som strekker seg fra 2023 og tilbake til 2006. Nyere høringssvar finner du på Publikasjoner, som du kan besøke ved å klikke på menyknappen øverst i høyre hjørne.","publisher":{"@id":"https://ldo.no/arkiv/#organization"},"potentialAction":[{"@type":"SearchAction","target":{"@type":"EntryPoint","urlTemplate":"https://ldo.no/arkiv/?s={search_term_string}"},"query-input":"required name=search_term_string"}],"inLanguage":"nb-NO"},{"@type":"Organization","@id":"https://ldo.no/arkiv/#organization","name":"LDO Arkiv","url":"https://ldo.no/arkiv/","logo":{"@type":"ImageObject","inLanguage":"nb-NO","@id":"https://ldo.no/arkiv/#/schema/logo/image/","url":"https://ldo.no/content/uploads/sites/2/2025/05/Property-1Default.svg","contentUrl":"https://ldo.no/content/uploads/sites/2/2025/05/Property-1Default.svg","caption":"LDO Arkiv"},"image":{"@id":"https://ldo.no/arkiv/#/schema/logo/image/"}}]}</script>
<!-- / Yoast SEO plugin. -->

Sak om krav til badetøy, Oslobadene - Arkiv

Saken gjaldt innføring av nye badetøysregler for Oslobadene og spørsmålet omreglene begrenset bruk av badetøy til ”vanlig norsk badedrakt”.

Dette er ombudets arkiv. Her finner du klagesaker som ombudet i sin tid behandlet fra 1996 til 2017. Klagesaker utover dette finner du på Diskrimineringsnemndas hjemmeside. På disse arkivsidene finner du også eldre høringssvar som strekker seg fra 2023 og tilbake til 2006. Nyere høringssvar finner du på Publikasjoner, som du kan besøke ved å klikke på menyknappen øverst i høyre hjørne.
