{"id":14999,"date":"2000-01-01T00:00:00","date_gmt":"2000-01-01T00:00:00","guid":{"rendered":"https:\/\/ldo.local\/arkiv\/klagesaker\/2000-fikk-ikke-jobben-fordi-hun-ammet\/"},"modified":"2000-01-01T00:00:00","modified_gmt":"2000-01-01T00:00:00","slug":"2000-fikk-ikke-jobben-fordi-hun-ammet","status":"publish","type":"ldo-complaint","link":"https:\/\/ldo.no\/arkiv\/klagesaker\/2000-fikk-ikke-jobben-fordi-hun-ammet\/","title":{"rendered":"Fikk ikke jobben fordi hun ammet"},"content":{"rendered":"<h1>Fikk ikke jobben fordi hun ammet<\/h1>\n<article class=\"base-article inside\">\n<header>\n<div class=\"row\">\n<div class=\"col-sm-12\">\n<\/div>\n<\/div>\n<\/header>\n<section>\n<section class=\"lead\">\n<p>En kvinne klaget til Likestillingsombudet fordi hun ikke ble ansatt i et vikariat ved en voksenoppl\u00e6ringsinstitusjon. If\u00f8lge kvinnen var \u00e5rsaken til at hun ikke fikk stillingen at hun ammet sin s\u00f8nn, og stilte krav om ammefri.<\/p>\n<\/section>\n<section>\n<p>Arbeidsgiver mente det forel\u00e5 saklige grunner for ikke \u00e5 ansette kvinnen. For det f\u00f8rste var vikariatet kortvarig, for det andre ville ammepermisjonen utgj\u00f8re 1\/3 av arbeidstiden og til sist manglet kvinnen kvalifikasjoner for fast ansettelse.<\/p>\n<p>Ombudet mente det var sannsynliggjort at det var blitt lagt vekt p\u00e5 ammingen ved ansettelsen. Hun viste til at kvinnen hadde arbeidet ved skolen i nesten ti \u00e5r, bare avbrutt av studier. Det tydet p\u00e5 at institusjonen mente hun var kvalifisert for en midlertidig stilling.<br \/>For kvinnen fikk avslaget store konsekvenser. Hun hadde planlagt \u00e5 arbeide fram til sommeren for s\u00e5 \u00e5 videreutdanne seg slik at hun kvalifiserte for fast jobb. Familiens \u00f8konomi var avhengig av kvinnens inntekt. Likestillingsombudet kunne ikke se at arbeidsgiver hadde like store omkostninger med \u00e5 ansette henne. Riktignok ville ansettelsen kreve ansettelse av ytterligere en vikar, med mulige negative konsekvenser for elevene. P\u00e5 den annen side hadde kvinnen lang erfaring ved skolen, og elevene var fra f\u00f8r av vant til \u00e5 forholde seg til skiftende vikarer. <\/p>\n<p>Arbeidsgiver klaget avgj\u00f8relsen inn for Klagenemnda. Nemnda kom til samme resultat som Likestillingsombudet. I sin avgj\u00f8relse p\u00e5pekte Nemnda at det var snakk om et relativt kort vikariat og at det i slike tilfeller kan legges vekt p\u00e5 kj\u00f8nnsrelaterte forhold knyttet til svangerskap og f\u00f8dsel. Det betyr imidlertid ikke at det alltid vil v\u00e6re lovlig \u00e5 legge vekt p\u00e5 svangerskaps- og f\u00f8dselsrelaterte forhold til ugunst for s\u00f8keren. I hvert enkelt tilfelle m\u00e5 det gj\u00f8res en konkret avveining. Nemnda la vekt p\u00e5 at kvinnen hadde v\u00e6rt ansatt i midlertidige stillinger i en \u00e5rrekke, og at hun ogs\u00e5 var \u00f8nsket tilbake dersom hun kunne fylle undervisningsbehovet fullt ut. Videre p\u00e5pekte Nemnda at det var lagt fram en praktisk l\u00f8sning som innebar at undervisningsplikten ble dekket. Nemnda kunne heller ikke se at arbeidsgiver ble p\u00e5laget urimelige ulemper ved eventuell ekstra vikar, og viste til at vikarbruk var utbredt ved undervisningsinstitusjonen. <\/p>\n<p>Nemnda konkluderte med at de samlede ulemper for arbeidsgiver var begrensede, mens for kvinnen, som var i en s\u00e5rbar situasjon, hadde avgj\u00f8relsen klart negative konsekvenser, b\u00e5de fordi hun rent faktisk ikke fikk vikariatet og fordi hun f\u00f8lte seg diskriminert.<\/p>\n<p>Saksnummer: 1999\/083<br \/>Emne: ansettelse, graviditet, amming<br \/>Klager: kvinne<br \/>Lovanvendelse: \u00a7 4.2, \u00a7 3.0<\/p>\n<\/section>\n<\/section>\n<\/article>\n","protected":false},"excerpt":{"rendered":"<p>En kvinne klaget til Likestillingsombudet fordi hun ikke ble ansatt i et vikariat ved en voksenoppl\u00e6ringsinstitusjon. If\u00f8lge kvinnen var \u00e5rsaken til at hun ikke fikk stillingen at hun ammet sin s\u00f8nn, og stilte krav om ammefri.<\/p>\n","protected":false},"template":"","meta":{"footnotes":""},"ldo-archive-year":[12],"class_list":["post-14999","ldo-complaint","type-ldo-complaint","status-publish","hentry","ldo-archive-year-12"],"yoast_head":"<!-- This site is optimized with the Yoast SEO plugin v22.9 - https:\/\/yoast.com\/wordpress\/plugins\/seo\/ -->\n<title>Fikk ikke jobben fordi hun ammet - Arkiv<\/title>\n<meta name=\"robots\" content=\"index, follow, max-snippet:-1, max-image-preview:large, max-video-preview:-1\" \/>\n<link rel=\"canonical\" href=\"https:\/\/ldo.no\/arkiv\/klagesaker\/2000-fikk-ikke-jobben-fordi-hun-ammet\/\" \/>\n<meta property=\"og:locale\" content=\"nb_NO\" \/>\n<meta property=\"og:type\" content=\"article\" \/>\n<meta property=\"og:title\" content=\"Fikk ikke jobben fordi hun ammet - Arkiv\" \/>\n<meta property=\"og:description\" content=\"En kvinne klaget til Likestillingsombudet fordi hun ikke ble ansatt i et vikariat ved en voksenoppl\u00e6ringsinstitusjon. If\u00f8lge kvinnen var \u00e5rsaken til at hun ikke fikk stillingen at hun ammet sin s\u00f8nn, og stilte krav om ammefri.\" \/>\n<meta property=\"og:url\" content=\"https:\/\/ldo.no\/arkiv\/klagesaker\/2000-fikk-ikke-jobben-fordi-hun-ammet\/\" \/>\n<meta property=\"og:site_name\" content=\"Arkiv\" \/>\n<meta name=\"twitter:card\" content=\"summary_large_image\" \/>\n<meta name=\"twitter:label1\" content=\"Ansl. lesetid\" \/>\n\t<meta name=\"twitter:data1\" content=\"2 minutter\" \/>\n<script type=\"application\/ld+json\" class=\"yoast-schema-graph\">{\"@context\":\"https:\/\/schema.org\",\"@graph\":[{\"@type\":\"WebPage\",\"@id\":\"https:\/\/ldo.no\/arkiv\/klagesaker\/2000-fikk-ikke-jobben-fordi-hun-ammet\/\",\"url\":\"https:\/\/ldo.no\/arkiv\/klagesaker\/2000-fikk-ikke-jobben-fordi-hun-ammet\/\",\"name\":\"Fikk ikke jobben fordi hun ammet - Arkiv\",\"isPartOf\":{\"@id\":\"https:\/\/ldo.no\/arkiv\/#website\"},\"datePublished\":\"2000-01-01T00:00:00+00:00\",\"dateModified\":\"2000-01-01T00:00:00+00:00\",\"breadcrumb\":{\"@id\":\"https:\/\/ldo.no\/arkiv\/klagesaker\/2000-fikk-ikke-jobben-fordi-hun-ammet\/#breadcrumb\"},\"inLanguage\":\"nb-NO\",\"potentialAction\":[{\"@type\":\"ReadAction\",\"target\":[\"https:\/\/ldo.no\/arkiv\/klagesaker\/2000-fikk-ikke-jobben-fordi-hun-ammet\/\"]}]},{\"@type\":\"BreadcrumbList\",\"@id\":\"https:\/\/ldo.no\/arkiv\/klagesaker\/2000-fikk-ikke-jobben-fordi-hun-ammet\/#breadcrumb\",\"itemListElement\":[{\"@type\":\"ListItem\",\"position\":1,\"name\":\"Arkiv\",\"item\":\"https:\/\/ldo.no\/arkiv\/\"},{\"@type\":\"ListItem\",\"position\":2,\"name\":\"Klagesaker\",\"item\":\"https:\/\/ldo.no\/arkiv\/?post-type=ldo-complaint\"},{\"@type\":\"ListItem\",\"position\":3,\"name\":\"Fikk ikke jobben fordi hun ammet\"}]},{\"@type\":\"WebSite\",\"@id\":\"https:\/\/ldo.no\/arkiv\/#website\",\"url\":\"https:\/\/ldo.no\/arkiv\/\",\"name\":\"LDO Arkiv\",\"description\":\"Dette er ombudets arkiv. Her finner du klagesaker som ombudet i sin tid behandlet fra 1996 til 2017. Klagesaker utover dette finner du p\u00e5 Diskrimineringsnemndas hjemmeside. P\u00e5 disse arkivsidene finner du ogs\u00e5 eldre h\u00f8ringssvar som strekker seg fra 2023 og tilbake til 2006. Nyere h\u00f8ringssvar finner du p\u00e5 Publikasjoner, som du kan bes\u00f8ke ved \u00e5 klikke p\u00e5 menyknappen \u00f8verst i h\u00f8yre hj\u00f8rne.\",\"publisher\":{\"@id\":\"https:\/\/ldo.no\/arkiv\/#organization\"},\"potentialAction\":[{\"@type\":\"SearchAction\",\"target\":{\"@type\":\"EntryPoint\",\"urlTemplate\":\"https:\/\/ldo.no\/arkiv\/?s={search_term_string}\"},\"query-input\":\"required name=search_term_string\"}],\"inLanguage\":\"nb-NO\"},{\"@type\":\"Organization\",\"@id\":\"https:\/\/ldo.no\/arkiv\/#organization\",\"name\":\"LDO Arkiv\",\"url\":\"https:\/\/ldo.no\/arkiv\/\",\"logo\":{\"@type\":\"ImageObject\",\"inLanguage\":\"nb-NO\",\"@id\":\"https:\/\/ldo.no\/arkiv\/#\/schema\/logo\/image\/\",\"url\":\"https:\/\/ldo.no\/content\/uploads\/sites\/2\/2025\/05\/Property-1Default.svg\",\"contentUrl\":\"https:\/\/ldo.no\/content\/uploads\/sites\/2\/2025\/05\/Property-1Default.svg\",\"caption\":\"LDO Arkiv\"},\"image\":{\"@id\":\"https:\/\/ldo.no\/arkiv\/#\/schema\/logo\/image\/\"}}]}<\/script>\n<!-- \/ Yoast SEO plugin. -->","yoast_head_json":{"title":"Fikk ikke jobben fordi hun ammet - Arkiv","robots":{"index":"index","follow":"follow","max-snippet":"max-snippet:-1","max-image-preview":"max-image-preview:large","max-video-preview":"max-video-preview:-1"},"canonical":"https:\/\/ldo.no\/arkiv\/klagesaker\/2000-fikk-ikke-jobben-fordi-hun-ammet\/","og_locale":"nb_NO","og_type":"article","og_title":"Fikk ikke jobben fordi hun ammet - Arkiv","og_description":"En kvinne klaget til Likestillingsombudet fordi hun ikke ble ansatt i et vikariat ved en voksenoppl\u00e6ringsinstitusjon. If\u00f8lge kvinnen var \u00e5rsaken til at hun ikke fikk stillingen at hun ammet sin s\u00f8nn, og stilte krav om ammefri.","og_url":"https:\/\/ldo.no\/arkiv\/klagesaker\/2000-fikk-ikke-jobben-fordi-hun-ammet\/","og_site_name":"Arkiv","twitter_card":"summary_large_image","twitter_misc":{"Ansl. lesetid":"2 minutter"},"schema":{"@context":"https:\/\/schema.org","@graph":[{"@type":"WebPage","@id":"https:\/\/ldo.no\/arkiv\/klagesaker\/2000-fikk-ikke-jobben-fordi-hun-ammet\/","url":"https:\/\/ldo.no\/arkiv\/klagesaker\/2000-fikk-ikke-jobben-fordi-hun-ammet\/","name":"Fikk ikke jobben fordi hun ammet - Arkiv","isPartOf":{"@id":"https:\/\/ldo.no\/arkiv\/#website"},"datePublished":"2000-01-01T00:00:00+00:00","dateModified":"2000-01-01T00:00:00+00:00","breadcrumb":{"@id":"https:\/\/ldo.no\/arkiv\/klagesaker\/2000-fikk-ikke-jobben-fordi-hun-ammet\/#breadcrumb"},"inLanguage":"nb-NO","potentialAction":[{"@type":"ReadAction","target":["https:\/\/ldo.no\/arkiv\/klagesaker\/2000-fikk-ikke-jobben-fordi-hun-ammet\/"]}]},{"@type":"BreadcrumbList","@id":"https:\/\/ldo.no\/arkiv\/klagesaker\/2000-fikk-ikke-jobben-fordi-hun-ammet\/#breadcrumb","itemListElement":[{"@type":"ListItem","position":1,"name":"Arkiv","item":"https:\/\/ldo.no\/arkiv\/"},{"@type":"ListItem","position":2,"name":"Klagesaker","item":"https:\/\/ldo.no\/arkiv\/?post-type=ldo-complaint"},{"@type":"ListItem","position":3,"name":"Fikk ikke jobben fordi hun ammet"}]},{"@type":"WebSite","@id":"https:\/\/ldo.no\/arkiv\/#website","url":"https:\/\/ldo.no\/arkiv\/","name":"LDO Arkiv","description":"Dette er ombudets arkiv. Her finner du klagesaker som ombudet i sin tid behandlet fra 1996 til 2017. Klagesaker utover dette finner du p\u00e5 Diskrimineringsnemndas hjemmeside. P\u00e5 disse arkivsidene finner du ogs\u00e5 eldre h\u00f8ringssvar som strekker seg fra 2023 og tilbake til 2006. Nyere h\u00f8ringssvar finner du p\u00e5 Publikasjoner, som du kan bes\u00f8ke ved \u00e5 klikke p\u00e5 menyknappen \u00f8verst i h\u00f8yre hj\u00f8rne.","publisher":{"@id":"https:\/\/ldo.no\/arkiv\/#organization"},"potentialAction":[{"@type":"SearchAction","target":{"@type":"EntryPoint","urlTemplate":"https:\/\/ldo.no\/arkiv\/?s={search_term_string}"},"query-input":"required name=search_term_string"}],"inLanguage":"nb-NO"},{"@type":"Organization","@id":"https:\/\/ldo.no\/arkiv\/#organization","name":"LDO Arkiv","url":"https:\/\/ldo.no\/arkiv\/","logo":{"@type":"ImageObject","inLanguage":"nb-NO","@id":"https:\/\/ldo.no\/arkiv\/#\/schema\/logo\/image\/","url":"https:\/\/ldo.no\/content\/uploads\/sites\/2\/2025\/05\/Property-1Default.svg","contentUrl":"https:\/\/ldo.no\/content\/uploads\/sites\/2\/2025\/05\/Property-1Default.svg","caption":"LDO Arkiv"},"image":{"@id":"https:\/\/ldo.no\/arkiv\/#\/schema\/logo\/image\/"}}]}},"_links":{"self":[{"href":"https:\/\/ldo.no\/arkiv\/wp-json\/wp\/v2\/ldo-complaint\/14999"}],"collection":[{"href":"https:\/\/ldo.no\/arkiv\/wp-json\/wp\/v2\/ldo-complaint"}],"about":[{"href":"https:\/\/ldo.no\/arkiv\/wp-json\/wp\/v2\/types\/ldo-complaint"}],"version-history":[{"count":0,"href":"https:\/\/ldo.no\/arkiv\/wp-json\/wp\/v2\/ldo-complaint\/14999\/revisions"}],"wp:attachment":[{"href":"https:\/\/ldo.no\/arkiv\/wp-json\/wp\/v2\/media?parent=14999"}],"wp:term":[{"taxonomy":"ldo-archive-year","embeddable":true,"href":"https:\/\/ldo.no\/arkiv\/wp-json\/wp\/v2\/ldo-archive-year?post=14999"}],"curies":[{"name":"wp","href":"https:\/\/api.w.org\/{rel}","templated":true}]}}

<h1>Fikk ikke jobben fordi hun ammet</h1>
<article class="base-article inside">
<header>
<div class="row">
<div class="col-sm-12">
</div>
</div>
</header>
<section>
<section class="lead">
<p>En kvinne klaget til Likestillingsombudet fordi hun ikke ble ansatt i et vikariat ved en voksenopplæringsinstitusjon. Ifølge kvinnen var årsaken til at hun ikke fikk stillingen at hun ammet sin sønn, og stilte krav om ammefri.</p>
</section>
<section>
<p>Arbeidsgiver mente det forelå saklige grunner for ikke å ansette kvinnen. For det første var vikariatet kortvarig, for det andre ville ammepermisjonen utgjøre 1/3 av arbeidstiden og til sist manglet kvinnen kvalifikasjoner for fast ansettelse.</p>
<p>Ombudet mente det var sannsynliggjort at det var blitt lagt vekt på ammingen ved ansettelsen. Hun viste til at kvinnen hadde arbeidet ved skolen i nesten ti år, bare avbrutt av studier. Det tydet på at institusjonen mente hun var kvalifisert for en midlertidig stilling.<br />For kvinnen fikk avslaget store konsekvenser. Hun hadde planlagt å arbeide fram til sommeren for så å videreutdanne seg slik at hun kvalifiserte for fast jobb. Familiens økonomi var avhengig av kvinnens inntekt. Likestillingsombudet kunne ikke se at arbeidsgiver hadde like store omkostninger med å ansette henne. Riktignok ville ansettelsen kreve ansettelse av ytterligere en vikar, med mulige negative konsekvenser for elevene. På den annen side hadde kvinnen lang erfaring ved skolen, og elevene var fra før av vant til å forholde seg til skiftende vikarer. </p>
<p>Arbeidsgiver klaget avgjørelsen inn for Klagenemnda. Nemnda kom til samme resultat som Likestillingsombudet. I sin avgjørelse påpekte Nemnda at det var snakk om et relativt kort vikariat og at det i slike tilfeller kan legges vekt på kjønnsrelaterte forhold knyttet til svangerskap og fødsel. Det betyr imidlertid ikke at det alltid vil være lovlig å legge vekt på svangerskaps- og fødselsrelaterte forhold til ugunst for søkeren. I hvert enkelt tilfelle må det gjøres en konkret avveining. Nemnda la vekt på at kvinnen hadde vært ansatt i midlertidige stillinger i en årrekke, og at hun også var ønsket tilbake dersom hun kunne fylle undervisningsbehovet fullt ut. Videre påpekte Nemnda at det var lagt fram en praktisk løsning som innebar at undervisningsplikten ble dekket. Nemnda kunne heller ikke se at arbeidsgiver ble pålaget urimelige ulemper ved eventuell ekstra vikar, og viste til at vikarbruk var utbredt ved undervisningsinstitusjonen. </p>
<p>Nemnda konkluderte med at de samlede ulemper for arbeidsgiver var begrensede, mens for kvinnen, som var i en sårbar situasjon, hadde avgjørelsen klart negative konsekvenser, både fordi hun rent faktisk ikke fikk vikariatet og fordi hun følte seg diskriminert.</p>
<p>Saksnummer: 1999/083<br />Emne: ansettelse, graviditet, amming<br />Klager: kvinne<br />Lovanvendelse: § 4.2, § 3.0</p>
</section>
</section>
</article>

<p>En kvinne klaget til Likestillingsombudet fordi hun ikke ble ansatt i et vikariat ved en voksenopplæringsinstitusjon. Ifølge kvinnen var årsaken til at hun ikke fikk stillingen at hun ammet sin sønn, og stilte krav om ammefri.</p>

<!-- This site is optimized with the Yoast SEO plugin v22.9 - https://yoast.com/wordpress/plugins/seo/ -->
<title>Fikk ikke jobben fordi hun ammet - Arkiv</title>
<meta name="robots" content="index, follow, max-snippet:-1, max-image-preview:large, max-video-preview:-1" />
<link rel="canonical" href="https://ldo.no/arkiv/klagesaker/2000-fikk-ikke-jobben-fordi-hun-ammet/" />
<meta property="og:locale" content="nb_NO" />
<meta property="og:type" content="article" />
<meta property="og:title" content="Fikk ikke jobben fordi hun ammet - Arkiv" />
<meta property="og:description" content="En kvinne klaget til Likestillingsombudet fordi hun ikke ble ansatt i et vikariat ved en voksenopplæringsinstitusjon. Ifølge kvinnen var årsaken til at hun ikke fikk stillingen at hun ammet sin sønn, og stilte krav om ammefri." />
<meta property="og:url" content="https://ldo.no/arkiv/klagesaker/2000-fikk-ikke-jobben-fordi-hun-ammet/" />
<meta property="og:site_name" content="Arkiv" />
<meta name="twitter:card" content="summary_large_image" />
<meta name="twitter:label1" content="Ansl. lesetid" />
	<meta name="twitter:data1" content="2 minutter" />
<script type="application/ld+json" class="yoast-schema-graph">{"@context":"https://schema.org","@graph":[{"@type":"WebPage","@id":"https://ldo.no/arkiv/klagesaker/2000-fikk-ikke-jobben-fordi-hun-ammet/","url":"https://ldo.no/arkiv/klagesaker/2000-fikk-ikke-jobben-fordi-hun-ammet/","name":"Fikk ikke jobben fordi hun ammet - Arkiv","isPartOf":{"@id":"https://ldo.no/arkiv/#website"},"datePublished":"2000-01-01T00:00:00+00:00","dateModified":"2000-01-01T00:00:00+00:00","breadcrumb":{"@id":"https://ldo.no/arkiv/klagesaker/2000-fikk-ikke-jobben-fordi-hun-ammet/#breadcrumb"},"inLanguage":"nb-NO","potentialAction":[{"@type":"ReadAction","target":["https://ldo.no/arkiv/klagesaker/2000-fikk-ikke-jobben-fordi-hun-ammet/"]}]},{"@type":"BreadcrumbList","@id":"https://ldo.no/arkiv/klagesaker/2000-fikk-ikke-jobben-fordi-hun-ammet/#breadcrumb","itemListElement":[{"@type":"ListItem","position":1,"name":"Arkiv","item":"https://ldo.no/arkiv/"},{"@type":"ListItem","position":2,"name":"Klagesaker","item":"https://ldo.no/arkiv/?post-type=ldo-complaint"},{"@type":"ListItem","position":3,"name":"Fikk ikke jobben fordi hun ammet"}]},{"@type":"WebSite","@id":"https://ldo.no/arkiv/#website","url":"https://ldo.no/arkiv/","name":"LDO Arkiv","description":"Dette er ombudets arkiv. Her finner du klagesaker som ombudet i sin tid behandlet fra 1996 til 2017. Klagesaker utover dette finner du på Diskrimineringsnemndas hjemmeside. På disse arkivsidene finner du også eldre høringssvar som strekker seg fra 2023 og tilbake til 2006. Nyere høringssvar finner du på Publikasjoner, som du kan besøke ved å klikke på menyknappen øverst i høyre hjørne.","publisher":{"@id":"https://ldo.no/arkiv/#organization"},"potentialAction":[{"@type":"SearchAction","target":{"@type":"EntryPoint","urlTemplate":"https://ldo.no/arkiv/?s={search_term_string}"},"query-input":"required name=search_term_string"}],"inLanguage":"nb-NO"},{"@type":"Organization","@id":"https://ldo.no/arkiv/#organization","name":"LDO Arkiv","url":"https://ldo.no/arkiv/","logo":{"@type":"ImageObject","inLanguage":"nb-NO","@id":"https://ldo.no/arkiv/#/schema/logo/image/","url":"https://ldo.no/content/uploads/sites/2/2025/05/Property-1Default.svg","contentUrl":"https://ldo.no/content/uploads/sites/2/2025/05/Property-1Default.svg","caption":"LDO Arkiv"},"image":{"@id":"https://ldo.no/arkiv/#/schema/logo/image/"}}]}</script>
<!-- / Yoast SEO plugin. -->

En kvinne klaget til Likestillingsombudet fordi hun ikke ble ansatt i et vikariat ved en voksenopplæringsinstitusjon. Ifølge kvinnen var årsaken til at hun ikke fikk stillingen at hun ammet sin sønn, og stilte krav om ammefri.

Dette er ombudets arkiv. Her finner du klagesaker som ombudet i sin tid behandlet fra 1996 til 2017. Klagesaker utover dette finner du på Diskrimineringsnemndas hjemmeside. På disse arkivsidene finner du også eldre høringssvar som strekker seg fra 2023 og tilbake til 2006. Nyere høringssvar finner du på Publikasjoner, som du kan besøke ved å klikke på menyknappen øverst i høyre hjørne.
