{"id":15547,"date":"1999-01-01T00:00:00","date_gmt":"1999-01-01T00:00:00","guid":{"rendered":"https:\/\/ldo.local\/arkiv\/klagesaker\/1999-diskriminering-av-kvinner-med-hodeplagg-2\/"},"modified":"1999-01-01T00:00:00","modified_gmt":"1999-01-01T00:00:00","slug":"1999-diskriminering-av-kvinner-med-hodeplagg-2","status":"publish","type":"ldo-complaint","link":"https:\/\/ldo.no\/arkiv\/klagesaker\/1999-diskriminering-av-kvinner-med-hodeplagg-2\/","title":{"rendered":"Diskriminering av kvinner med hodeplagg 2"},"content":{"rendered":"<h1>Diskriminering av kvinner med hodeplagg 2<\/h1>\n<article class=\"base-article inside\">\n<header>\n<div class=\"row\">\n<div class=\"col-sm-12\">\n<\/div>\n<\/div>\n<\/header>\n<section>\n<section class=\"lead\">\nGjennom media ble Ombudet kjent med at en st\u00f8rre virksomhet praktiserte uniformsregler som innebar at muslimske kvinner ble nektet \u00e5 b\u00e6re skaut i visse stillinger.<br \/>\n<\/section>\n<section>\n<p>Likestillingsombudet tok kontakt med virksomheten som bekreftet at hodeplagg ikke er tillatt for tilsatte i skranke og kassa. Virksomheten oppga ingen \u00e5rsaker til forbudet, men viste til uniformsreglementet for virksomheten. Ombudet slo fast at det ikke fantes saklige grunner til \u00e5 forby hodeplagg i stillingene, og ba virksomheten om \u00e5 endre praksis. I l\u00f8pet av saksgangen opplyste virksomheten at den ville endre reglementet. Ombudet foreslo at en mulig l\u00f8sning var \u00e5 f\u00e5 laget et hodeplagg som stod i stil med resten av uniformen.<\/p>\n<p>Saksnummer: 1999\/189<br \/>Emne: hodeplagg, kvinner, ansettelse, uniform<br \/>Klager: organisasjon<br \/>Lovanvendelse: \u00a7 3.0, \u00a7 4.2<\/p>\n<\/section>\n<\/section>\n<\/article>\n","protected":false},"excerpt":{"rendered":"<p>Gjennom media ble Ombudet kjent med at en st\u00f8rre virksomhet praktiserte uniformsregler som innebar at muslimske kvinner ble nektet \u00e5 b\u00e6re skaut i visse stillinger.<\/p>\n","protected":false},"template":"","meta":{"footnotes":""},"ldo-archive-year":[11],"class_list":["post-15547","ldo-complaint","type-ldo-complaint","status-publish","hentry","ldo-archive-year-11"],"yoast_head":"<!-- This site is optimized with the Yoast SEO plugin v22.9 - https:\/\/yoast.com\/wordpress\/plugins\/seo\/ -->\n<title>Diskriminering av kvinner med hodeplagg 2 - Arkiv<\/title>\n<meta name=\"robots\" content=\"index, follow, max-snippet:-1, max-image-preview:large, max-video-preview:-1\" \/>\n<link rel=\"canonical\" href=\"https:\/\/ldo.no\/arkiv\/klagesaker\/1999-diskriminering-av-kvinner-med-hodeplagg-2\/\" \/>\n<meta property=\"og:locale\" content=\"nb_NO\" \/>\n<meta property=\"og:type\" content=\"article\" \/>\n<meta property=\"og:title\" content=\"Diskriminering av kvinner med hodeplagg 2 - Arkiv\" \/>\n<meta property=\"og:description\" content=\"Gjennom media ble Ombudet kjent med at en st\u00f8rre virksomhet praktiserte uniformsregler som innebar at muslimske kvinner ble nektet \u00e5 b\u00e6re skaut i visse stillinger.\" \/>\n<meta property=\"og:url\" content=\"https:\/\/ldo.no\/arkiv\/klagesaker\/1999-diskriminering-av-kvinner-med-hodeplagg-2\/\" \/>\n<meta property=\"og:site_name\" content=\"Arkiv\" \/>\n<meta name=\"twitter:card\" content=\"summary_large_image\" \/>\n<meta name=\"twitter:label1\" content=\"Ansl. lesetid\" \/>\n\t<meta name=\"twitter:data1\" content=\"1 minutt\" \/>\n<script type=\"application\/ld+json\" class=\"yoast-schema-graph\">{\"@context\":\"https:\/\/schema.org\",\"@graph\":[{\"@type\":\"WebPage\",\"@id\":\"https:\/\/ldo.no\/arkiv\/klagesaker\/1999-diskriminering-av-kvinner-med-hodeplagg-2\/\",\"url\":\"https:\/\/ldo.no\/arkiv\/klagesaker\/1999-diskriminering-av-kvinner-med-hodeplagg-2\/\",\"name\":\"Diskriminering av kvinner med hodeplagg 2 - Arkiv\",\"isPartOf\":{\"@id\":\"https:\/\/ldo.no\/arkiv\/#website\"},\"datePublished\":\"1999-01-01T00:00:00+00:00\",\"dateModified\":\"1999-01-01T00:00:00+00:00\",\"breadcrumb\":{\"@id\":\"https:\/\/ldo.no\/arkiv\/klagesaker\/1999-diskriminering-av-kvinner-med-hodeplagg-2\/#breadcrumb\"},\"inLanguage\":\"nb-NO\",\"potentialAction\":[{\"@type\":\"ReadAction\",\"target\":[\"https:\/\/ldo.no\/arkiv\/klagesaker\/1999-diskriminering-av-kvinner-med-hodeplagg-2\/\"]}]},{\"@type\":\"BreadcrumbList\",\"@id\":\"https:\/\/ldo.no\/arkiv\/klagesaker\/1999-diskriminering-av-kvinner-med-hodeplagg-2\/#breadcrumb\",\"itemListElement\":[{\"@type\":\"ListItem\",\"position\":1,\"name\":\"Arkiv\",\"item\":\"https:\/\/ldo.no\/arkiv\/\"},{\"@type\":\"ListItem\",\"position\":2,\"name\":\"Klagesaker\",\"item\":\"https:\/\/ldo.no\/arkiv\/?post-type=ldo-complaint\"},{\"@type\":\"ListItem\",\"position\":3,\"name\":\"Diskriminering av kvinner med hodeplagg 2\"}]},{\"@type\":\"WebSite\",\"@id\":\"https:\/\/ldo.no\/arkiv\/#website\",\"url\":\"https:\/\/ldo.no\/arkiv\/\",\"name\":\"LDO Arkiv\",\"description\":\"Dette er ombudets arkiv. Her finner du klagesaker som ombudet i sin tid behandlet fra 1996 til 2017. Klagesaker utover dette finner du p\u00e5 Diskrimineringsnemndas hjemmeside. P\u00e5 disse arkivsidene finner du ogs\u00e5 eldre h\u00f8ringssvar som strekker seg fra 2023 og tilbake til 2006. Nyere h\u00f8ringssvar finner du p\u00e5 Publikasjoner, som du kan bes\u00f8ke ved \u00e5 klikke p\u00e5 menyknappen \u00f8verst i h\u00f8yre hj\u00f8rne.\",\"publisher\":{\"@id\":\"https:\/\/ldo.no\/arkiv\/#organization\"},\"potentialAction\":[{\"@type\":\"SearchAction\",\"target\":{\"@type\":\"EntryPoint\",\"urlTemplate\":\"https:\/\/ldo.no\/arkiv\/?s={search_term_string}\"},\"query-input\":\"required name=search_term_string\"}],\"inLanguage\":\"nb-NO\"},{\"@type\":\"Organization\",\"@id\":\"https:\/\/ldo.no\/arkiv\/#organization\",\"name\":\"LDO Arkiv\",\"url\":\"https:\/\/ldo.no\/arkiv\/\",\"logo\":{\"@type\":\"ImageObject\",\"inLanguage\":\"nb-NO\",\"@id\":\"https:\/\/ldo.no\/arkiv\/#\/schema\/logo\/image\/\",\"url\":\"https:\/\/ldo.no\/content\/uploads\/sites\/2\/2025\/05\/Property-1Default.svg\",\"contentUrl\":\"https:\/\/ldo.no\/content\/uploads\/sites\/2\/2025\/05\/Property-1Default.svg\",\"caption\":\"LDO Arkiv\"},\"image\":{\"@id\":\"https:\/\/ldo.no\/arkiv\/#\/schema\/logo\/image\/\"}}]}<\/script>\n<!-- \/ Yoast SEO plugin. -->","yoast_head_json":{"title":"Diskriminering av kvinner med hodeplagg 2 - Arkiv","robots":{"index":"index","follow":"follow","max-snippet":"max-snippet:-1","max-image-preview":"max-image-preview:large","max-video-preview":"max-video-preview:-1"},"canonical":"https:\/\/ldo.no\/arkiv\/klagesaker\/1999-diskriminering-av-kvinner-med-hodeplagg-2\/","og_locale":"nb_NO","og_type":"article","og_title":"Diskriminering av kvinner med hodeplagg 2 - Arkiv","og_description":"Gjennom media ble Ombudet kjent med at en st\u00f8rre virksomhet praktiserte uniformsregler som innebar at muslimske kvinner ble nektet \u00e5 b\u00e6re skaut i visse stillinger.","og_url":"https:\/\/ldo.no\/arkiv\/klagesaker\/1999-diskriminering-av-kvinner-med-hodeplagg-2\/","og_site_name":"Arkiv","twitter_card":"summary_large_image","twitter_misc":{"Ansl. lesetid":"1 minutt"},"schema":{"@context":"https:\/\/schema.org","@graph":[{"@type":"WebPage","@id":"https:\/\/ldo.no\/arkiv\/klagesaker\/1999-diskriminering-av-kvinner-med-hodeplagg-2\/","url":"https:\/\/ldo.no\/arkiv\/klagesaker\/1999-diskriminering-av-kvinner-med-hodeplagg-2\/","name":"Diskriminering av kvinner med hodeplagg 2 - Arkiv","isPartOf":{"@id":"https:\/\/ldo.no\/arkiv\/#website"},"datePublished":"1999-01-01T00:00:00+00:00","dateModified":"1999-01-01T00:00:00+00:00","breadcrumb":{"@id":"https:\/\/ldo.no\/arkiv\/klagesaker\/1999-diskriminering-av-kvinner-med-hodeplagg-2\/#breadcrumb"},"inLanguage":"nb-NO","potentialAction":[{"@type":"ReadAction","target":["https:\/\/ldo.no\/arkiv\/klagesaker\/1999-diskriminering-av-kvinner-med-hodeplagg-2\/"]}]},{"@type":"BreadcrumbList","@id":"https:\/\/ldo.no\/arkiv\/klagesaker\/1999-diskriminering-av-kvinner-med-hodeplagg-2\/#breadcrumb","itemListElement":[{"@type":"ListItem","position":1,"name":"Arkiv","item":"https:\/\/ldo.no\/arkiv\/"},{"@type":"ListItem","position":2,"name":"Klagesaker","item":"https:\/\/ldo.no\/arkiv\/?post-type=ldo-complaint"},{"@type":"ListItem","position":3,"name":"Diskriminering av kvinner med hodeplagg 2"}]},{"@type":"WebSite","@id":"https:\/\/ldo.no\/arkiv\/#website","url":"https:\/\/ldo.no\/arkiv\/","name":"LDO Arkiv","description":"Dette er ombudets arkiv. Her finner du klagesaker som ombudet i sin tid behandlet fra 1996 til 2017. Klagesaker utover dette finner du p\u00e5 Diskrimineringsnemndas hjemmeside. P\u00e5 disse arkivsidene finner du ogs\u00e5 eldre h\u00f8ringssvar som strekker seg fra 2023 og tilbake til 2006. Nyere h\u00f8ringssvar finner du p\u00e5 Publikasjoner, som du kan bes\u00f8ke ved \u00e5 klikke p\u00e5 menyknappen \u00f8verst i h\u00f8yre hj\u00f8rne.","publisher":{"@id":"https:\/\/ldo.no\/arkiv\/#organization"},"potentialAction":[{"@type":"SearchAction","target":{"@type":"EntryPoint","urlTemplate":"https:\/\/ldo.no\/arkiv\/?s={search_term_string}"},"query-input":"required name=search_term_string"}],"inLanguage":"nb-NO"},{"@type":"Organization","@id":"https:\/\/ldo.no\/arkiv\/#organization","name":"LDO Arkiv","url":"https:\/\/ldo.no\/arkiv\/","logo":{"@type":"ImageObject","inLanguage":"nb-NO","@id":"https:\/\/ldo.no\/arkiv\/#\/schema\/logo\/image\/","url":"https:\/\/ldo.no\/content\/uploads\/sites\/2\/2025\/05\/Property-1Default.svg","contentUrl":"https:\/\/ldo.no\/content\/uploads\/sites\/2\/2025\/05\/Property-1Default.svg","caption":"LDO Arkiv"},"image":{"@id":"https:\/\/ldo.no\/arkiv\/#\/schema\/logo\/image\/"}}]}},"_links":{"self":[{"href":"https:\/\/ldo.no\/arkiv\/wp-json\/wp\/v2\/ldo-complaint\/15547"}],"collection":[{"href":"https:\/\/ldo.no\/arkiv\/wp-json\/wp\/v2\/ldo-complaint"}],"about":[{"href":"https:\/\/ldo.no\/arkiv\/wp-json\/wp\/v2\/types\/ldo-complaint"}],"version-history":[{"count":0,"href":"https:\/\/ldo.no\/arkiv\/wp-json\/wp\/v2\/ldo-complaint\/15547\/revisions"}],"wp:attachment":[{"href":"https:\/\/ldo.no\/arkiv\/wp-json\/wp\/v2\/media?parent=15547"}],"wp:term":[{"taxonomy":"ldo-archive-year","embeddable":true,"href":"https:\/\/ldo.no\/arkiv\/wp-json\/wp\/v2\/ldo-archive-year?post=15547"}],"curies":[{"name":"wp","href":"https:\/\/api.w.org\/{rel}","templated":true}]}}

<h1>Diskriminering av kvinner med hodeplagg 2</h1>
<article class="base-article inside">
<header>
<div class="row">
<div class="col-sm-12">
</div>
</div>
</header>
<section>
<section class="lead">
Gjennom media ble Ombudet kjent med at en større virksomhet praktiserte uniformsregler som innebar at muslimske kvinner ble nektet å bære skaut i visse stillinger.<br />
</section>
<section>
<p>Likestillingsombudet tok kontakt med virksomheten som bekreftet at hodeplagg ikke er tillatt for tilsatte i skranke og kassa. Virksomheten oppga ingen årsaker til forbudet, men viste til uniformsreglementet for virksomheten. Ombudet slo fast at det ikke fantes saklige grunner til å forby hodeplagg i stillingene, og ba virksomheten om å endre praksis. I løpet av saksgangen opplyste virksomheten at den ville endre reglementet. Ombudet foreslo at en mulig løsning var å få laget et hodeplagg som stod i stil med resten av uniformen.</p>
<p>Saksnummer: 1999/189<br />Emne: hodeplagg, kvinner, ansettelse, uniform<br />Klager: organisasjon<br />Lovanvendelse: § 3.0, § 4.2</p>
</section>
</section>
</article>

<p>Gjennom media ble Ombudet kjent med at en større virksomhet praktiserte uniformsregler som innebar at muslimske kvinner ble nektet å bære skaut i visse stillinger.</p>

<!-- This site is optimized with the Yoast SEO plugin v22.9 - https://yoast.com/wordpress/plugins/seo/ -->
<title>Diskriminering av kvinner med hodeplagg 2 - Arkiv</title>
<meta name="robots" content="index, follow, max-snippet:-1, max-image-preview:large, max-video-preview:-1" />
<link rel="canonical" href="https://ldo.no/arkiv/klagesaker/1999-diskriminering-av-kvinner-med-hodeplagg-2/" />
<meta property="og:locale" content="nb_NO" />
<meta property="og:type" content="article" />
<meta property="og:title" content="Diskriminering av kvinner med hodeplagg 2 - Arkiv" />
<meta property="og:description" content="Gjennom media ble Ombudet kjent med at en større virksomhet praktiserte uniformsregler som innebar at muslimske kvinner ble nektet å bære skaut i visse stillinger." />
<meta property="og:url" content="https://ldo.no/arkiv/klagesaker/1999-diskriminering-av-kvinner-med-hodeplagg-2/" />
<meta property="og:site_name" content="Arkiv" />
<meta name="twitter:card" content="summary_large_image" />
<meta name="twitter:label1" content="Ansl. lesetid" />
	<meta name="twitter:data1" content="1 minutt" />
<script type="application/ld+json" class="yoast-schema-graph">{"@context":"https://schema.org","@graph":[{"@type":"WebPage","@id":"https://ldo.no/arkiv/klagesaker/1999-diskriminering-av-kvinner-med-hodeplagg-2/","url":"https://ldo.no/arkiv/klagesaker/1999-diskriminering-av-kvinner-med-hodeplagg-2/","name":"Diskriminering av kvinner med hodeplagg 2 - Arkiv","isPartOf":{"@id":"https://ldo.no/arkiv/#website"},"datePublished":"1999-01-01T00:00:00+00:00","dateModified":"1999-01-01T00:00:00+00:00","breadcrumb":{"@id":"https://ldo.no/arkiv/klagesaker/1999-diskriminering-av-kvinner-med-hodeplagg-2/#breadcrumb"},"inLanguage":"nb-NO","potentialAction":[{"@type":"ReadAction","target":["https://ldo.no/arkiv/klagesaker/1999-diskriminering-av-kvinner-med-hodeplagg-2/"]}]},{"@type":"BreadcrumbList","@id":"https://ldo.no/arkiv/klagesaker/1999-diskriminering-av-kvinner-med-hodeplagg-2/#breadcrumb","itemListElement":[{"@type":"ListItem","position":1,"name":"Arkiv","item":"https://ldo.no/arkiv/"},{"@type":"ListItem","position":2,"name":"Klagesaker","item":"https://ldo.no/arkiv/?post-type=ldo-complaint"},{"@type":"ListItem","position":3,"name":"Diskriminering av kvinner med hodeplagg 2"}]},{"@type":"WebSite","@id":"https://ldo.no/arkiv/#website","url":"https://ldo.no/arkiv/","name":"LDO Arkiv","description":"Dette er ombudets arkiv. Her finner du klagesaker som ombudet i sin tid behandlet fra 1996 til 2017. Klagesaker utover dette finner du på Diskrimineringsnemndas hjemmeside. På disse arkivsidene finner du også eldre høringssvar som strekker seg fra 2023 og tilbake til 2006. Nyere høringssvar finner du på Publikasjoner, som du kan besøke ved å klikke på menyknappen øverst i høyre hjørne.","publisher":{"@id":"https://ldo.no/arkiv/#organization"},"potentialAction":[{"@type":"SearchAction","target":{"@type":"EntryPoint","urlTemplate":"https://ldo.no/arkiv/?s={search_term_string}"},"query-input":"required name=search_term_string"}],"inLanguage":"nb-NO"},{"@type":"Organization","@id":"https://ldo.no/arkiv/#organization","name":"LDO Arkiv","url":"https://ldo.no/arkiv/","logo":{"@type":"ImageObject","inLanguage":"nb-NO","@id":"https://ldo.no/arkiv/#/schema/logo/image/","url":"https://ldo.no/content/uploads/sites/2/2025/05/Property-1Default.svg","contentUrl":"https://ldo.no/content/uploads/sites/2/2025/05/Property-1Default.svg","caption":"LDO Arkiv"},"image":{"@id":"https://ldo.no/arkiv/#/schema/logo/image/"}}]}</script>
<!-- / Yoast SEO plugin. -->

Gjennom media ble Ombudet kjent med at en større virksomhet praktiserte uniformsregler som innebar at muslimske kvinner ble nektet å bære skaut i visse stillinger.

Dette er ombudets arkiv. Her finner du klagesaker som ombudet i sin tid behandlet fra 1996 til 2017. Klagesaker utover dette finner du på Diskrimineringsnemndas hjemmeside. På disse arkivsidene finner du også eldre høringssvar som strekker seg fra 2023 og tilbake til 2006. Nyere høringssvar finner du på Publikasjoner, som du kan besøke ved å klikke på menyknappen øverst i høyre hjørne.
