{"id":15585,"date":"1999-01-01T00:00:00","date_gmt":"1999-01-01T00:00:00","guid":{"rendered":"https:\/\/ldo.local\/arkiv\/klagesaker\/1999-diskriminering-av-kvinner-med-hodeplagg-1\/"},"modified":"1999-01-01T00:00:00","modified_gmt":"1999-01-01T00:00:00","slug":"1999-diskriminering-av-kvinner-med-hodeplagg-1","status":"publish","type":"ldo-complaint","link":"https:\/\/ldo.no\/arkiv\/klagesaker\/1999-diskriminering-av-kvinner-med-hodeplagg-1\/","title":{"rendered":"Diskriminering av kvinner med hodeplagg"},"content":{"rendered":"<h1>Diskriminering av kvinner med hodeplagg<\/h1>\n<article class=\"base-article inside\">\n<header>\n<div class=\"row\">\n<div class=\"col-sm-12\">\n<\/div>\n<\/div>\n<\/header>\n<section>\n<section class=\"lead\">\nLikestillingsombudet mottok klage p\u00e5 en arbeidsgiver. Organisasjonen, som klaget p\u00e5 vegne av en kvinne, hevdet at hun ble nektet \u00e5 b\u00e6re hodeplagg. Kvinnen er muslimsk, og \u00f8nsket derfor \u00e5 b\u00e6re skaut. Arbeidsgiver im\u00f8tegikk p\u00e5standen om at kvinnen ikke fikk b\u00e6re hodeplagg, og mente at dette ikke var noe problem. Arbeidsgiver hadde imidlertid gitt kvinnen beskjed om \u00e5 bytte til et mindre hodeplagg av hensyn til effektiviteten. Organisasjonen var ikke enig i arbeidsgivers framstilling, og holdt p\u00e5 at kvinnen var blitt nektet \u00e5 b\u00e6re hodeplagg i arbeidstiden. Kvinnen hadde da, if\u00f8lge organisasjonen, f\u00f8lt seg tvunget til \u00e5 si opp stillingen.<br \/>\n<\/section>\n<section>\n<p>Ingen av partene kunne dokumentere sine p\u00e5stander, ord stod mot ord, og Ombudet hadde derfor ikke grunnlag for \u00e5 konkludere i saken. \u00c5 nekte muslimske kvinner \u00e5 b\u00e6re hodeplagg er en indirekte diskriminering, fordi forbudet bare rammer kvinner. Likestillingsombudet p\u00e5pekte at arbeidsgiver ikke hadde lagt fram dokumentasjon p\u00e5 at hodeplagg p\u00e5virket effektiviteten, og at p\u00e5standen s\u00e5ledes var grepet ut av l\u00f8se luften. Ombudet fant derfor at arbeidsgiver ikke hadde saklig grunn til \u00e5 be kvinnen om \u00e5 bytte hodeplagg. Anmodningen var etter Ombudets syn i strid med loven, og arbeidsgiver ble derfor bedt om \u00e5 unnlate slike anmodninger i fremtiden.<\/p>\n<p>Saksnummer: 1999\/128<br \/>Emne: hodeplagg, kvinner, ansettelse, uniform<br \/>Klager: organisasjon<br \/>Lovanvendelse: \u00a7 3.0, \u00a7 4.2<\/p>\n<\/section>\n<\/section>\n<\/article>\n","protected":false},"excerpt":{"rendered":"<p>Likestillingsombudet mottok klage p\u00e5 en arbeidsgiver. Organisasjonen, som klaget p\u00e5 vegne av en kvinne, hevdet at hun ble nektet \u00e5 b\u00e6re hodeplagg. Kvinnen er muslimsk, og \u00f8nsket derfor \u00e5 b\u00e6re skaut. Arbeidsgiver im\u00f8tegikk p\u00e5standen om at kvinnen ikke fikk b\u00e6re hodeplagg, og mente at dette ikke var noe problem. Arbeidsgiver hadde imidlertid gitt kvinnen beskjed om \u00e5 bytte til et mindre hodeplagg av hensyn til effektiviteten. Organisasjonen var ikke enig i arbeidsgivers framstilling, og holdt p\u00e5 at kvinnen var blitt nektet \u00e5 b\u00e6re hodeplagg i arbeidstiden. Kvinnen hadde da, if\u00f8lge organisasjonen, f\u00f8lt seg tvunget til \u00e5 si opp stillingen.<\/p>\n","protected":false},"template":"","meta":{"footnotes":""},"ldo-archive-year":[11],"class_list":["post-15585","ldo-complaint","type-ldo-complaint","status-publish","hentry","ldo-archive-year-11"],"yoast_head":"<!-- This site is optimized with the Yoast SEO plugin v22.9 - https:\/\/yoast.com\/wordpress\/plugins\/seo\/ -->\n<title>Diskriminering av kvinner med hodeplagg - Arkiv<\/title>\n<meta name=\"robots\" content=\"index, follow, max-snippet:-1, max-image-preview:large, max-video-preview:-1\" \/>\n<link rel=\"canonical\" href=\"https:\/\/ldo.no\/arkiv\/klagesaker\/1999-diskriminering-av-kvinner-med-hodeplagg-1\/\" \/>\n<meta property=\"og:locale\" content=\"nb_NO\" \/>\n<meta property=\"og:type\" content=\"article\" \/>\n<meta property=\"og:title\" content=\"Diskriminering av kvinner med hodeplagg - Arkiv\" \/>\n<meta property=\"og:description\" content=\"Likestillingsombudet mottok klage p\u00e5 en arbeidsgiver. Organisasjonen, som klaget p\u00e5 vegne av en kvinne, hevdet at hun ble nektet \u00e5 b\u00e6re hodeplagg. Kvinnen er muslimsk, og \u00f8nsket derfor \u00e5 b\u00e6re skaut. Arbeidsgiver im\u00f8tegikk p\u00e5standen om at kvinnen ikke fikk b\u00e6re hodeplagg, og mente at dette ikke var noe problem. Arbeidsgiver hadde imidlertid gitt kvinnen beskjed om \u00e5 bytte til et mindre hodeplagg av hensyn til effektiviteten. Organisasjonen var ikke enig i arbeidsgivers framstilling, og holdt p\u00e5 at kvinnen var blitt nektet \u00e5 b\u00e6re hodeplagg i arbeidstiden. Kvinnen hadde da, if\u00f8lge organisasjonen, f\u00f8lt seg tvunget til \u00e5 si opp stillingen.\" \/>\n<meta property=\"og:url\" content=\"https:\/\/ldo.no\/arkiv\/klagesaker\/1999-diskriminering-av-kvinner-med-hodeplagg-1\/\" \/>\n<meta property=\"og:site_name\" content=\"Arkiv\" \/>\n<meta name=\"twitter:card\" content=\"summary_large_image\" \/>\n<meta name=\"twitter:label1\" content=\"Ansl. lesetid\" \/>\n\t<meta name=\"twitter:data1\" content=\"1 minutt\" \/>\n<script type=\"application\/ld+json\" class=\"yoast-schema-graph\">{\"@context\":\"https:\/\/schema.org\",\"@graph\":[{\"@type\":\"WebPage\",\"@id\":\"https:\/\/ldo.no\/arkiv\/klagesaker\/1999-diskriminering-av-kvinner-med-hodeplagg-1\/\",\"url\":\"https:\/\/ldo.no\/arkiv\/klagesaker\/1999-diskriminering-av-kvinner-med-hodeplagg-1\/\",\"name\":\"Diskriminering av kvinner med hodeplagg - Arkiv\",\"isPartOf\":{\"@id\":\"https:\/\/ldo.no\/arkiv\/#website\"},\"datePublished\":\"1999-01-01T00:00:00+00:00\",\"dateModified\":\"1999-01-01T00:00:00+00:00\",\"breadcrumb\":{\"@id\":\"https:\/\/ldo.no\/arkiv\/klagesaker\/1999-diskriminering-av-kvinner-med-hodeplagg-1\/#breadcrumb\"},\"inLanguage\":\"nb-NO\",\"potentialAction\":[{\"@type\":\"ReadAction\",\"target\":[\"https:\/\/ldo.no\/arkiv\/klagesaker\/1999-diskriminering-av-kvinner-med-hodeplagg-1\/\"]}]},{\"@type\":\"BreadcrumbList\",\"@id\":\"https:\/\/ldo.no\/arkiv\/klagesaker\/1999-diskriminering-av-kvinner-med-hodeplagg-1\/#breadcrumb\",\"itemListElement\":[{\"@type\":\"ListItem\",\"position\":1,\"name\":\"Arkiv\",\"item\":\"https:\/\/ldo.no\/arkiv\/\"},{\"@type\":\"ListItem\",\"position\":2,\"name\":\"Klagesaker\",\"item\":\"https:\/\/ldo.no\/arkiv\/?post-type=ldo-complaint\"},{\"@type\":\"ListItem\",\"position\":3,\"name\":\"Diskriminering av kvinner med hodeplagg\"}]},{\"@type\":\"WebSite\",\"@id\":\"https:\/\/ldo.no\/arkiv\/#website\",\"url\":\"https:\/\/ldo.no\/arkiv\/\",\"name\":\"LDO Arkiv\",\"description\":\"Dette er ombudets arkiv. Her finner du klagesaker som ombudet i sin tid behandlet fra 1996 til 2017. Klagesaker utover dette finner du p\u00e5 Diskrimineringsnemndas hjemmeside. P\u00e5 disse arkivsidene finner du ogs\u00e5 eldre h\u00f8ringssvar som strekker seg fra 2023 og tilbake til 2006. Nyere h\u00f8ringssvar finner du p\u00e5 Publikasjoner, som du kan bes\u00f8ke ved \u00e5 klikke p\u00e5 menyknappen \u00f8verst i h\u00f8yre hj\u00f8rne.\",\"publisher\":{\"@id\":\"https:\/\/ldo.no\/arkiv\/#organization\"},\"potentialAction\":[{\"@type\":\"SearchAction\",\"target\":{\"@type\":\"EntryPoint\",\"urlTemplate\":\"https:\/\/ldo.no\/arkiv\/?s={search_term_string}\"},\"query-input\":\"required name=search_term_string\"}],\"inLanguage\":\"nb-NO\"},{\"@type\":\"Organization\",\"@id\":\"https:\/\/ldo.no\/arkiv\/#organization\",\"name\":\"LDO Arkiv\",\"url\":\"https:\/\/ldo.no\/arkiv\/\",\"logo\":{\"@type\":\"ImageObject\",\"inLanguage\":\"nb-NO\",\"@id\":\"https:\/\/ldo.no\/arkiv\/#\/schema\/logo\/image\/\",\"url\":\"https:\/\/ldo.no\/content\/uploads\/sites\/2\/2025\/05\/Property-1Default.svg\",\"contentUrl\":\"https:\/\/ldo.no\/content\/uploads\/sites\/2\/2025\/05\/Property-1Default.svg\",\"caption\":\"LDO Arkiv\"},\"image\":{\"@id\":\"https:\/\/ldo.no\/arkiv\/#\/schema\/logo\/image\/\"}}]}<\/script>\n<!-- \/ Yoast SEO plugin. -->","yoast_head_json":{"title":"Diskriminering av kvinner med hodeplagg - Arkiv","robots":{"index":"index","follow":"follow","max-snippet":"max-snippet:-1","max-image-preview":"max-image-preview:large","max-video-preview":"max-video-preview:-1"},"canonical":"https:\/\/ldo.no\/arkiv\/klagesaker\/1999-diskriminering-av-kvinner-med-hodeplagg-1\/","og_locale":"nb_NO","og_type":"article","og_title":"Diskriminering av kvinner med hodeplagg - Arkiv","og_description":"Likestillingsombudet mottok klage p\u00e5 en arbeidsgiver. Organisasjonen, som klaget p\u00e5 vegne av en kvinne, hevdet at hun ble nektet \u00e5 b\u00e6re hodeplagg. Kvinnen er muslimsk, og \u00f8nsket derfor \u00e5 b\u00e6re skaut. Arbeidsgiver im\u00f8tegikk p\u00e5standen om at kvinnen ikke fikk b\u00e6re hodeplagg, og mente at dette ikke var noe problem. Arbeidsgiver hadde imidlertid gitt kvinnen beskjed om \u00e5 bytte til et mindre hodeplagg av hensyn til effektiviteten. Organisasjonen var ikke enig i arbeidsgivers framstilling, og holdt p\u00e5 at kvinnen var blitt nektet \u00e5 b\u00e6re hodeplagg i arbeidstiden. Kvinnen hadde da, if\u00f8lge organisasjonen, f\u00f8lt seg tvunget til \u00e5 si opp stillingen.","og_url":"https:\/\/ldo.no\/arkiv\/klagesaker\/1999-diskriminering-av-kvinner-med-hodeplagg-1\/","og_site_name":"Arkiv","twitter_card":"summary_large_image","twitter_misc":{"Ansl. lesetid":"1 minutt"},"schema":{"@context":"https:\/\/schema.org","@graph":[{"@type":"WebPage","@id":"https:\/\/ldo.no\/arkiv\/klagesaker\/1999-diskriminering-av-kvinner-med-hodeplagg-1\/","url":"https:\/\/ldo.no\/arkiv\/klagesaker\/1999-diskriminering-av-kvinner-med-hodeplagg-1\/","name":"Diskriminering av kvinner med hodeplagg - Arkiv","isPartOf":{"@id":"https:\/\/ldo.no\/arkiv\/#website"},"datePublished":"1999-01-01T00:00:00+00:00","dateModified":"1999-01-01T00:00:00+00:00","breadcrumb":{"@id":"https:\/\/ldo.no\/arkiv\/klagesaker\/1999-diskriminering-av-kvinner-med-hodeplagg-1\/#breadcrumb"},"inLanguage":"nb-NO","potentialAction":[{"@type":"ReadAction","target":["https:\/\/ldo.no\/arkiv\/klagesaker\/1999-diskriminering-av-kvinner-med-hodeplagg-1\/"]}]},{"@type":"BreadcrumbList","@id":"https:\/\/ldo.no\/arkiv\/klagesaker\/1999-diskriminering-av-kvinner-med-hodeplagg-1\/#breadcrumb","itemListElement":[{"@type":"ListItem","position":1,"name":"Arkiv","item":"https:\/\/ldo.no\/arkiv\/"},{"@type":"ListItem","position":2,"name":"Klagesaker","item":"https:\/\/ldo.no\/arkiv\/?post-type=ldo-complaint"},{"@type":"ListItem","position":3,"name":"Diskriminering av kvinner med hodeplagg"}]},{"@type":"WebSite","@id":"https:\/\/ldo.no\/arkiv\/#website","url":"https:\/\/ldo.no\/arkiv\/","name":"LDO Arkiv","description":"Dette er ombudets arkiv. Her finner du klagesaker som ombudet i sin tid behandlet fra 1996 til 2017. Klagesaker utover dette finner du p\u00e5 Diskrimineringsnemndas hjemmeside. P\u00e5 disse arkivsidene finner du ogs\u00e5 eldre h\u00f8ringssvar som strekker seg fra 2023 og tilbake til 2006. Nyere h\u00f8ringssvar finner du p\u00e5 Publikasjoner, som du kan bes\u00f8ke ved \u00e5 klikke p\u00e5 menyknappen \u00f8verst i h\u00f8yre hj\u00f8rne.","publisher":{"@id":"https:\/\/ldo.no\/arkiv\/#organization"},"potentialAction":[{"@type":"SearchAction","target":{"@type":"EntryPoint","urlTemplate":"https:\/\/ldo.no\/arkiv\/?s={search_term_string}"},"query-input":"required name=search_term_string"}],"inLanguage":"nb-NO"},{"@type":"Organization","@id":"https:\/\/ldo.no\/arkiv\/#organization","name":"LDO Arkiv","url":"https:\/\/ldo.no\/arkiv\/","logo":{"@type":"ImageObject","inLanguage":"nb-NO","@id":"https:\/\/ldo.no\/arkiv\/#\/schema\/logo\/image\/","url":"https:\/\/ldo.no\/content\/uploads\/sites\/2\/2025\/05\/Property-1Default.svg","contentUrl":"https:\/\/ldo.no\/content\/uploads\/sites\/2\/2025\/05\/Property-1Default.svg","caption":"LDO Arkiv"},"image":{"@id":"https:\/\/ldo.no\/arkiv\/#\/schema\/logo\/image\/"}}]}},"_links":{"self":[{"href":"https:\/\/ldo.no\/arkiv\/wp-json\/wp\/v2\/ldo-complaint\/15585"}],"collection":[{"href":"https:\/\/ldo.no\/arkiv\/wp-json\/wp\/v2\/ldo-complaint"}],"about":[{"href":"https:\/\/ldo.no\/arkiv\/wp-json\/wp\/v2\/types\/ldo-complaint"}],"version-history":[{"count":0,"href":"https:\/\/ldo.no\/arkiv\/wp-json\/wp\/v2\/ldo-complaint\/15585\/revisions"}],"wp:attachment":[{"href":"https:\/\/ldo.no\/arkiv\/wp-json\/wp\/v2\/media?parent=15585"}],"wp:term":[{"taxonomy":"ldo-archive-year","embeddable":true,"href":"https:\/\/ldo.no\/arkiv\/wp-json\/wp\/v2\/ldo-archive-year?post=15585"}],"curies":[{"name":"wp","href":"https:\/\/api.w.org\/{rel}","templated":true}]}}

<h1>Diskriminering av kvinner med hodeplagg</h1>
<article class="base-article inside">
<header>
<div class="row">
<div class="col-sm-12">
</div>
</div>
</header>
<section>
<section class="lead">
Likestillingsombudet mottok klage på en arbeidsgiver. Organisasjonen, som klaget på vegne av en kvinne, hevdet at hun ble nektet å bære hodeplagg. Kvinnen er muslimsk, og ønsket derfor å bære skaut. Arbeidsgiver imøtegikk påstanden om at kvinnen ikke fikk bære hodeplagg, og mente at dette ikke var noe problem. Arbeidsgiver hadde imidlertid gitt kvinnen beskjed om å bytte til et mindre hodeplagg av hensyn til effektiviteten. Organisasjonen var ikke enig i arbeidsgivers framstilling, og holdt på at kvinnen var blitt nektet å bære hodeplagg i arbeidstiden. Kvinnen hadde da, ifølge organisasjonen, følt seg tvunget til å si opp stillingen.<br />
</section>
<section>
<p>Ingen av partene kunne dokumentere sine påstander, ord stod mot ord, og Ombudet hadde derfor ikke grunnlag for å konkludere i saken. Å nekte muslimske kvinner å bære hodeplagg er en indirekte diskriminering, fordi forbudet bare rammer kvinner. Likestillingsombudet påpekte at arbeidsgiver ikke hadde lagt fram dokumentasjon på at hodeplagg påvirket effektiviteten, og at påstanden således var grepet ut av løse luften. Ombudet fant derfor at arbeidsgiver ikke hadde saklig grunn til å be kvinnen om å bytte hodeplagg. Anmodningen var etter Ombudets syn i strid med loven, og arbeidsgiver ble derfor bedt om å unnlate slike anmodninger i fremtiden.</p>
<p>Saksnummer: 1999/128<br />Emne: hodeplagg, kvinner, ansettelse, uniform<br />Klager: organisasjon<br />Lovanvendelse: § 3.0, § 4.2</p>
</section>
</section>
</article>

<p>Likestillingsombudet mottok klage på en arbeidsgiver. Organisasjonen, som klaget på vegne av en kvinne, hevdet at hun ble nektet å bære hodeplagg. Kvinnen er muslimsk, og ønsket derfor å bære skaut. Arbeidsgiver imøtegikk påstanden om at kvinnen ikke fikk bære hodeplagg, og mente at dette ikke var noe problem. Arbeidsgiver hadde imidlertid gitt kvinnen beskjed om å bytte til et mindre hodeplagg av hensyn til effektiviteten. Organisasjonen var ikke enig i arbeidsgivers framstilling, og holdt på at kvinnen var blitt nektet å bære hodeplagg i arbeidstiden. Kvinnen hadde da, ifølge organisasjonen, følt seg tvunget til å si opp stillingen.</p>

<!-- This site is optimized with the Yoast SEO plugin v22.9 - https://yoast.com/wordpress/plugins/seo/ -->
<title>Diskriminering av kvinner med hodeplagg - Arkiv</title>
<meta name="robots" content="index, follow, max-snippet:-1, max-image-preview:large, max-video-preview:-1" />
<link rel="canonical" href="https://ldo.no/arkiv/klagesaker/1999-diskriminering-av-kvinner-med-hodeplagg-1/" />
<meta property="og:locale" content="nb_NO" />
<meta property="og:type" content="article" />
<meta property="og:title" content="Diskriminering av kvinner med hodeplagg - Arkiv" />
<meta property="og:description" content="Likestillingsombudet mottok klage på en arbeidsgiver. Organisasjonen, som klaget på vegne av en kvinne, hevdet at hun ble nektet å bære hodeplagg. Kvinnen er muslimsk, og ønsket derfor å bære skaut. Arbeidsgiver imøtegikk påstanden om at kvinnen ikke fikk bære hodeplagg, og mente at dette ikke var noe problem. Arbeidsgiver hadde imidlertid gitt kvinnen beskjed om å bytte til et mindre hodeplagg av hensyn til effektiviteten. Organisasjonen var ikke enig i arbeidsgivers framstilling, og holdt på at kvinnen var blitt nektet å bære hodeplagg i arbeidstiden. Kvinnen hadde da, ifølge organisasjonen, følt seg tvunget til å si opp stillingen." />
<meta property="og:url" content="https://ldo.no/arkiv/klagesaker/1999-diskriminering-av-kvinner-med-hodeplagg-1/" />
<meta property="og:site_name" content="Arkiv" />
<meta name="twitter:card" content="summary_large_image" />
<meta name="twitter:label1" content="Ansl. lesetid" />
	<meta name="twitter:data1" content="1 minutt" />
<script type="application/ld+json" class="yoast-schema-graph">{"@context":"https://schema.org","@graph":[{"@type":"WebPage","@id":"https://ldo.no/arkiv/klagesaker/1999-diskriminering-av-kvinner-med-hodeplagg-1/","url":"https://ldo.no/arkiv/klagesaker/1999-diskriminering-av-kvinner-med-hodeplagg-1/","name":"Diskriminering av kvinner med hodeplagg - Arkiv","isPartOf":{"@id":"https://ldo.no/arkiv/#website"},"datePublished":"1999-01-01T00:00:00+00:00","dateModified":"1999-01-01T00:00:00+00:00","breadcrumb":{"@id":"https://ldo.no/arkiv/klagesaker/1999-diskriminering-av-kvinner-med-hodeplagg-1/#breadcrumb"},"inLanguage":"nb-NO","potentialAction":[{"@type":"ReadAction","target":["https://ldo.no/arkiv/klagesaker/1999-diskriminering-av-kvinner-med-hodeplagg-1/"]}]},{"@type":"BreadcrumbList","@id":"https://ldo.no/arkiv/klagesaker/1999-diskriminering-av-kvinner-med-hodeplagg-1/#breadcrumb","itemListElement":[{"@type":"ListItem","position":1,"name":"Arkiv","item":"https://ldo.no/arkiv/"},{"@type":"ListItem","position":2,"name":"Klagesaker","item":"https://ldo.no/arkiv/?post-type=ldo-complaint"},{"@type":"ListItem","position":3,"name":"Diskriminering av kvinner med hodeplagg"}]},{"@type":"WebSite","@id":"https://ldo.no/arkiv/#website","url":"https://ldo.no/arkiv/","name":"LDO Arkiv","description":"Dette er ombudets arkiv. Her finner du klagesaker som ombudet i sin tid behandlet fra 1996 til 2017. Klagesaker utover dette finner du på Diskrimineringsnemndas hjemmeside. På disse arkivsidene finner du også eldre høringssvar som strekker seg fra 2023 og tilbake til 2006. Nyere høringssvar finner du på Publikasjoner, som du kan besøke ved å klikke på menyknappen øverst i høyre hjørne.","publisher":{"@id":"https://ldo.no/arkiv/#organization"},"potentialAction":[{"@type":"SearchAction","target":{"@type":"EntryPoint","urlTemplate":"https://ldo.no/arkiv/?s={search_term_string}"},"query-input":"required name=search_term_string"}],"inLanguage":"nb-NO"},{"@type":"Organization","@id":"https://ldo.no/arkiv/#organization","name":"LDO Arkiv","url":"https://ldo.no/arkiv/","logo":{"@type":"ImageObject","inLanguage":"nb-NO","@id":"https://ldo.no/arkiv/#/schema/logo/image/","url":"https://ldo.no/content/uploads/sites/2/2025/05/Property-1Default.svg","contentUrl":"https://ldo.no/content/uploads/sites/2/2025/05/Property-1Default.svg","caption":"LDO Arkiv"},"image":{"@id":"https://ldo.no/arkiv/#/schema/logo/image/"}}]}</script>
<!-- / Yoast SEO plugin. -->

Likestillingsombudet mottok klage på en arbeidsgiver. Organisasjonen, som klaget på vegne av en kvinne, hevdet at hun ble nektet å bære hodeplagg. Kvinnen er muslimsk, og ønsket derfor å bære skaut. Arbeidsgiver imøtegikk påstanden om at kvinnen ikke fikk bære hodeplagg, og mente at dette ikke var noe problem. Arbeidsgiver hadde imidlertid gitt kvinnen beskjed om å bytte til et mindre hodeplagg av hensyn til effektiviteten. Organisasjonen var ikke enig i arbeidsgivers framstilling, og holdt på at kvinnen var blitt nektet å bære hodeplagg i arbeidstiden. Kvinnen hadde da, ifølge organisasjonen, følt seg tvunget til å si opp stillingen.

Dette er ombudets arkiv. Her finner du klagesaker som ombudet i sin tid behandlet fra 1996 til 2017. Klagesaker utover dette finner du på Diskrimineringsnemndas hjemmeside. På disse arkivsidene finner du også eldre høringssvar som strekker seg fra 2023 og tilbake til 2006. Nyere høringssvar finner du på Publikasjoner, som du kan besøke ved å klikke på menyknappen øverst i høyre hjørne.
