{"id":15602,"date":"2009-01-01T00:00:00","date_gmt":"2009-01-01T00:00:00","guid":{"rendered":"https:\/\/ldo.local\/arkiv\/klagesaker\/2009-forskjellsbehandlet-ved-ansettelse-pa-grunn-av-adhd\/"},"modified":"2009-01-01T00:00:00","modified_gmt":"2009-01-01T00:00:00","slug":"2009-forskjellsbehandlet-ved-ansettelse-pa-grunn-av-adhd","status":"publish","type":"ldo-complaint","link":"https:\/\/ldo.no\/arkiv\/klagesaker\/2009-forskjellsbehandlet-ved-ansettelse-pa-grunn-av-adhd\/","title":{"rendered":"Forskjellsbehandlet ved ansettelse p\u00e5 grunn av ADHD"},"content":{"rendered":"<article class=\"base-article inside\">\n<header>\n<div class=\"row\">\n<div class=\"col-sm-12\">\n<\/div>\n<\/div>\n<h1>\nForskjellsbehandlet ved ansettelse p\u00e5 grunn av ADHD<br \/>\n<\/h1>\n<\/header>\n<section>\n<section class=\"lead\">\nEn kvinne fra Oslo s\u00f8kte jobb som kondukt\u00f8r, men fikk ikke jobben da hun hadde diagnosen ADHD. Hun mente at dette var diskriminering p\u00e5 grunn av funksjonshemming og klagde til ombudet.<br \/>\n<\/section>\n<section>\n<p>Kvinnen kunne vise til gode referanser fra tidligere arbeidsgiver og mente at hun fungerte normalt i jobbsammenheng til tross for diagnosen.<\/p>\n<p>Arbeidsgiver avviste at de hadde diskriminert henne p\u00e5 grunn av funksjonshemmingen, men hevdet at de fulgte en ansettelsespraksis i tr\u00e5d med helsekravsforskriften. I henhold til forskriften m\u00e5 den som ansettes v\u00e6re mentalt og fysisk skikket til \u00e5 utf\u00f8re arbeidsoppgavene. Videre skal det ikke foreligge sykdom eller andre forhold som nedsetter bevissthetsniv\u00e5, svekker d\u00f8mmekraft eller nedsette \u00e5rv\u00e5kenhet i en slik grad ar det inneb\u00e6rer en fare for trafikksikkerheten. Arbeidsgiver har ogs\u00e5 anf\u00f8rt at klager kan s\u00f8ke p\u00e5 andre stillinger hos dem som ikke omfattes av helsekravforskriften.<\/p>\n<p>Ombudet kom frem til at klager hadde blitt forskjellsbehandlet i strid med arbeidsmilj\u00f8loven \u00a7 13-1 f\u00f8rste ledd p\u00e5 grunn av sin funksjonshemming, men denne forskjellsbehandlingen var likevel lovlig, da forskjellsbehandlingen hadde et saklig form\u00e5l og ikke var uforholdsmessig inngripende overfor klager.<br \/><span>Les hele uttalelsen her<\/span>.<\/p>\n<\/section>\n<\/section>\n<\/article>\n","protected":false},"excerpt":{"rendered":"<p>En kvinne fra Oslo s\u00f8kte jobb som kondukt\u00f8r, men fikk ikke jobben da hun hadde diagnosen ADHD. Hun mente at dette var diskriminering p\u00e5 grunn av funksjonshemming og klagde til ombudet.<\/p>\n","protected":false},"template":"","meta":{"footnotes":""},"ldo-archive-year":[21],"class_list":["post-15602","ldo-complaint","type-ldo-complaint","status-publish","hentry","ldo-archive-year-21"],"yoast_head":"<!-- This site is optimized with the Yoast SEO plugin v22.9 - https:\/\/yoast.com\/wordpress\/plugins\/seo\/ -->\n<title>Forskjellsbehandlet ved ansettelse p\u00e5 grunn av ADHD - Arkiv<\/title>\n<meta name=\"robots\" content=\"index, follow, max-snippet:-1, max-image-preview:large, max-video-preview:-1\" \/>\n<link rel=\"canonical\" href=\"https:\/\/ldo.no\/arkiv\/klagesaker\/2009-forskjellsbehandlet-ved-ansettelse-pa-grunn-av-adhd\/\" \/>\n<meta property=\"og:locale\" content=\"nb_NO\" \/>\n<meta property=\"og:type\" content=\"article\" \/>\n<meta property=\"og:title\" content=\"Forskjellsbehandlet ved ansettelse p\u00e5 grunn av ADHD - Arkiv\" \/>\n<meta property=\"og:description\" content=\"En kvinne fra Oslo s\u00f8kte jobb som kondukt\u00f8r, men fikk ikke jobben da hun hadde diagnosen ADHD. Hun mente at dette var diskriminering p\u00e5 grunn av funksjonshemming og klagde til ombudet.\" \/>\n<meta property=\"og:url\" content=\"https:\/\/ldo.no\/arkiv\/klagesaker\/2009-forskjellsbehandlet-ved-ansettelse-pa-grunn-av-adhd\/\" \/>\n<meta property=\"og:site_name\" content=\"Arkiv\" \/>\n<meta name=\"twitter:card\" content=\"summary_large_image\" \/>\n<meta name=\"twitter:label1\" content=\"Ansl. lesetid\" \/>\n\t<meta name=\"twitter:data1\" content=\"1 minutt\" \/>\n<script type=\"application\/ld+json\" class=\"yoast-schema-graph\">{\"@context\":\"https:\/\/schema.org\",\"@graph\":[{\"@type\":\"WebPage\",\"@id\":\"https:\/\/ldo.no\/arkiv\/klagesaker\/2009-forskjellsbehandlet-ved-ansettelse-pa-grunn-av-adhd\/\",\"url\":\"https:\/\/ldo.no\/arkiv\/klagesaker\/2009-forskjellsbehandlet-ved-ansettelse-pa-grunn-av-adhd\/\",\"name\":\"Forskjellsbehandlet ved ansettelse p\u00e5 grunn av ADHD - Arkiv\",\"isPartOf\":{\"@id\":\"https:\/\/ldo.no\/arkiv\/#website\"},\"datePublished\":\"2009-01-01T00:00:00+00:00\",\"dateModified\":\"2009-01-01T00:00:00+00:00\",\"breadcrumb\":{\"@id\":\"https:\/\/ldo.no\/arkiv\/klagesaker\/2009-forskjellsbehandlet-ved-ansettelse-pa-grunn-av-adhd\/#breadcrumb\"},\"inLanguage\":\"nb-NO\",\"potentialAction\":[{\"@type\":\"ReadAction\",\"target\":[\"https:\/\/ldo.no\/arkiv\/klagesaker\/2009-forskjellsbehandlet-ved-ansettelse-pa-grunn-av-adhd\/\"]}]},{\"@type\":\"BreadcrumbList\",\"@id\":\"https:\/\/ldo.no\/arkiv\/klagesaker\/2009-forskjellsbehandlet-ved-ansettelse-pa-grunn-av-adhd\/#breadcrumb\",\"itemListElement\":[{\"@type\":\"ListItem\",\"position\":1,\"name\":\"Arkiv\",\"item\":\"https:\/\/ldo.no\/arkiv\/\"},{\"@type\":\"ListItem\",\"position\":2,\"name\":\"Klagesaker\",\"item\":\"https:\/\/ldo.no\/arkiv\/?post-type=ldo-complaint\"},{\"@type\":\"ListItem\",\"position\":3,\"name\":\"Forskjellsbehandlet ved ansettelse p\u00e5 grunn av ADHD\"}]},{\"@type\":\"WebSite\",\"@id\":\"https:\/\/ldo.no\/arkiv\/#website\",\"url\":\"https:\/\/ldo.no\/arkiv\/\",\"name\":\"LDO Arkiv\",\"description\":\"Dette er ombudets arkiv. Her finner du klagesaker som ombudet i sin tid behandlet fra 1996 til 2017. Klagesaker utover dette finner du p\u00e5 Diskrimineringsnemndas hjemmeside. P\u00e5 disse arkivsidene finner du ogs\u00e5 eldre h\u00f8ringssvar som strekker seg fra 2023 og tilbake til 2006. Nyere h\u00f8ringssvar finner du p\u00e5 Publikasjoner, som du kan bes\u00f8ke ved \u00e5 klikke p\u00e5 menyknappen \u00f8verst i h\u00f8yre hj\u00f8rne.\",\"publisher\":{\"@id\":\"https:\/\/ldo.no\/arkiv\/#organization\"},\"potentialAction\":[{\"@type\":\"SearchAction\",\"target\":{\"@type\":\"EntryPoint\",\"urlTemplate\":\"https:\/\/ldo.no\/arkiv\/?s={search_term_string}\"},\"query-input\":\"required name=search_term_string\"}],\"inLanguage\":\"nb-NO\"},{\"@type\":\"Organization\",\"@id\":\"https:\/\/ldo.no\/arkiv\/#organization\",\"name\":\"LDO Arkiv\",\"url\":\"https:\/\/ldo.no\/arkiv\/\",\"logo\":{\"@type\":\"ImageObject\",\"inLanguage\":\"nb-NO\",\"@id\":\"https:\/\/ldo.no\/arkiv\/#\/schema\/logo\/image\/\",\"url\":\"https:\/\/ldo.no\/content\/uploads\/sites\/2\/2025\/05\/Property-1Default.svg\",\"contentUrl\":\"https:\/\/ldo.no\/content\/uploads\/sites\/2\/2025\/05\/Property-1Default.svg\",\"caption\":\"LDO Arkiv\"},\"image\":{\"@id\":\"https:\/\/ldo.no\/arkiv\/#\/schema\/logo\/image\/\"}}]}<\/script>\n<!-- \/ Yoast SEO plugin. -->","yoast_head_json":{"title":"Forskjellsbehandlet ved ansettelse p\u00e5 grunn av ADHD - Arkiv","robots":{"index":"index","follow":"follow","max-snippet":"max-snippet:-1","max-image-preview":"max-image-preview:large","max-video-preview":"max-video-preview:-1"},"canonical":"https:\/\/ldo.no\/arkiv\/klagesaker\/2009-forskjellsbehandlet-ved-ansettelse-pa-grunn-av-adhd\/","og_locale":"nb_NO","og_type":"article","og_title":"Forskjellsbehandlet ved ansettelse p\u00e5 grunn av ADHD - Arkiv","og_description":"En kvinne fra Oslo s\u00f8kte jobb som kondukt\u00f8r, men fikk ikke jobben da hun hadde diagnosen ADHD. Hun mente at dette var diskriminering p\u00e5 grunn av funksjonshemming og klagde til ombudet.","og_url":"https:\/\/ldo.no\/arkiv\/klagesaker\/2009-forskjellsbehandlet-ved-ansettelse-pa-grunn-av-adhd\/","og_site_name":"Arkiv","twitter_card":"summary_large_image","twitter_misc":{"Ansl. lesetid":"1 minutt"},"schema":{"@context":"https:\/\/schema.org","@graph":[{"@type":"WebPage","@id":"https:\/\/ldo.no\/arkiv\/klagesaker\/2009-forskjellsbehandlet-ved-ansettelse-pa-grunn-av-adhd\/","url":"https:\/\/ldo.no\/arkiv\/klagesaker\/2009-forskjellsbehandlet-ved-ansettelse-pa-grunn-av-adhd\/","name":"Forskjellsbehandlet ved ansettelse p\u00e5 grunn av ADHD - Arkiv","isPartOf":{"@id":"https:\/\/ldo.no\/arkiv\/#website"},"datePublished":"2009-01-01T00:00:00+00:00","dateModified":"2009-01-01T00:00:00+00:00","breadcrumb":{"@id":"https:\/\/ldo.no\/arkiv\/klagesaker\/2009-forskjellsbehandlet-ved-ansettelse-pa-grunn-av-adhd\/#breadcrumb"},"inLanguage":"nb-NO","potentialAction":[{"@type":"ReadAction","target":["https:\/\/ldo.no\/arkiv\/klagesaker\/2009-forskjellsbehandlet-ved-ansettelse-pa-grunn-av-adhd\/"]}]},{"@type":"BreadcrumbList","@id":"https:\/\/ldo.no\/arkiv\/klagesaker\/2009-forskjellsbehandlet-ved-ansettelse-pa-grunn-av-adhd\/#breadcrumb","itemListElement":[{"@type":"ListItem","position":1,"name":"Arkiv","item":"https:\/\/ldo.no\/arkiv\/"},{"@type":"ListItem","position":2,"name":"Klagesaker","item":"https:\/\/ldo.no\/arkiv\/?post-type=ldo-complaint"},{"@type":"ListItem","position":3,"name":"Forskjellsbehandlet ved ansettelse p\u00e5 grunn av ADHD"}]},{"@type":"WebSite","@id":"https:\/\/ldo.no\/arkiv\/#website","url":"https:\/\/ldo.no\/arkiv\/","name":"LDO Arkiv","description":"Dette er ombudets arkiv. Her finner du klagesaker som ombudet i sin tid behandlet fra 1996 til 2017. Klagesaker utover dette finner du p\u00e5 Diskrimineringsnemndas hjemmeside. P\u00e5 disse arkivsidene finner du ogs\u00e5 eldre h\u00f8ringssvar som strekker seg fra 2023 og tilbake til 2006. Nyere h\u00f8ringssvar finner du p\u00e5 Publikasjoner, som du kan bes\u00f8ke ved \u00e5 klikke p\u00e5 menyknappen \u00f8verst i h\u00f8yre hj\u00f8rne.","publisher":{"@id":"https:\/\/ldo.no\/arkiv\/#organization"},"potentialAction":[{"@type":"SearchAction","target":{"@type":"EntryPoint","urlTemplate":"https:\/\/ldo.no\/arkiv\/?s={search_term_string}"},"query-input":"required name=search_term_string"}],"inLanguage":"nb-NO"},{"@type":"Organization","@id":"https:\/\/ldo.no\/arkiv\/#organization","name":"LDO Arkiv","url":"https:\/\/ldo.no\/arkiv\/","logo":{"@type":"ImageObject","inLanguage":"nb-NO","@id":"https:\/\/ldo.no\/arkiv\/#\/schema\/logo\/image\/","url":"https:\/\/ldo.no\/content\/uploads\/sites\/2\/2025\/05\/Property-1Default.svg","contentUrl":"https:\/\/ldo.no\/content\/uploads\/sites\/2\/2025\/05\/Property-1Default.svg","caption":"LDO Arkiv"},"image":{"@id":"https:\/\/ldo.no\/arkiv\/#\/schema\/logo\/image\/"}}]}},"_links":{"self":[{"href":"https:\/\/ldo.no\/arkiv\/wp-json\/wp\/v2\/ldo-complaint\/15602"}],"collection":[{"href":"https:\/\/ldo.no\/arkiv\/wp-json\/wp\/v2\/ldo-complaint"}],"about":[{"href":"https:\/\/ldo.no\/arkiv\/wp-json\/wp\/v2\/types\/ldo-complaint"}],"version-history":[{"count":0,"href":"https:\/\/ldo.no\/arkiv\/wp-json\/wp\/v2\/ldo-complaint\/15602\/revisions"}],"wp:attachment":[{"href":"https:\/\/ldo.no\/arkiv\/wp-json\/wp\/v2\/media?parent=15602"}],"wp:term":[{"taxonomy":"ldo-archive-year","embeddable":true,"href":"https:\/\/ldo.no\/arkiv\/wp-json\/wp\/v2\/ldo-archive-year?post=15602"}],"curies":[{"name":"wp","href":"https:\/\/api.w.org\/{rel}","templated":true}]}}

Forskjellsbehandlet ved ansettelse på grunn av ADHD

<article class="base-article inside">
<header>
<div class="row">
<div class="col-sm-12">
</div>
</div>
<h1>
Forskjellsbehandlet ved ansettelse på grunn av ADHD<br />
</h1>
</header>
<section>
<section class="lead">
En kvinne fra Oslo søkte jobb som konduktør, men fikk ikke jobben da hun hadde diagnosen ADHD. Hun mente at dette var diskriminering på grunn av funksjonshemming og klagde til ombudet.<br />
</section>
<section>
<p>Kvinnen kunne vise til gode referanser fra tidligere arbeidsgiver og mente at hun fungerte normalt i jobbsammenheng til tross for diagnosen.</p>
<p>Arbeidsgiver avviste at de hadde diskriminert henne på grunn av funksjonshemmingen, men hevdet at de fulgte en ansettelsespraksis i tråd med helsekravsforskriften. I henhold til forskriften må den som ansettes være mentalt og fysisk skikket til å utføre arbeidsoppgavene. Videre skal det ikke foreligge sykdom eller andre forhold som nedsetter bevissthetsnivå, svekker dømmekraft eller nedsette årvåkenhet i en slik grad ar det innebærer en fare for trafikksikkerheten. Arbeidsgiver har også anført at klager kan søke på andre stillinger hos dem som ikke omfattes av helsekravforskriften.</p>
<p>Ombudet kom frem til at klager hadde blitt forskjellsbehandlet i strid med arbeidsmiljøloven § 13-1 første ledd på grunn av sin funksjonshemming, men denne forskjellsbehandlingen var likevel lovlig, da forskjellsbehandlingen hadde et saklig formål og ikke var uforholdsmessig inngripende overfor klager.<br /><span>Les hele uttalelsen her</span>.</p>
</section>
</section>
</article>

<p>En kvinne fra Oslo søkte jobb som konduktør, men fikk ikke jobben da hun hadde diagnosen ADHD. Hun mente at dette var diskriminering på grunn av funksjonshemming og klagde til ombudet.</p>

<!-- This site is optimized with the Yoast SEO plugin v22.9 - https://yoast.com/wordpress/plugins/seo/ -->
<title>Forskjellsbehandlet ved ansettelse på grunn av ADHD - Arkiv</title>
<meta name="robots" content="index, follow, max-snippet:-1, max-image-preview:large, max-video-preview:-1" />
<link rel="canonical" href="https://ldo.no/arkiv/klagesaker/2009-forskjellsbehandlet-ved-ansettelse-pa-grunn-av-adhd/" />
<meta property="og:locale" content="nb_NO" />
<meta property="og:type" content="article" />
<meta property="og:title" content="Forskjellsbehandlet ved ansettelse på grunn av ADHD - Arkiv" />
<meta property="og:description" content="En kvinne fra Oslo søkte jobb som konduktør, men fikk ikke jobben da hun hadde diagnosen ADHD. Hun mente at dette var diskriminering på grunn av funksjonshemming og klagde til ombudet." />
<meta property="og:url" content="https://ldo.no/arkiv/klagesaker/2009-forskjellsbehandlet-ved-ansettelse-pa-grunn-av-adhd/" />
<meta property="og:site_name" content="Arkiv" />
<meta name="twitter:card" content="summary_large_image" />
<meta name="twitter:label1" content="Ansl. lesetid" />
	<meta name="twitter:data1" content="1 minutt" />
<script type="application/ld+json" class="yoast-schema-graph">{"@context":"https://schema.org","@graph":[{"@type":"WebPage","@id":"https://ldo.no/arkiv/klagesaker/2009-forskjellsbehandlet-ved-ansettelse-pa-grunn-av-adhd/","url":"https://ldo.no/arkiv/klagesaker/2009-forskjellsbehandlet-ved-ansettelse-pa-grunn-av-adhd/","name":"Forskjellsbehandlet ved ansettelse på grunn av ADHD - Arkiv","isPartOf":{"@id":"https://ldo.no/arkiv/#website"},"datePublished":"2009-01-01T00:00:00+00:00","dateModified":"2009-01-01T00:00:00+00:00","breadcrumb":{"@id":"https://ldo.no/arkiv/klagesaker/2009-forskjellsbehandlet-ved-ansettelse-pa-grunn-av-adhd/#breadcrumb"},"inLanguage":"nb-NO","potentialAction":[{"@type":"ReadAction","target":["https://ldo.no/arkiv/klagesaker/2009-forskjellsbehandlet-ved-ansettelse-pa-grunn-av-adhd/"]}]},{"@type":"BreadcrumbList","@id":"https://ldo.no/arkiv/klagesaker/2009-forskjellsbehandlet-ved-ansettelse-pa-grunn-av-adhd/#breadcrumb","itemListElement":[{"@type":"ListItem","position":1,"name":"Arkiv","item":"https://ldo.no/arkiv/"},{"@type":"ListItem","position":2,"name":"Klagesaker","item":"https://ldo.no/arkiv/?post-type=ldo-complaint"},{"@type":"ListItem","position":3,"name":"Forskjellsbehandlet ved ansettelse på grunn av ADHD"}]},{"@type":"WebSite","@id":"https://ldo.no/arkiv/#website","url":"https://ldo.no/arkiv/","name":"LDO Arkiv","description":"Dette er ombudets arkiv. Her finner du klagesaker som ombudet i sin tid behandlet fra 1996 til 2017. Klagesaker utover dette finner du på Diskrimineringsnemndas hjemmeside. På disse arkivsidene finner du også eldre høringssvar som strekker seg fra 2023 og tilbake til 2006. Nyere høringssvar finner du på Publikasjoner, som du kan besøke ved å klikke på menyknappen øverst i høyre hjørne.","publisher":{"@id":"https://ldo.no/arkiv/#organization"},"potentialAction":[{"@type":"SearchAction","target":{"@type":"EntryPoint","urlTemplate":"https://ldo.no/arkiv/?s={search_term_string}"},"query-input":"required name=search_term_string"}],"inLanguage":"nb-NO"},{"@type":"Organization","@id":"https://ldo.no/arkiv/#organization","name":"LDO Arkiv","url":"https://ldo.no/arkiv/","logo":{"@type":"ImageObject","inLanguage":"nb-NO","@id":"https://ldo.no/arkiv/#/schema/logo/image/","url":"https://ldo.no/content/uploads/sites/2/2025/05/Property-1Default.svg","contentUrl":"https://ldo.no/content/uploads/sites/2/2025/05/Property-1Default.svg","caption":"LDO Arkiv"},"image":{"@id":"https://ldo.no/arkiv/#/schema/logo/image/"}}]}</script>
<!-- / Yoast SEO plugin. -->

Forskjellsbehandlet ved ansettelse på grunn av ADHD - Arkiv

En kvinne fra Oslo søkte jobb som konduktør, men fikk ikke jobben da hun hadde diagnosen ADHD. Hun mente at dette var diskriminering på grunn av funksjonshemming og klagde til ombudet.

Dette er ombudets arkiv. Her finner du klagesaker som ombudet i sin tid behandlet fra 1996 til 2017. Klagesaker utover dette finner du på Diskrimineringsnemndas hjemmeside. På disse arkivsidene finner du også eldre høringssvar som strekker seg fra 2023 og tilbake til 2006. Nyere høringssvar finner du på Publikasjoner, som du kan besøke ved å klikke på menyknappen øverst i høyre hjørne.
