{"id":15610,"date":"2009-01-01T00:00:00","date_gmt":"2009-01-01T00:00:00","guid":{"rendered":"https:\/\/ldo.local\/arkiv\/klagesaker\/2009-pastatt-diskriminering-pa-grunn-av-etnisk-opprinnelse\/"},"modified":"2009-01-01T00:00:00","modified_gmt":"2009-01-01T00:00:00","slug":"2009-pastatt-diskriminering-pa-grunn-av-etnisk-opprinnelse","status":"publish","type":"ldo-complaint","link":"https:\/\/ldo.no\/arkiv\/klagesaker\/2009-pastatt-diskriminering-pa-grunn-av-etnisk-opprinnelse\/","title":{"rendered":"P\u00e5st\u00e5tt diskriminering p\u00e5 grunn av etnisk opprinnelse"},"content":{"rendered":"<h1>P\u00e5st\u00e5tt diskriminering p\u00e5 grunn av etnisk opprinnelse<\/h1>\n<article class=\"base-article inside\">\n<header>\n<div class=\"row\">\n<div class=\"col-sm-12\">\n<\/div>\n<\/div>\n<\/header>\n<section>\n<section class=\"lead\">\n<p>Ombudet har konkludert med at en barnehage verken diskriminerte p\u00e5 grunn av nasjonal opprinnelse eller utsatte en pike for omsorgssvikt da de sendte bekymringsmelding til barnevernstjenesten fordi de hadde mistanke om kj\u00f8nnslemlestelse. <\/p>\n<\/section>\n<section>\n<p>En mann klaget til ombudet fordi han mente at en barnehage hadde utsatt hans datter for omsorgsvikt og diskriminering p\u00e5 grunn av familiens somaliske opprinnelse.<\/p>\n<p>Barnehagen hadde en mistanke om at piken var kj\u00f8nnslemlestet og sendte en bekymringsmelding til barneverntjenesten. Faren mente at barnehagen ikke hadde informert foreldrene om at barnet hadde bl\u00f8dninger i underlivet, hvilket han ans\u00e5 som omsorgssvikt fra barnehagens side. <\/p>\n<p>Dessuten mente han at barnehagen ikke hadde unders\u00f8kt situasjonen grundig nok, og at beslutningen om \u00e5 varsle barneverntjenesten var kun basert p\u00e5 at barnet hadde somalisk bakgrunn. <\/p>\n<p>Ombudet konkluderte med at barnehagen verken hadde utsatt barnet for omsorgssvikt eller diskriminering p\u00e5 grunn av nasjonal opprinnelse. N\u00e5r det gjaldt sp\u00f8rsm\u00e5let om barnehagen hadde informert foreldrene tilstrekkelig, konstaterte ombudet at det var p\u00e5stand mot p\u00e5stand. Ombudet fant uansett ikke grunn til \u00e5 tro at eventuell manglende informasjon var knyttet til familiens nasjonale opprinnelse. <\/p>\n<p>N\u00e5r det gjaldt bekymringsmeldingen, mente ombudet at barnehagen, gjennom personalets gjentatte observasjoner av barnet, hadde saklig grunn til \u00e5 v\u00e6re bekymret. Barnehagen hadde dermed en plikt til \u00e5 varsle barneverntjenesten.<\/p>\n<p><strong>Saksnummer: 08\/540<br \/>Diskrimineringsgrunnlag: Etnisitet<br \/>Lovanvendelse: Diskrimineringsloven \u00a7 4<\/strong><\/p>\n<p><span>Les hele uttalelsen her <\/span> <\/p>\n<\/section>\n<\/section>\n<\/article>\n","protected":false},"excerpt":{"rendered":"<p>Ombudet har konkludert med at en barnehage verken diskriminerte p\u00e5 grunn av nasjonal opprinnelse eller utsatte en pike for omsorgssvikt da de sendte bekymringsmelding til barnevernstjenesten fordi de hadde mistanke om kj\u00f8nnslemlestelse.<\/p>\n","protected":false},"template":"","meta":{"footnotes":""},"ldo-archive-year":[21],"class_list":["post-15610","ldo-complaint","type-ldo-complaint","status-publish","hentry","ldo-archive-year-21"],"yoast_head":"<!-- This site is optimized with the Yoast SEO plugin v22.9 - https:\/\/yoast.com\/wordpress\/plugins\/seo\/ -->\n<title>P\u00e5st\u00e5tt diskriminering p\u00e5 grunn av etnisk opprinnelse - Arkiv<\/title>\n<meta name=\"robots\" content=\"index, follow, max-snippet:-1, max-image-preview:large, max-video-preview:-1\" \/>\n<link rel=\"canonical\" href=\"https:\/\/ldo.no\/arkiv\/klagesaker\/2009-pastatt-diskriminering-pa-grunn-av-etnisk-opprinnelse\/\" \/>\n<meta property=\"og:locale\" content=\"nb_NO\" \/>\n<meta property=\"og:type\" content=\"article\" \/>\n<meta property=\"og:title\" content=\"P\u00e5st\u00e5tt diskriminering p\u00e5 grunn av etnisk opprinnelse - Arkiv\" \/>\n<meta property=\"og:description\" content=\"Ombudet har konkludert med at en barnehage verken diskriminerte p\u00e5 grunn av nasjonal opprinnelse eller utsatte en pike for omsorgssvikt da de sendte bekymringsmelding til barnevernstjenesten fordi de hadde mistanke om kj\u00f8nnslemlestelse.\" \/>\n<meta property=\"og:url\" content=\"https:\/\/ldo.no\/arkiv\/klagesaker\/2009-pastatt-diskriminering-pa-grunn-av-etnisk-opprinnelse\/\" \/>\n<meta property=\"og:site_name\" content=\"Arkiv\" \/>\n<meta name=\"twitter:card\" content=\"summary_large_image\" \/>\n<meta name=\"twitter:label1\" content=\"Ansl. lesetid\" \/>\n\t<meta name=\"twitter:data1\" content=\"1 minutt\" \/>\n<script type=\"application\/ld+json\" class=\"yoast-schema-graph\">{\"@context\":\"https:\/\/schema.org\",\"@graph\":[{\"@type\":\"WebPage\",\"@id\":\"https:\/\/ldo.no\/arkiv\/klagesaker\/2009-pastatt-diskriminering-pa-grunn-av-etnisk-opprinnelse\/\",\"url\":\"https:\/\/ldo.no\/arkiv\/klagesaker\/2009-pastatt-diskriminering-pa-grunn-av-etnisk-opprinnelse\/\",\"name\":\"P\u00e5st\u00e5tt diskriminering p\u00e5 grunn av etnisk opprinnelse - Arkiv\",\"isPartOf\":{\"@id\":\"https:\/\/ldo.no\/arkiv\/#website\"},\"datePublished\":\"2009-01-01T00:00:00+00:00\",\"dateModified\":\"2009-01-01T00:00:00+00:00\",\"breadcrumb\":{\"@id\":\"https:\/\/ldo.no\/arkiv\/klagesaker\/2009-pastatt-diskriminering-pa-grunn-av-etnisk-opprinnelse\/#breadcrumb\"},\"inLanguage\":\"nb-NO\",\"potentialAction\":[{\"@type\":\"ReadAction\",\"target\":[\"https:\/\/ldo.no\/arkiv\/klagesaker\/2009-pastatt-diskriminering-pa-grunn-av-etnisk-opprinnelse\/\"]}]},{\"@type\":\"BreadcrumbList\",\"@id\":\"https:\/\/ldo.no\/arkiv\/klagesaker\/2009-pastatt-diskriminering-pa-grunn-av-etnisk-opprinnelse\/#breadcrumb\",\"itemListElement\":[{\"@type\":\"ListItem\",\"position\":1,\"name\":\"Arkiv\",\"item\":\"https:\/\/ldo.no\/arkiv\/\"},{\"@type\":\"ListItem\",\"position\":2,\"name\":\"Klagesaker\",\"item\":\"https:\/\/ldo.no\/arkiv\/?post-type=ldo-complaint\"},{\"@type\":\"ListItem\",\"position\":3,\"name\":\"P\u00e5st\u00e5tt diskriminering p\u00e5 grunn av etnisk opprinnelse\"}]},{\"@type\":\"WebSite\",\"@id\":\"https:\/\/ldo.no\/arkiv\/#website\",\"url\":\"https:\/\/ldo.no\/arkiv\/\",\"name\":\"LDO Arkiv\",\"description\":\"Dette er ombudets arkiv. Her finner du klagesaker som ombudet i sin tid behandlet fra 1996 til 2017. Klagesaker utover dette finner du p\u00e5 Diskrimineringsnemndas hjemmeside. P\u00e5 disse arkivsidene finner du ogs\u00e5 eldre h\u00f8ringssvar som strekker seg fra 2023 og tilbake til 2006. Nyere h\u00f8ringssvar finner du p\u00e5 Publikasjoner, som du kan bes\u00f8ke ved \u00e5 klikke p\u00e5 menyknappen \u00f8verst i h\u00f8yre hj\u00f8rne.\",\"publisher\":{\"@id\":\"https:\/\/ldo.no\/arkiv\/#organization\"},\"potentialAction\":[{\"@type\":\"SearchAction\",\"target\":{\"@type\":\"EntryPoint\",\"urlTemplate\":\"https:\/\/ldo.no\/arkiv\/?s={search_term_string}\"},\"query-input\":\"required name=search_term_string\"}],\"inLanguage\":\"nb-NO\"},{\"@type\":\"Organization\",\"@id\":\"https:\/\/ldo.no\/arkiv\/#organization\",\"name\":\"LDO Arkiv\",\"url\":\"https:\/\/ldo.no\/arkiv\/\",\"logo\":{\"@type\":\"ImageObject\",\"inLanguage\":\"nb-NO\",\"@id\":\"https:\/\/ldo.no\/arkiv\/#\/schema\/logo\/image\/\",\"url\":\"https:\/\/ldo.no\/content\/uploads\/sites\/2\/2025\/05\/Property-1Default.svg\",\"contentUrl\":\"https:\/\/ldo.no\/content\/uploads\/sites\/2\/2025\/05\/Property-1Default.svg\",\"caption\":\"LDO Arkiv\"},\"image\":{\"@id\":\"https:\/\/ldo.no\/arkiv\/#\/schema\/logo\/image\/\"}}]}<\/script>\n<!-- \/ Yoast SEO plugin. -->","yoast_head_json":{"title":"P\u00e5st\u00e5tt diskriminering p\u00e5 grunn av etnisk opprinnelse - Arkiv","robots":{"index":"index","follow":"follow","max-snippet":"max-snippet:-1","max-image-preview":"max-image-preview:large","max-video-preview":"max-video-preview:-1"},"canonical":"https:\/\/ldo.no\/arkiv\/klagesaker\/2009-pastatt-diskriminering-pa-grunn-av-etnisk-opprinnelse\/","og_locale":"nb_NO","og_type":"article","og_title":"P\u00e5st\u00e5tt diskriminering p\u00e5 grunn av etnisk opprinnelse - Arkiv","og_description":"Ombudet har konkludert med at en barnehage verken diskriminerte p\u00e5 grunn av nasjonal opprinnelse eller utsatte en pike for omsorgssvikt da de sendte bekymringsmelding til barnevernstjenesten fordi de hadde mistanke om kj\u00f8nnslemlestelse.","og_url":"https:\/\/ldo.no\/arkiv\/klagesaker\/2009-pastatt-diskriminering-pa-grunn-av-etnisk-opprinnelse\/","og_site_name":"Arkiv","twitter_card":"summary_large_image","twitter_misc":{"Ansl. lesetid":"1 minutt"},"schema":{"@context":"https:\/\/schema.org","@graph":[{"@type":"WebPage","@id":"https:\/\/ldo.no\/arkiv\/klagesaker\/2009-pastatt-diskriminering-pa-grunn-av-etnisk-opprinnelse\/","url":"https:\/\/ldo.no\/arkiv\/klagesaker\/2009-pastatt-diskriminering-pa-grunn-av-etnisk-opprinnelse\/","name":"P\u00e5st\u00e5tt diskriminering p\u00e5 grunn av etnisk opprinnelse - Arkiv","isPartOf":{"@id":"https:\/\/ldo.no\/arkiv\/#website"},"datePublished":"2009-01-01T00:00:00+00:00","dateModified":"2009-01-01T00:00:00+00:00","breadcrumb":{"@id":"https:\/\/ldo.no\/arkiv\/klagesaker\/2009-pastatt-diskriminering-pa-grunn-av-etnisk-opprinnelse\/#breadcrumb"},"inLanguage":"nb-NO","potentialAction":[{"@type":"ReadAction","target":["https:\/\/ldo.no\/arkiv\/klagesaker\/2009-pastatt-diskriminering-pa-grunn-av-etnisk-opprinnelse\/"]}]},{"@type":"BreadcrumbList","@id":"https:\/\/ldo.no\/arkiv\/klagesaker\/2009-pastatt-diskriminering-pa-grunn-av-etnisk-opprinnelse\/#breadcrumb","itemListElement":[{"@type":"ListItem","position":1,"name":"Arkiv","item":"https:\/\/ldo.no\/arkiv\/"},{"@type":"ListItem","position":2,"name":"Klagesaker","item":"https:\/\/ldo.no\/arkiv\/?post-type=ldo-complaint"},{"@type":"ListItem","position":3,"name":"P\u00e5st\u00e5tt diskriminering p\u00e5 grunn av etnisk opprinnelse"}]},{"@type":"WebSite","@id":"https:\/\/ldo.no\/arkiv\/#website","url":"https:\/\/ldo.no\/arkiv\/","name":"LDO Arkiv","description":"Dette er ombudets arkiv. Her finner du klagesaker som ombudet i sin tid behandlet fra 1996 til 2017. Klagesaker utover dette finner du p\u00e5 Diskrimineringsnemndas hjemmeside. P\u00e5 disse arkivsidene finner du ogs\u00e5 eldre h\u00f8ringssvar som strekker seg fra 2023 og tilbake til 2006. Nyere h\u00f8ringssvar finner du p\u00e5 Publikasjoner, som du kan bes\u00f8ke ved \u00e5 klikke p\u00e5 menyknappen \u00f8verst i h\u00f8yre hj\u00f8rne.","publisher":{"@id":"https:\/\/ldo.no\/arkiv\/#organization"},"potentialAction":[{"@type":"SearchAction","target":{"@type":"EntryPoint","urlTemplate":"https:\/\/ldo.no\/arkiv\/?s={search_term_string}"},"query-input":"required name=search_term_string"}],"inLanguage":"nb-NO"},{"@type":"Organization","@id":"https:\/\/ldo.no\/arkiv\/#organization","name":"LDO Arkiv","url":"https:\/\/ldo.no\/arkiv\/","logo":{"@type":"ImageObject","inLanguage":"nb-NO","@id":"https:\/\/ldo.no\/arkiv\/#\/schema\/logo\/image\/","url":"https:\/\/ldo.no\/content\/uploads\/sites\/2\/2025\/05\/Property-1Default.svg","contentUrl":"https:\/\/ldo.no\/content\/uploads\/sites\/2\/2025\/05\/Property-1Default.svg","caption":"LDO Arkiv"},"image":{"@id":"https:\/\/ldo.no\/arkiv\/#\/schema\/logo\/image\/"}}]}},"_links":{"self":[{"href":"https:\/\/ldo.no\/arkiv\/wp-json\/wp\/v2\/ldo-complaint\/15610"}],"collection":[{"href":"https:\/\/ldo.no\/arkiv\/wp-json\/wp\/v2\/ldo-complaint"}],"about":[{"href":"https:\/\/ldo.no\/arkiv\/wp-json\/wp\/v2\/types\/ldo-complaint"}],"version-history":[{"count":0,"href":"https:\/\/ldo.no\/arkiv\/wp-json\/wp\/v2\/ldo-complaint\/15610\/revisions"}],"wp:attachment":[{"href":"https:\/\/ldo.no\/arkiv\/wp-json\/wp\/v2\/media?parent=15610"}],"wp:term":[{"taxonomy":"ldo-archive-year","embeddable":true,"href":"https:\/\/ldo.no\/arkiv\/wp-json\/wp\/v2\/ldo-archive-year?post=15610"}],"curies":[{"name":"wp","href":"https:\/\/api.w.org\/{rel}","templated":true}]}}

Påstått diskriminering på grunn av etnisk opprinnelse

<h1>Påstått diskriminering på grunn av etnisk opprinnelse</h1>
<article class="base-article inside">
<header>
<div class="row">
<div class="col-sm-12">
</div>
</div>
</header>
<section>
<section class="lead">
<p>Ombudet har konkludert med at en barnehage verken diskriminerte på grunn av nasjonal opprinnelse eller utsatte en pike for omsorgssvikt da de sendte bekymringsmelding til barnevernstjenesten fordi de hadde mistanke om kjønnslemlestelse. </p>
</section>
<section>
<p>En mann klaget til ombudet fordi han mente at en barnehage hadde utsatt hans datter for omsorgsvikt og diskriminering på grunn av familiens somaliske opprinnelse.</p>
<p>Barnehagen hadde en mistanke om at piken var kjønnslemlestet og sendte en bekymringsmelding til barneverntjenesten. Faren mente at barnehagen ikke hadde informert foreldrene om at barnet hadde blødninger i underlivet, hvilket han anså som omsorgssvikt fra barnehagens side. </p>
<p>Dessuten mente han at barnehagen ikke hadde undersøkt situasjonen grundig nok, og at beslutningen om å varsle barneverntjenesten var kun basert på at barnet hadde somalisk bakgrunn. </p>
<p>Ombudet konkluderte med at barnehagen verken hadde utsatt barnet for omsorgssvikt eller diskriminering på grunn av nasjonal opprinnelse. Når det gjaldt spørsmålet om barnehagen hadde informert foreldrene tilstrekkelig, konstaterte ombudet at det var påstand mot påstand. Ombudet fant uansett ikke grunn til å tro at eventuell manglende informasjon var knyttet til familiens nasjonale opprinnelse. </p>
<p>Når det gjaldt bekymringsmeldingen, mente ombudet at barnehagen, gjennom personalets gjentatte observasjoner av barnet, hadde saklig grunn til å være bekymret. Barnehagen hadde dermed en plikt til å varsle barneverntjenesten.</p>
<p><strong>Saksnummer: 08/540<br />Diskrimineringsgrunnlag: Etnisitet<br />Lovanvendelse: Diskrimineringsloven § 4</strong></p>
<p><span>Les hele uttalelsen her </span> </p>
</section>
</section>
</article>

<p>Ombudet har konkludert med at en barnehage verken diskriminerte på grunn av nasjonal opprinnelse eller utsatte en pike for omsorgssvikt da de sendte bekymringsmelding til barnevernstjenesten fordi de hadde mistanke om kjønnslemlestelse.</p>

<!-- This site is optimized with the Yoast SEO plugin v22.9 - https://yoast.com/wordpress/plugins/seo/ -->
<title>Påstått diskriminering på grunn av etnisk opprinnelse - Arkiv</title>
<meta name="robots" content="index, follow, max-snippet:-1, max-image-preview:large, max-video-preview:-1" />
<link rel="canonical" href="https://ldo.no/arkiv/klagesaker/2009-pastatt-diskriminering-pa-grunn-av-etnisk-opprinnelse/" />
<meta property="og:locale" content="nb_NO" />
<meta property="og:type" content="article" />
<meta property="og:title" content="Påstått diskriminering på grunn av etnisk opprinnelse - Arkiv" />
<meta property="og:description" content="Ombudet har konkludert med at en barnehage verken diskriminerte på grunn av nasjonal opprinnelse eller utsatte en pike for omsorgssvikt da de sendte bekymringsmelding til barnevernstjenesten fordi de hadde mistanke om kjønnslemlestelse." />
<meta property="og:url" content="https://ldo.no/arkiv/klagesaker/2009-pastatt-diskriminering-pa-grunn-av-etnisk-opprinnelse/" />
<meta property="og:site_name" content="Arkiv" />
<meta name="twitter:card" content="summary_large_image" />
<meta name="twitter:label1" content="Ansl. lesetid" />
	<meta name="twitter:data1" content="1 minutt" />
<script type="application/ld+json" class="yoast-schema-graph">{"@context":"https://schema.org","@graph":[{"@type":"WebPage","@id":"https://ldo.no/arkiv/klagesaker/2009-pastatt-diskriminering-pa-grunn-av-etnisk-opprinnelse/","url":"https://ldo.no/arkiv/klagesaker/2009-pastatt-diskriminering-pa-grunn-av-etnisk-opprinnelse/","name":"Påstått diskriminering på grunn av etnisk opprinnelse - Arkiv","isPartOf":{"@id":"https://ldo.no/arkiv/#website"},"datePublished":"2009-01-01T00:00:00+00:00","dateModified":"2009-01-01T00:00:00+00:00","breadcrumb":{"@id":"https://ldo.no/arkiv/klagesaker/2009-pastatt-diskriminering-pa-grunn-av-etnisk-opprinnelse/#breadcrumb"},"inLanguage":"nb-NO","potentialAction":[{"@type":"ReadAction","target":["https://ldo.no/arkiv/klagesaker/2009-pastatt-diskriminering-pa-grunn-av-etnisk-opprinnelse/"]}]},{"@type":"BreadcrumbList","@id":"https://ldo.no/arkiv/klagesaker/2009-pastatt-diskriminering-pa-grunn-av-etnisk-opprinnelse/#breadcrumb","itemListElement":[{"@type":"ListItem","position":1,"name":"Arkiv","item":"https://ldo.no/arkiv/"},{"@type":"ListItem","position":2,"name":"Klagesaker","item":"https://ldo.no/arkiv/?post-type=ldo-complaint"},{"@type":"ListItem","position":3,"name":"Påstått diskriminering på grunn av etnisk opprinnelse"}]},{"@type":"WebSite","@id":"https://ldo.no/arkiv/#website","url":"https://ldo.no/arkiv/","name":"LDO Arkiv","description":"Dette er ombudets arkiv. Her finner du klagesaker som ombudet i sin tid behandlet fra 1996 til 2017. Klagesaker utover dette finner du på Diskrimineringsnemndas hjemmeside. På disse arkivsidene finner du også eldre høringssvar som strekker seg fra 2023 og tilbake til 2006. Nyere høringssvar finner du på Publikasjoner, som du kan besøke ved å klikke på menyknappen øverst i høyre hjørne.","publisher":{"@id":"https://ldo.no/arkiv/#organization"},"potentialAction":[{"@type":"SearchAction","target":{"@type":"EntryPoint","urlTemplate":"https://ldo.no/arkiv/?s={search_term_string}"},"query-input":"required name=search_term_string"}],"inLanguage":"nb-NO"},{"@type":"Organization","@id":"https://ldo.no/arkiv/#organization","name":"LDO Arkiv","url":"https://ldo.no/arkiv/","logo":{"@type":"ImageObject","inLanguage":"nb-NO","@id":"https://ldo.no/arkiv/#/schema/logo/image/","url":"https://ldo.no/content/uploads/sites/2/2025/05/Property-1Default.svg","contentUrl":"https://ldo.no/content/uploads/sites/2/2025/05/Property-1Default.svg","caption":"LDO Arkiv"},"image":{"@id":"https://ldo.no/arkiv/#/schema/logo/image/"}}]}</script>
<!-- / Yoast SEO plugin. -->

Påstått diskriminering på grunn av etnisk opprinnelse - Arkiv

Ombudet har konkludert med at en barnehage verken diskriminerte på grunn av nasjonal opprinnelse eller utsatte en pike for omsorgssvikt da de sendte bekymringsmelding til barnevernstjenesten fordi de hadde mistanke om kjønnslemlestelse.

Dette er ombudets arkiv. Her finner du klagesaker som ombudet i sin tid behandlet fra 1996 til 2017. Klagesaker utover dette finner du på Diskrimineringsnemndas hjemmeside. På disse arkivsidene finner du også eldre høringssvar som strekker seg fra 2023 og tilbake til 2006. Nyere høringssvar finner du på Publikasjoner, som du kan besøke ved å klikke på menyknappen øverst i høyre hjørne.
