{"id":15616,"date":"2009-01-01T00:00:00","date_gmt":"2009-01-01T00:00:00","guid":{"rendered":"https:\/\/ldo.local\/arkiv\/klagesaker\/2009-avlonning-av-mellomledere-i-pleie-og-omsorg\/"},"modified":"2009-01-01T00:00:00","modified_gmt":"2009-01-01T00:00:00","slug":"2009-avlonning-av-mellomledere-i-pleie-og-omsorg","status":"publish","type":"ldo-complaint","link":"https:\/\/ldo.no\/arkiv\/klagesaker\/2009-avlonning-av-mellomledere-i-pleie-og-omsorg\/","title":{"rendered":"Avl\u00f8nning av mellomledere i pleie og omsorg"},"content":{"rendered":"<h1>Avl\u00f8nning av mellomledere i pleie og omsorg<\/h1>\n<article class=\"base-article inside\">\n<header>\n<div class=\"row\">\n<div class=\"col-sm-12\">\n<\/div>\n<\/div>\n<\/header>\n<section>\n<section class=\"lead\">\n<p>Likestillings- og diskrimineringsombudet mottok klage datert 11. mai 2007 fra A, B, C og D. Klagerne sammenligner seg med to menn: rektor ved K skole, F og n\u00e6ringsmedarbeider G. <\/p>\n<\/section>\n<section>\n<p>Klagerne mener at E kommune handler i strid med likestillingsloven \u00a7 5 n\u00e5r den avl\u00f8nner mellomlederne rektor F og n\u00e6ringsr\u00e5dgiver G h\u00f8yere enn avdelingsleder D, avdelingsleder A, avdelingsleder C og daglig leder B.<\/p>\n<p>Likestillings- og diskrimineringsombudet har vurdert saken og konkluderer med at avl\u00f8nningen av G sammenliknet med A og B ikke er i strid med likestillingsloven \u00a7 5. <\/p>\n<h2>Konklusjon:<\/h2>\n<p>Likestillings- og diskrimineringsombudet konkluderer med at avl\u00f8nningen av G sammenliknet med A og B ikke er i strid med likestillingsloven \u00a7 5.<\/p>\n<p>Ombudet konkluderer med at avl\u00f8nningen av rektor F sammenliknet med D ikke er i strid med likestillingsloven \u00a7 5.<\/p>\n<p>Ombudet konkluderer med at avl\u00f8nningen av C sammenliknet med F er i strid med likestillingsloven \u00a7 5.<\/p>\n<p><span>Les hele uttalelsen her (Word)<\/span>.<\/p>\n<\/section>\n<\/section>\n<\/article>\n","protected":false},"excerpt":{"rendered":"<p>Likestillings- og diskrimineringsombudet mottok klage datert 11. mai 2007 fra A, B, C og D. Klagerne sammenligner seg med to menn: rektor ved K skole, F og n\u00e6ringsmedarbeider G.<\/p>\n","protected":false},"template":"","meta":{"footnotes":""},"ldo-archive-year":[21],"class_list":["post-15616","ldo-complaint","type-ldo-complaint","status-publish","hentry","ldo-archive-year-21"],"yoast_head":"<!-- This site is optimized with the Yoast SEO plugin v22.9 - https:\/\/yoast.com\/wordpress\/plugins\/seo\/ -->\n<title>Avl\u00f8nning av mellomledere i pleie og omsorg - Arkiv<\/title>\n<meta name=\"robots\" content=\"index, follow, max-snippet:-1, max-image-preview:large, max-video-preview:-1\" \/>\n<link rel=\"canonical\" href=\"https:\/\/ldo.no\/arkiv\/klagesaker\/2009-avlonning-av-mellomledere-i-pleie-og-omsorg\/\" \/>\n<meta property=\"og:locale\" content=\"nb_NO\" \/>\n<meta property=\"og:type\" content=\"article\" \/>\n<meta property=\"og:title\" content=\"Avl\u00f8nning av mellomledere i pleie og omsorg - Arkiv\" \/>\n<meta property=\"og:description\" content=\"Likestillings- og diskrimineringsombudet mottok klage datert 11. mai 2007 fra A, B, C og D. Klagerne sammenligner seg med to menn: rektor ved K skole, F og n\u00e6ringsmedarbeider G.\" \/>\n<meta property=\"og:url\" content=\"https:\/\/ldo.no\/arkiv\/klagesaker\/2009-avlonning-av-mellomledere-i-pleie-og-omsorg\/\" \/>\n<meta property=\"og:site_name\" content=\"Arkiv\" \/>\n<meta name=\"twitter:card\" content=\"summary_large_image\" \/>\n<meta name=\"twitter:label1\" content=\"Ansl. lesetid\" \/>\n\t<meta name=\"twitter:data1\" content=\"1 minutt\" \/>\n<script type=\"application\/ld+json\" class=\"yoast-schema-graph\">{\"@context\":\"https:\/\/schema.org\",\"@graph\":[{\"@type\":\"WebPage\",\"@id\":\"https:\/\/ldo.no\/arkiv\/klagesaker\/2009-avlonning-av-mellomledere-i-pleie-og-omsorg\/\",\"url\":\"https:\/\/ldo.no\/arkiv\/klagesaker\/2009-avlonning-av-mellomledere-i-pleie-og-omsorg\/\",\"name\":\"Avl\u00f8nning av mellomledere i pleie og omsorg - Arkiv\",\"isPartOf\":{\"@id\":\"https:\/\/ldo.no\/arkiv\/#website\"},\"datePublished\":\"2009-01-01T00:00:00+00:00\",\"dateModified\":\"2009-01-01T00:00:00+00:00\",\"breadcrumb\":{\"@id\":\"https:\/\/ldo.no\/arkiv\/klagesaker\/2009-avlonning-av-mellomledere-i-pleie-og-omsorg\/#breadcrumb\"},\"inLanguage\":\"nb-NO\",\"potentialAction\":[{\"@type\":\"ReadAction\",\"target\":[\"https:\/\/ldo.no\/arkiv\/klagesaker\/2009-avlonning-av-mellomledere-i-pleie-og-omsorg\/\"]}]},{\"@type\":\"BreadcrumbList\",\"@id\":\"https:\/\/ldo.no\/arkiv\/klagesaker\/2009-avlonning-av-mellomledere-i-pleie-og-omsorg\/#breadcrumb\",\"itemListElement\":[{\"@type\":\"ListItem\",\"position\":1,\"name\":\"Arkiv\",\"item\":\"https:\/\/ldo.no\/arkiv\/\"},{\"@type\":\"ListItem\",\"position\":2,\"name\":\"Klagesaker\",\"item\":\"https:\/\/ldo.no\/arkiv\/?post-type=ldo-complaint\"},{\"@type\":\"ListItem\",\"position\":3,\"name\":\"Avl\u00f8nning av mellomledere i pleie og omsorg\"}]},{\"@type\":\"WebSite\",\"@id\":\"https:\/\/ldo.no\/arkiv\/#website\",\"url\":\"https:\/\/ldo.no\/arkiv\/\",\"name\":\"LDO Arkiv\",\"description\":\"Dette er ombudets arkiv. Her finner du klagesaker som ombudet i sin tid behandlet fra 1996 til 2017. Klagesaker utover dette finner du p\u00e5 Diskrimineringsnemndas hjemmeside. P\u00e5 disse arkivsidene finner du ogs\u00e5 eldre h\u00f8ringssvar som strekker seg fra 2023 og tilbake til 2006. Nyere h\u00f8ringssvar finner du p\u00e5 Publikasjoner, som du kan bes\u00f8ke ved \u00e5 klikke p\u00e5 menyknappen \u00f8verst i h\u00f8yre hj\u00f8rne.\",\"publisher\":{\"@id\":\"https:\/\/ldo.no\/arkiv\/#organization\"},\"potentialAction\":[{\"@type\":\"SearchAction\",\"target\":{\"@type\":\"EntryPoint\",\"urlTemplate\":\"https:\/\/ldo.no\/arkiv\/?s={search_term_string}\"},\"query-input\":\"required name=search_term_string\"}],\"inLanguage\":\"nb-NO\"},{\"@type\":\"Organization\",\"@id\":\"https:\/\/ldo.no\/arkiv\/#organization\",\"name\":\"LDO Arkiv\",\"url\":\"https:\/\/ldo.no\/arkiv\/\",\"logo\":{\"@type\":\"ImageObject\",\"inLanguage\":\"nb-NO\",\"@id\":\"https:\/\/ldo.no\/arkiv\/#\/schema\/logo\/image\/\",\"url\":\"https:\/\/ldo.no\/content\/uploads\/sites\/2\/2025\/05\/Property-1Default.svg\",\"contentUrl\":\"https:\/\/ldo.no\/content\/uploads\/sites\/2\/2025\/05\/Property-1Default.svg\",\"caption\":\"LDO Arkiv\"},\"image\":{\"@id\":\"https:\/\/ldo.no\/arkiv\/#\/schema\/logo\/image\/\"}}]}<\/script>\n<!-- \/ Yoast SEO plugin. -->","yoast_head_json":{"title":"Avl\u00f8nning av mellomledere i pleie og omsorg - Arkiv","robots":{"index":"index","follow":"follow","max-snippet":"max-snippet:-1","max-image-preview":"max-image-preview:large","max-video-preview":"max-video-preview:-1"},"canonical":"https:\/\/ldo.no\/arkiv\/klagesaker\/2009-avlonning-av-mellomledere-i-pleie-og-omsorg\/","og_locale":"nb_NO","og_type":"article","og_title":"Avl\u00f8nning av mellomledere i pleie og omsorg - Arkiv","og_description":"Likestillings- og diskrimineringsombudet mottok klage datert 11. mai 2007 fra A, B, C og D. Klagerne sammenligner seg med to menn: rektor ved K skole, F og n\u00e6ringsmedarbeider G.","og_url":"https:\/\/ldo.no\/arkiv\/klagesaker\/2009-avlonning-av-mellomledere-i-pleie-og-omsorg\/","og_site_name":"Arkiv","twitter_card":"summary_large_image","twitter_misc":{"Ansl. lesetid":"1 minutt"},"schema":{"@context":"https:\/\/schema.org","@graph":[{"@type":"WebPage","@id":"https:\/\/ldo.no\/arkiv\/klagesaker\/2009-avlonning-av-mellomledere-i-pleie-og-omsorg\/","url":"https:\/\/ldo.no\/arkiv\/klagesaker\/2009-avlonning-av-mellomledere-i-pleie-og-omsorg\/","name":"Avl\u00f8nning av mellomledere i pleie og omsorg - Arkiv","isPartOf":{"@id":"https:\/\/ldo.no\/arkiv\/#website"},"datePublished":"2009-01-01T00:00:00+00:00","dateModified":"2009-01-01T00:00:00+00:00","breadcrumb":{"@id":"https:\/\/ldo.no\/arkiv\/klagesaker\/2009-avlonning-av-mellomledere-i-pleie-og-omsorg\/#breadcrumb"},"inLanguage":"nb-NO","potentialAction":[{"@type":"ReadAction","target":["https:\/\/ldo.no\/arkiv\/klagesaker\/2009-avlonning-av-mellomledere-i-pleie-og-omsorg\/"]}]},{"@type":"BreadcrumbList","@id":"https:\/\/ldo.no\/arkiv\/klagesaker\/2009-avlonning-av-mellomledere-i-pleie-og-omsorg\/#breadcrumb","itemListElement":[{"@type":"ListItem","position":1,"name":"Arkiv","item":"https:\/\/ldo.no\/arkiv\/"},{"@type":"ListItem","position":2,"name":"Klagesaker","item":"https:\/\/ldo.no\/arkiv\/?post-type=ldo-complaint"},{"@type":"ListItem","position":3,"name":"Avl\u00f8nning av mellomledere i pleie og omsorg"}]},{"@type":"WebSite","@id":"https:\/\/ldo.no\/arkiv\/#website","url":"https:\/\/ldo.no\/arkiv\/","name":"LDO Arkiv","description":"Dette er ombudets arkiv. Her finner du klagesaker som ombudet i sin tid behandlet fra 1996 til 2017. Klagesaker utover dette finner du p\u00e5 Diskrimineringsnemndas hjemmeside. P\u00e5 disse arkivsidene finner du ogs\u00e5 eldre h\u00f8ringssvar som strekker seg fra 2023 og tilbake til 2006. Nyere h\u00f8ringssvar finner du p\u00e5 Publikasjoner, som du kan bes\u00f8ke ved \u00e5 klikke p\u00e5 menyknappen \u00f8verst i h\u00f8yre hj\u00f8rne.","publisher":{"@id":"https:\/\/ldo.no\/arkiv\/#organization"},"potentialAction":[{"@type":"SearchAction","target":{"@type":"EntryPoint","urlTemplate":"https:\/\/ldo.no\/arkiv\/?s={search_term_string}"},"query-input":"required name=search_term_string"}],"inLanguage":"nb-NO"},{"@type":"Organization","@id":"https:\/\/ldo.no\/arkiv\/#organization","name":"LDO Arkiv","url":"https:\/\/ldo.no\/arkiv\/","logo":{"@type":"ImageObject","inLanguage":"nb-NO","@id":"https:\/\/ldo.no\/arkiv\/#\/schema\/logo\/image\/","url":"https:\/\/ldo.no\/content\/uploads\/sites\/2\/2025\/05\/Property-1Default.svg","contentUrl":"https:\/\/ldo.no\/content\/uploads\/sites\/2\/2025\/05\/Property-1Default.svg","caption":"LDO Arkiv"},"image":{"@id":"https:\/\/ldo.no\/arkiv\/#\/schema\/logo\/image\/"}}]}},"_links":{"self":[{"href":"https:\/\/ldo.no\/arkiv\/wp-json\/wp\/v2\/ldo-complaint\/15616"}],"collection":[{"href":"https:\/\/ldo.no\/arkiv\/wp-json\/wp\/v2\/ldo-complaint"}],"about":[{"href":"https:\/\/ldo.no\/arkiv\/wp-json\/wp\/v2\/types\/ldo-complaint"}],"version-history":[{"count":0,"href":"https:\/\/ldo.no\/arkiv\/wp-json\/wp\/v2\/ldo-complaint\/15616\/revisions"}],"wp:attachment":[{"href":"https:\/\/ldo.no\/arkiv\/wp-json\/wp\/v2\/media?parent=15616"}],"wp:term":[{"taxonomy":"ldo-archive-year","embeddable":true,"href":"https:\/\/ldo.no\/arkiv\/wp-json\/wp\/v2\/ldo-archive-year?post=15616"}],"curies":[{"name":"wp","href":"https:\/\/api.w.org\/{rel}","templated":true}]}}

Avlønning av mellomledere i pleie og omsorg

<h1>Avlønning av mellomledere i pleie og omsorg</h1>
<article class="base-article inside">
<header>
<div class="row">
<div class="col-sm-12">
</div>
</div>
</header>
<section>
<section class="lead">
<p>Likestillings- og diskrimineringsombudet mottok klage datert 11. mai 2007 fra A, B, C og D. Klagerne sammenligner seg med to menn: rektor ved K skole, F og næringsmedarbeider G. </p>
</section>
<section>
<p>Klagerne mener at E kommune handler i strid med likestillingsloven § 5 når den avlønner mellomlederne rektor F og næringsrådgiver G høyere enn avdelingsleder D, avdelingsleder A, avdelingsleder C og daglig leder B.</p>
<p>Likestillings- og diskrimineringsombudet har vurdert saken og konkluderer med at avlønningen av G sammenliknet med A og B ikke er i strid med likestillingsloven § 5. </p>
<h2>Konklusjon:</h2>
<p>Likestillings- og diskrimineringsombudet konkluderer med at avlønningen av G sammenliknet med A og B ikke er i strid med likestillingsloven § 5.</p>
<p>Ombudet konkluderer med at avlønningen av rektor F sammenliknet med D ikke er i strid med likestillingsloven § 5.</p>
<p>Ombudet konkluderer med at avlønningen av C sammenliknet med F er i strid med likestillingsloven § 5.</p>
<p><span>Les hele uttalelsen her (Word)</span>.</p>
</section>
</section>
</article>

<p>Likestillings- og diskrimineringsombudet mottok klage datert 11. mai 2007 fra A, B, C og D. Klagerne sammenligner seg med to menn: rektor ved K skole, F og næringsmedarbeider G.</p>

<!-- This site is optimized with the Yoast SEO plugin v22.9 - https://yoast.com/wordpress/plugins/seo/ -->
<title>Avlønning av mellomledere i pleie og omsorg - Arkiv</title>
<meta name="robots" content="index, follow, max-snippet:-1, max-image-preview:large, max-video-preview:-1" />
<link rel="canonical" href="https://ldo.no/arkiv/klagesaker/2009-avlonning-av-mellomledere-i-pleie-og-omsorg/" />
<meta property="og:locale" content="nb_NO" />
<meta property="og:type" content="article" />
<meta property="og:title" content="Avlønning av mellomledere i pleie og omsorg - Arkiv" />
<meta property="og:description" content="Likestillings- og diskrimineringsombudet mottok klage datert 11. mai 2007 fra A, B, C og D. Klagerne sammenligner seg med to menn: rektor ved K skole, F og næringsmedarbeider G." />
<meta property="og:url" content="https://ldo.no/arkiv/klagesaker/2009-avlonning-av-mellomledere-i-pleie-og-omsorg/" />
<meta property="og:site_name" content="Arkiv" />
<meta name="twitter:card" content="summary_large_image" />
<meta name="twitter:label1" content="Ansl. lesetid" />
	<meta name="twitter:data1" content="1 minutt" />
<script type="application/ld+json" class="yoast-schema-graph">{"@context":"https://schema.org","@graph":[{"@type":"WebPage","@id":"https://ldo.no/arkiv/klagesaker/2009-avlonning-av-mellomledere-i-pleie-og-omsorg/","url":"https://ldo.no/arkiv/klagesaker/2009-avlonning-av-mellomledere-i-pleie-og-omsorg/","name":"Avlønning av mellomledere i pleie og omsorg - Arkiv","isPartOf":{"@id":"https://ldo.no/arkiv/#website"},"datePublished":"2009-01-01T00:00:00+00:00","dateModified":"2009-01-01T00:00:00+00:00","breadcrumb":{"@id":"https://ldo.no/arkiv/klagesaker/2009-avlonning-av-mellomledere-i-pleie-og-omsorg/#breadcrumb"},"inLanguage":"nb-NO","potentialAction":[{"@type":"ReadAction","target":["https://ldo.no/arkiv/klagesaker/2009-avlonning-av-mellomledere-i-pleie-og-omsorg/"]}]},{"@type":"BreadcrumbList","@id":"https://ldo.no/arkiv/klagesaker/2009-avlonning-av-mellomledere-i-pleie-og-omsorg/#breadcrumb","itemListElement":[{"@type":"ListItem","position":1,"name":"Arkiv","item":"https://ldo.no/arkiv/"},{"@type":"ListItem","position":2,"name":"Klagesaker","item":"https://ldo.no/arkiv/?post-type=ldo-complaint"},{"@type":"ListItem","position":3,"name":"Avlønning av mellomledere i pleie og omsorg"}]},{"@type":"WebSite","@id":"https://ldo.no/arkiv/#website","url":"https://ldo.no/arkiv/","name":"LDO Arkiv","description":"Dette er ombudets arkiv. Her finner du klagesaker som ombudet i sin tid behandlet fra 1996 til 2017. Klagesaker utover dette finner du på Diskrimineringsnemndas hjemmeside. På disse arkivsidene finner du også eldre høringssvar som strekker seg fra 2023 og tilbake til 2006. Nyere høringssvar finner du på Publikasjoner, som du kan besøke ved å klikke på menyknappen øverst i høyre hjørne.","publisher":{"@id":"https://ldo.no/arkiv/#organization"},"potentialAction":[{"@type":"SearchAction","target":{"@type":"EntryPoint","urlTemplate":"https://ldo.no/arkiv/?s={search_term_string}"},"query-input":"required name=search_term_string"}],"inLanguage":"nb-NO"},{"@type":"Organization","@id":"https://ldo.no/arkiv/#organization","name":"LDO Arkiv","url":"https://ldo.no/arkiv/","logo":{"@type":"ImageObject","inLanguage":"nb-NO","@id":"https://ldo.no/arkiv/#/schema/logo/image/","url":"https://ldo.no/content/uploads/sites/2/2025/05/Property-1Default.svg","contentUrl":"https://ldo.no/content/uploads/sites/2/2025/05/Property-1Default.svg","caption":"LDO Arkiv"},"image":{"@id":"https://ldo.no/arkiv/#/schema/logo/image/"}}]}</script>
<!-- / Yoast SEO plugin. -->

Avlønning av mellomledere i pleie og omsorg - Arkiv

Likestillings- og diskrimineringsombudet mottok klage datert 11. mai 2007 fra A, B, C og D. Klagerne sammenligner seg med to menn: rektor ved K skole, F og næringsmedarbeider G.

Dette er ombudets arkiv. Her finner du klagesaker som ombudet i sin tid behandlet fra 1996 til 2017. Klagesaker utover dette finner du på Diskrimineringsnemndas hjemmeside. På disse arkivsidene finner du også eldre høringssvar som strekker seg fra 2023 og tilbake til 2006. Nyere høringssvar finner du på Publikasjoner, som du kan besøke ved å klikke på menyknappen øverst i høyre hjørne.
