{"id":15620,"date":"2009-01-01T00:00:00","date_gmt":"2009-01-01T00:00:00","guid":{"rendered":"https:\/\/ldo.local\/arkiv\/klagesaker\/2009-nektet-adgang-til-kafe-fordi-sitter-i-rullestol\/"},"modified":"2009-01-01T00:00:00","modified_gmt":"2009-01-01T00:00:00","slug":"2009-nektet-adgang-til-kafe-fordi-sitter-i-rullestol","status":"publish","type":"ldo-complaint","link":"https:\/\/ldo.no\/arkiv\/klagesaker\/2009-nektet-adgang-til-kafe-fordi-sitter-i-rullestol\/","title":{"rendered":"Rullestolbruker nektet adgang til kaf\u00e9"},"content":{"rendered":"<h1>Rullestolbruker nektet adgang til kaf\u00e9<\/h1>\n<article class=\"base-article inside\">\n<header>\n<div class=\"row\">\n<div class=\"col-sm-12\">\n<\/div>\n<\/div>\n<\/header>\n<section>\n<section class=\"lead\">\n<p>En rullestolbruker p\u00e5sto seg diskriminert i strid med forbudet mot forskjellsbehandling i diskriminerings- og tilgjengelighetsloven \u00a7 4. Han anf\u00f8rte at han ble nektet adgang til en kafe fordi han satt i rullestol og kafeeieren ikke \u00f8nsket rullestolen inn i lokalene.<\/p>\n<\/section>\n<section>\n<p>Ombudet innhentet redegj\u00f8relse fra begge parter. Det var enighet om at rullestolbrukeren ikke hadde f\u00e5tt komme inn i kafeen p\u00e5 den angitte datoen, men det var uenighet om tidspunktet. <\/p>\n<p>Kafeeieren p\u00e5sto at det var rett f\u00f8r stengetid og at heller ingen andre kunder fikk komme inn i kafeen. Klager oppga to vitner, men deres utsagn ble gitt kun p\u00e5 generelt grunnlag ettersom de ikke var tilstede ved den aktuelle hendelsen. Ombudet kunne derfor ikke tillegge vitnenes utsagn vekt i vurderingen.<\/p>\n<p>Det f\u00f8lger av reglene om delt bevisbyrde at for at bevisbyrden skal g\u00e5 over p\u00e5 innklagede, m\u00e5 klager f\u00f8rst dokumentere omstendigheter som gir grunn til \u00e5 tro at det har funnet sted brudd p\u00e5 loven, jf. \u00a7 13. Det er ikke tilstrekkelig med en p\u00e5stand alene, det m\u00e5 underbygges av andre forhold i saken, jf. Ot.prp. nr. 44 (2007-2008) s. 191. Ombudet kom i denne saken til at klager ikke i tilstrekkelig grad underbygget sin p\u00e5stand om diskriminering. Bevisbyrden gikk dermed ikke over p\u00e5 innklagede. <\/p>\n<p>Ombudet konkluderte med at det ikke var grunn til \u00e5 tro at det hadde skjedd brudd p\u00e5 diskriminerings- og tilgjengelighetsloven \u00a7 4, jf. \u00a7 13.<\/p>\n<p><strong>Saksnummer: 09\/1293.<br \/><\/strong><strong>Diskrimineringsgrunnlag: funksjonsevne.<br \/><\/strong><strong>Lovanvendelse: diskriminerings- og tilgjengelighetsloven \u00a7 4, jf. \u00a7 13<\/strong><\/p>\n<p><span>Les hele uttalelsen her (PDF).<\/span><\/p>\n<\/section>\n<\/section>\n<\/article>\n","protected":false},"excerpt":{"rendered":"<p>En rullestolbruker p\u00e5sto seg diskriminert i strid med forbudet mot forskjellsbehandling i diskriminerings- og tilgjengelighetsloven \u00a7 4. Han anf\u00f8rte at han ble nektet adgang til en kafe fordi han satt i rullestol og kafeeieren ikke \u00f8nsket rullestolen inn i lokalene.<\/p>\n","protected":false},"template":"","meta":{"footnotes":""},"ldo-archive-year":[21],"class_list":["post-15620","ldo-complaint","type-ldo-complaint","status-publish","hentry","ldo-archive-year-21"],"yoast_head":"<!-- This site is optimized with the Yoast SEO plugin v22.9 - https:\/\/yoast.com\/wordpress\/plugins\/seo\/ -->\n<title>Rullestolbruker nektet adgang til kaf\u00e9 - Arkiv<\/title>\n<meta name=\"robots\" content=\"index, follow, max-snippet:-1, max-image-preview:large, max-video-preview:-1\" \/>\n<link rel=\"canonical\" href=\"https:\/\/ldo.no\/arkiv\/klagesaker\/2009-nektet-adgang-til-kafe-fordi-sitter-i-rullestol\/\" \/>\n<meta property=\"og:locale\" content=\"nb_NO\" \/>\n<meta property=\"og:type\" content=\"article\" \/>\n<meta property=\"og:title\" content=\"Rullestolbruker nektet adgang til kaf\u00e9 - Arkiv\" \/>\n<meta property=\"og:description\" content=\"En rullestolbruker p\u00e5sto seg diskriminert i strid med forbudet mot forskjellsbehandling i diskriminerings- og tilgjengelighetsloven \u00a7 4. Han anf\u00f8rte at han ble nektet adgang til en kafe fordi han satt i rullestol og kafeeieren ikke \u00f8nsket rullestolen inn i lokalene.\" \/>\n<meta property=\"og:url\" content=\"https:\/\/ldo.no\/arkiv\/klagesaker\/2009-nektet-adgang-til-kafe-fordi-sitter-i-rullestol\/\" \/>\n<meta property=\"og:site_name\" content=\"Arkiv\" \/>\n<meta name=\"twitter:card\" content=\"summary_large_image\" \/>\n<meta name=\"twitter:label1\" content=\"Ansl. lesetid\" \/>\n\t<meta name=\"twitter:data1\" content=\"1 minutt\" \/>\n<script type=\"application\/ld+json\" class=\"yoast-schema-graph\">{\"@context\":\"https:\/\/schema.org\",\"@graph\":[{\"@type\":\"WebPage\",\"@id\":\"https:\/\/ldo.no\/arkiv\/klagesaker\/2009-nektet-adgang-til-kafe-fordi-sitter-i-rullestol\/\",\"url\":\"https:\/\/ldo.no\/arkiv\/klagesaker\/2009-nektet-adgang-til-kafe-fordi-sitter-i-rullestol\/\",\"name\":\"Rullestolbruker nektet adgang til kaf\u00e9 - Arkiv\",\"isPartOf\":{\"@id\":\"https:\/\/ldo.no\/arkiv\/#website\"},\"datePublished\":\"2009-01-01T00:00:00+00:00\",\"dateModified\":\"2009-01-01T00:00:00+00:00\",\"breadcrumb\":{\"@id\":\"https:\/\/ldo.no\/arkiv\/klagesaker\/2009-nektet-adgang-til-kafe-fordi-sitter-i-rullestol\/#breadcrumb\"},\"inLanguage\":\"nb-NO\",\"potentialAction\":[{\"@type\":\"ReadAction\",\"target\":[\"https:\/\/ldo.no\/arkiv\/klagesaker\/2009-nektet-adgang-til-kafe-fordi-sitter-i-rullestol\/\"]}]},{\"@type\":\"BreadcrumbList\",\"@id\":\"https:\/\/ldo.no\/arkiv\/klagesaker\/2009-nektet-adgang-til-kafe-fordi-sitter-i-rullestol\/#breadcrumb\",\"itemListElement\":[{\"@type\":\"ListItem\",\"position\":1,\"name\":\"Arkiv\",\"item\":\"https:\/\/ldo.no\/arkiv\/\"},{\"@type\":\"ListItem\",\"position\":2,\"name\":\"Klagesaker\",\"item\":\"https:\/\/ldo.no\/arkiv\/?post-type=ldo-complaint\"},{\"@type\":\"ListItem\",\"position\":3,\"name\":\"Rullestolbruker nektet adgang til kaf\u00e9\"}]},{\"@type\":\"WebSite\",\"@id\":\"https:\/\/ldo.no\/arkiv\/#website\",\"url\":\"https:\/\/ldo.no\/arkiv\/\",\"name\":\"LDO Arkiv\",\"description\":\"Dette er ombudets arkiv. Her finner du klagesaker som ombudet i sin tid behandlet fra 1996 til 2017. Klagesaker utover dette finner du p\u00e5 Diskrimineringsnemndas hjemmeside. P\u00e5 disse arkivsidene finner du ogs\u00e5 eldre h\u00f8ringssvar som strekker seg fra 2023 og tilbake til 2006. Nyere h\u00f8ringssvar finner du p\u00e5 Publikasjoner, som du kan bes\u00f8ke ved \u00e5 klikke p\u00e5 menyknappen \u00f8verst i h\u00f8yre hj\u00f8rne.\",\"publisher\":{\"@id\":\"https:\/\/ldo.no\/arkiv\/#organization\"},\"potentialAction\":[{\"@type\":\"SearchAction\",\"target\":{\"@type\":\"EntryPoint\",\"urlTemplate\":\"https:\/\/ldo.no\/arkiv\/?s={search_term_string}\"},\"query-input\":\"required name=search_term_string\"}],\"inLanguage\":\"nb-NO\"},{\"@type\":\"Organization\",\"@id\":\"https:\/\/ldo.no\/arkiv\/#organization\",\"name\":\"LDO Arkiv\",\"url\":\"https:\/\/ldo.no\/arkiv\/\",\"logo\":{\"@type\":\"ImageObject\",\"inLanguage\":\"nb-NO\",\"@id\":\"https:\/\/ldo.no\/arkiv\/#\/schema\/logo\/image\/\",\"url\":\"https:\/\/ldo.no\/content\/uploads\/sites\/2\/2025\/05\/Property-1Default.svg\",\"contentUrl\":\"https:\/\/ldo.no\/content\/uploads\/sites\/2\/2025\/05\/Property-1Default.svg\",\"caption\":\"LDO Arkiv\"},\"image\":{\"@id\":\"https:\/\/ldo.no\/arkiv\/#\/schema\/logo\/image\/\"}}]}<\/script>\n<!-- \/ Yoast SEO plugin. -->","yoast_head_json":{"title":"Rullestolbruker nektet adgang til kaf\u00e9 - Arkiv","robots":{"index":"index","follow":"follow","max-snippet":"max-snippet:-1","max-image-preview":"max-image-preview:large","max-video-preview":"max-video-preview:-1"},"canonical":"https:\/\/ldo.no\/arkiv\/klagesaker\/2009-nektet-adgang-til-kafe-fordi-sitter-i-rullestol\/","og_locale":"nb_NO","og_type":"article","og_title":"Rullestolbruker nektet adgang til kaf\u00e9 - Arkiv","og_description":"En rullestolbruker p\u00e5sto seg diskriminert i strid med forbudet mot forskjellsbehandling i diskriminerings- og tilgjengelighetsloven \u00a7 4. Han anf\u00f8rte at han ble nektet adgang til en kafe fordi han satt i rullestol og kafeeieren ikke \u00f8nsket rullestolen inn i lokalene.","og_url":"https:\/\/ldo.no\/arkiv\/klagesaker\/2009-nektet-adgang-til-kafe-fordi-sitter-i-rullestol\/","og_site_name":"Arkiv","twitter_card":"summary_large_image","twitter_misc":{"Ansl. lesetid":"1 minutt"},"schema":{"@context":"https:\/\/schema.org","@graph":[{"@type":"WebPage","@id":"https:\/\/ldo.no\/arkiv\/klagesaker\/2009-nektet-adgang-til-kafe-fordi-sitter-i-rullestol\/","url":"https:\/\/ldo.no\/arkiv\/klagesaker\/2009-nektet-adgang-til-kafe-fordi-sitter-i-rullestol\/","name":"Rullestolbruker nektet adgang til kaf\u00e9 - Arkiv","isPartOf":{"@id":"https:\/\/ldo.no\/arkiv\/#website"},"datePublished":"2009-01-01T00:00:00+00:00","dateModified":"2009-01-01T00:00:00+00:00","breadcrumb":{"@id":"https:\/\/ldo.no\/arkiv\/klagesaker\/2009-nektet-adgang-til-kafe-fordi-sitter-i-rullestol\/#breadcrumb"},"inLanguage":"nb-NO","potentialAction":[{"@type":"ReadAction","target":["https:\/\/ldo.no\/arkiv\/klagesaker\/2009-nektet-adgang-til-kafe-fordi-sitter-i-rullestol\/"]}]},{"@type":"BreadcrumbList","@id":"https:\/\/ldo.no\/arkiv\/klagesaker\/2009-nektet-adgang-til-kafe-fordi-sitter-i-rullestol\/#breadcrumb","itemListElement":[{"@type":"ListItem","position":1,"name":"Arkiv","item":"https:\/\/ldo.no\/arkiv\/"},{"@type":"ListItem","position":2,"name":"Klagesaker","item":"https:\/\/ldo.no\/arkiv\/?post-type=ldo-complaint"},{"@type":"ListItem","position":3,"name":"Rullestolbruker nektet adgang til kaf\u00e9"}]},{"@type":"WebSite","@id":"https:\/\/ldo.no\/arkiv\/#website","url":"https:\/\/ldo.no\/arkiv\/","name":"LDO Arkiv","description":"Dette er ombudets arkiv. Her finner du klagesaker som ombudet i sin tid behandlet fra 1996 til 2017. Klagesaker utover dette finner du p\u00e5 Diskrimineringsnemndas hjemmeside. P\u00e5 disse arkivsidene finner du ogs\u00e5 eldre h\u00f8ringssvar som strekker seg fra 2023 og tilbake til 2006. Nyere h\u00f8ringssvar finner du p\u00e5 Publikasjoner, som du kan bes\u00f8ke ved \u00e5 klikke p\u00e5 menyknappen \u00f8verst i h\u00f8yre hj\u00f8rne.","publisher":{"@id":"https:\/\/ldo.no\/arkiv\/#organization"},"potentialAction":[{"@type":"SearchAction","target":{"@type":"EntryPoint","urlTemplate":"https:\/\/ldo.no\/arkiv\/?s={search_term_string}"},"query-input":"required name=search_term_string"}],"inLanguage":"nb-NO"},{"@type":"Organization","@id":"https:\/\/ldo.no\/arkiv\/#organization","name":"LDO Arkiv","url":"https:\/\/ldo.no\/arkiv\/","logo":{"@type":"ImageObject","inLanguage":"nb-NO","@id":"https:\/\/ldo.no\/arkiv\/#\/schema\/logo\/image\/","url":"https:\/\/ldo.no\/content\/uploads\/sites\/2\/2025\/05\/Property-1Default.svg","contentUrl":"https:\/\/ldo.no\/content\/uploads\/sites\/2\/2025\/05\/Property-1Default.svg","caption":"LDO Arkiv"},"image":{"@id":"https:\/\/ldo.no\/arkiv\/#\/schema\/logo\/image\/"}}]}},"_links":{"self":[{"href":"https:\/\/ldo.no\/arkiv\/wp-json\/wp\/v2\/ldo-complaint\/15620"}],"collection":[{"href":"https:\/\/ldo.no\/arkiv\/wp-json\/wp\/v2\/ldo-complaint"}],"about":[{"href":"https:\/\/ldo.no\/arkiv\/wp-json\/wp\/v2\/types\/ldo-complaint"}],"version-history":[{"count":0,"href":"https:\/\/ldo.no\/arkiv\/wp-json\/wp\/v2\/ldo-complaint\/15620\/revisions"}],"wp:attachment":[{"href":"https:\/\/ldo.no\/arkiv\/wp-json\/wp\/v2\/media?parent=15620"}],"wp:term":[{"taxonomy":"ldo-archive-year","embeddable":true,"href":"https:\/\/ldo.no\/arkiv\/wp-json\/wp\/v2\/ldo-archive-year?post=15620"}],"curies":[{"name":"wp","href":"https:\/\/api.w.org\/{rel}","templated":true}]}}

Rullestolbruker nektet adgang til kafé

<h1>Rullestolbruker nektet adgang til kafé</h1>
<article class="base-article inside">
<header>
<div class="row">
<div class="col-sm-12">
</div>
</div>
</header>
<section>
<section class="lead">
<p>En rullestolbruker påsto seg diskriminert i strid med forbudet mot forskjellsbehandling i diskriminerings- og tilgjengelighetsloven § 4. Han anførte at han ble nektet adgang til en kafe fordi han satt i rullestol og kafeeieren ikke ønsket rullestolen inn i lokalene.</p>
</section>
<section>
<p>Ombudet innhentet redegjørelse fra begge parter. Det var enighet om at rullestolbrukeren ikke hadde fått komme inn i kafeen på den angitte datoen, men det var uenighet om tidspunktet. </p>
<p>Kafeeieren påsto at det var rett før stengetid og at heller ingen andre kunder fikk komme inn i kafeen. Klager oppga to vitner, men deres utsagn ble gitt kun på generelt grunnlag ettersom de ikke var tilstede ved den aktuelle hendelsen. Ombudet kunne derfor ikke tillegge vitnenes utsagn vekt i vurderingen.</p>
<p>Det følger av reglene om delt bevisbyrde at for at bevisbyrden skal gå over på innklagede, må klager først dokumentere omstendigheter som gir grunn til å tro at det har funnet sted brudd på loven, jf. § 13. Det er ikke tilstrekkelig med en påstand alene, det må underbygges av andre forhold i saken, jf. Ot.prp. nr. 44 (2007-2008) s. 191. Ombudet kom i denne saken til at klager ikke i tilstrekkelig grad underbygget sin påstand om diskriminering. Bevisbyrden gikk dermed ikke over på innklagede. </p>
<p>Ombudet konkluderte med at det ikke var grunn til å tro at det hadde skjedd brudd på diskriminerings- og tilgjengelighetsloven § 4, jf. § 13.</p>
<p><strong>Saksnummer: 09/1293.<br /></strong><strong>Diskrimineringsgrunnlag: funksjonsevne.<br /></strong><strong>Lovanvendelse: diskriminerings- og tilgjengelighetsloven § 4, jf. § 13</strong></p>
<p><span>Les hele uttalelsen her (PDF).</span></p>
</section>
</section>
</article>

<p>En rullestolbruker påsto seg diskriminert i strid med forbudet mot forskjellsbehandling i diskriminerings- og tilgjengelighetsloven § 4. Han anførte at han ble nektet adgang til en kafe fordi han satt i rullestol og kafeeieren ikke ønsket rullestolen inn i lokalene.</p>

<!-- This site is optimized with the Yoast SEO plugin v22.9 - https://yoast.com/wordpress/plugins/seo/ -->
<title>Rullestolbruker nektet adgang til kafé - Arkiv</title>
<meta name="robots" content="index, follow, max-snippet:-1, max-image-preview:large, max-video-preview:-1" />
<link rel="canonical" href="https://ldo.no/arkiv/klagesaker/2009-nektet-adgang-til-kafe-fordi-sitter-i-rullestol/" />
<meta property="og:locale" content="nb_NO" />
<meta property="og:type" content="article" />
<meta property="og:title" content="Rullestolbruker nektet adgang til kafé - Arkiv" />
<meta property="og:description" content="En rullestolbruker påsto seg diskriminert i strid med forbudet mot forskjellsbehandling i diskriminerings- og tilgjengelighetsloven § 4. Han anførte at han ble nektet adgang til en kafe fordi han satt i rullestol og kafeeieren ikke ønsket rullestolen inn i lokalene." />
<meta property="og:url" content="https://ldo.no/arkiv/klagesaker/2009-nektet-adgang-til-kafe-fordi-sitter-i-rullestol/" />
<meta property="og:site_name" content="Arkiv" />
<meta name="twitter:card" content="summary_large_image" />
<meta name="twitter:label1" content="Ansl. lesetid" />
	<meta name="twitter:data1" content="1 minutt" />
<script type="application/ld+json" class="yoast-schema-graph">{"@context":"https://schema.org","@graph":[{"@type":"WebPage","@id":"https://ldo.no/arkiv/klagesaker/2009-nektet-adgang-til-kafe-fordi-sitter-i-rullestol/","url":"https://ldo.no/arkiv/klagesaker/2009-nektet-adgang-til-kafe-fordi-sitter-i-rullestol/","name":"Rullestolbruker nektet adgang til kafé - Arkiv","isPartOf":{"@id":"https://ldo.no/arkiv/#website"},"datePublished":"2009-01-01T00:00:00+00:00","dateModified":"2009-01-01T00:00:00+00:00","breadcrumb":{"@id":"https://ldo.no/arkiv/klagesaker/2009-nektet-adgang-til-kafe-fordi-sitter-i-rullestol/#breadcrumb"},"inLanguage":"nb-NO","potentialAction":[{"@type":"ReadAction","target":["https://ldo.no/arkiv/klagesaker/2009-nektet-adgang-til-kafe-fordi-sitter-i-rullestol/"]}]},{"@type":"BreadcrumbList","@id":"https://ldo.no/arkiv/klagesaker/2009-nektet-adgang-til-kafe-fordi-sitter-i-rullestol/#breadcrumb","itemListElement":[{"@type":"ListItem","position":1,"name":"Arkiv","item":"https://ldo.no/arkiv/"},{"@type":"ListItem","position":2,"name":"Klagesaker","item":"https://ldo.no/arkiv/?post-type=ldo-complaint"},{"@type":"ListItem","position":3,"name":"Rullestolbruker nektet adgang til kafé"}]},{"@type":"WebSite","@id":"https://ldo.no/arkiv/#website","url":"https://ldo.no/arkiv/","name":"LDO Arkiv","description":"Dette er ombudets arkiv. Her finner du klagesaker som ombudet i sin tid behandlet fra 1996 til 2017. Klagesaker utover dette finner du på Diskrimineringsnemndas hjemmeside. På disse arkivsidene finner du også eldre høringssvar som strekker seg fra 2023 og tilbake til 2006. Nyere høringssvar finner du på Publikasjoner, som du kan besøke ved å klikke på menyknappen øverst i høyre hjørne.","publisher":{"@id":"https://ldo.no/arkiv/#organization"},"potentialAction":[{"@type":"SearchAction","target":{"@type":"EntryPoint","urlTemplate":"https://ldo.no/arkiv/?s={search_term_string}"},"query-input":"required name=search_term_string"}],"inLanguage":"nb-NO"},{"@type":"Organization","@id":"https://ldo.no/arkiv/#organization","name":"LDO Arkiv","url":"https://ldo.no/arkiv/","logo":{"@type":"ImageObject","inLanguage":"nb-NO","@id":"https://ldo.no/arkiv/#/schema/logo/image/","url":"https://ldo.no/content/uploads/sites/2/2025/05/Property-1Default.svg","contentUrl":"https://ldo.no/content/uploads/sites/2/2025/05/Property-1Default.svg","caption":"LDO Arkiv"},"image":{"@id":"https://ldo.no/arkiv/#/schema/logo/image/"}}]}</script>
<!-- / Yoast SEO plugin. -->

Rullestolbruker nektet adgang til kafé - Arkiv

En rullestolbruker påsto seg diskriminert i strid med forbudet mot forskjellsbehandling i diskriminerings- og tilgjengelighetsloven § 4. Han anførte at han ble nektet adgang til en kafe fordi han satt i rullestol og kafeeieren ikke ønsket rullestolen inn i lokalene.

Dette er ombudets arkiv. Her finner du klagesaker som ombudet i sin tid behandlet fra 1996 til 2017. Klagesaker utover dette finner du på Diskrimineringsnemndas hjemmeside. På disse arkivsidene finner du også eldre høringssvar som strekker seg fra 2023 og tilbake til 2006. Nyere høringssvar finner du på Publikasjoner, som du kan besøke ved å klikke på menyknappen øverst i høyre hjørne.
