{"id":15622,"date":"2009-01-01T00:00:00","date_gmt":"2009-01-01T00:00:00","guid":{"rendered":"https:\/\/ldo.local\/arkiv\/klagesaker\/2009-person-med-taterbakgrunn-ble-avvist-fra-campingplass\/"},"modified":"2009-01-01T00:00:00","modified_gmt":"2009-01-01T00:00:00","slug":"2009-person-med-taterbakgrunn-ble-avvist-fra-campingplass","status":"publish","type":"ldo-complaint","link":"https:\/\/ldo.no\/arkiv\/klagesaker\/2009-person-med-taterbakgrunn-ble-avvist-fra-campingplass\/","title":{"rendered":"Familie med taterbakgrunn avvist fra campingplass"},"content":{"rendered":"<h1>Familie med taterbakgrunn avvist fra campingplass<\/h1>\n<article class=\"base-article inside\">\n<header>\n<div class=\"row\">\n<div class=\"col-sm-12\">\n<\/div>\n<\/div>\n<\/header>\n<section>\n<section class=\"lead\">\n<p>Likestillings og diskrimineringsombudet kom til at Olavsberget camping og badeplass diskriminerte en familie med taterbakgrunn da de ikke fikk bli p\u00e5 campingplassen lenger enn en natt. Likestillings- og diskrimineringsnemnda omgjorde uttalelsen. <\/p>\n<\/section>\n<section>\n<p>En mann klaget til ombudet fordi han mente at han og hans familie ble gitt begrenset adgang til Olavsberget camping og badeplass p\u00e5 grunn av deres etniske bakgrunn som tater.<\/p>\n<p>Mannen reiste med sin ektefelle og s\u00f8nn. De kj\u00f8rte to biler, som hadde en vogn hver. Han og hans ektefelle \u00f8nsket \u00e5 bli p\u00e5 campingplassen i tre til fire dager. Han hevder at de ble m\u00f8tt i porten av eieren av campingplassen og fikk beskjed om at de ikke var \u00f8nsket som gjester. <\/p>\n<p>Han p\u00e5st\u00e5r at eieren oppga ulike grunner for dette; f\u00f8rst at bilene deres var for store, dernest at vognene var for store, og til sist at det var nys\u00e5dd. Til slutt fikk de tilbud om \u00e5 overnatte en natt mot at bilene ble parkert i veikanten, utenfor campingplassen. Klager oppfattet dette som en avvisning, og besluttet derfor \u00e5 dra videre.<\/p>\n<h2>For stor bil<\/h2>\n<p>Olavsberget camping og badeplass benektet at bortvisningen hadde noe med hans etniske bakgrunn \u00e5 gj\u00f8re. Eieren av campingplassen hevder at bilen var for stor og at de derfor m\u00e5tte parkere p\u00e5 anvist plass utenfor campingplassen. <\/p>\n<p>Etter ombudets vurdering ble det ikke godtgjort at belegget p\u00e5 campingplassen denne dagen var s\u00e5 stort at det ikke var mulig \u00e5 ta inn klagers bil i tillegg. Campingplassens forklaring om at bilen var for stor, fremstod derfor som et vikarierende argument for ikke \u00e5 slippe han inn. <\/p>\n<h2>Utilstrekkelige begrunnelser<\/h2>\n<p>Ombudet ba spesielt om \u00e5 f\u00e5 opplyst hvorvidt campingplassen har retningslinjer som setter rammer for biler av ulike st\u00f8rrelser. Dersom dette ikke var tilfelle, \u00f8nsket ombudet \u00e5 f\u00e5 opplyst hvorfor bilen til klager ble vurdert som for stor, s\u00e6rlig med tanke p\u00e5 at han har f\u00e5tt adgang til andre campingsteder med samme bilen. Innehaveren av Olavsberget redegjorde ikke for dette. <\/p>\n<p>Etter ombudets vurdering er ikke en uttalelse om at bilen var for stor, en tilstrekkelig begrunnelse for at klager og hans familie ble ilagt restriksjoner da de ville ta inn p\u00e5 campingplassen. <\/p>\n<p>Det ble ogs\u00e5 hevdet at deler av campingplassomr\u00e5det var nys\u00e5dd og ombudet ble forelagt et bilde av et nys\u00e5dd omr\u00e5de. Bildet var ikke datert. <\/p>\n<p>Videre uttalte campingeier at vedkommende \u201dhusker meget godt at de kom fredag 25. juli som var siste fredagen i fellesferien\u201d. Ombudet hadde mottatt klagen 1. juli 2008. Dette bekrefter at det forholdet som er gjort til gjenstad for vurdering i denne saken ikke fant sted 25. juli 2008. <\/p>\n<p>Uavhengig av om dette er en feilreferering av faktum har ombudet merket seg at det ogs\u00e5 hevdes at det var \u201dden siste dagen i fellesferien\u201d. Ombudet understreket at 25. juni 2008 ikke kan anses for \u00e5 \u201dv\u00e6re i sluttperioden av fellesferien\u201d. Ombudet stilte seg derfor tvilende til campingeiers versjon av saken. <\/p>\n<h2>Ulik konklusjon i LDO og nemnda<\/h2>\n<p>Likestillings- og diskrimineringsombudet konkluderte at Olavsberget camping og badeplass ikke har sannsynliggjort at det er andre grunner enn etnisitet som var \u00e5rsaken til at klager kun fikk overnatte en natt, forutsatt at bilen ble parkert utenfor.<\/p>\n<p>Likestillings- og diskrimineringsombudets uttalelse ble brakt inn for Likestillings- og diskrimineringsnemnda som omgjorde ombudets uttalelse.<\/p>\n<p><span>Les ombudets uttalelse (pdf)<\/span><\/p>\n<p><span>Les nemndas vurdering<\/span><\/p>\n<p><strong>Saksnummer: 08\/1025<br \/>Diskrimineringsgrunnlag: Etnisitet<br \/>Lovanvendelse: Diskrimineringsloven \u00a7 4<\/strong><\/p>\n<\/section>\n<\/section>\n<\/article>\n","protected":false},"excerpt":{"rendered":"<p>Likestillings og diskrimineringsombudet kom til at Olavsberget camping og badeplass diskriminerte en familie med taterbakgrunn da de ikke fikk bli p\u00e5 campingplassen lenger enn en natt. Likestillings- og diskrimineringsnemnda omgjorde uttalelsen.<\/p>\n","protected":false},"template":"","meta":{"footnotes":""},"ldo-archive-year":[21],"class_list":["post-15622","ldo-complaint","type-ldo-complaint","status-publish","hentry","ldo-archive-year-21"],"yoast_head":"<!-- This site is optimized with the Yoast SEO plugin v22.9 - https:\/\/yoast.com\/wordpress\/plugins\/seo\/ -->\n<title>Familie med taterbakgrunn avvist fra campingplass - Arkiv<\/title>\n<meta name=\"robots\" content=\"index, follow, max-snippet:-1, max-image-preview:large, max-video-preview:-1\" \/>\n<link rel=\"canonical\" href=\"https:\/\/ldo.no\/arkiv\/klagesaker\/2009-person-med-taterbakgrunn-ble-avvist-fra-campingplass\/\" \/>\n<meta property=\"og:locale\" content=\"nb_NO\" \/>\n<meta property=\"og:type\" content=\"article\" \/>\n<meta property=\"og:title\" content=\"Familie med taterbakgrunn avvist fra campingplass - Arkiv\" \/>\n<meta property=\"og:description\" content=\"Likestillings og diskrimineringsombudet kom til at Olavsberget camping og badeplass diskriminerte en familie med taterbakgrunn da de ikke fikk bli p\u00e5 campingplassen lenger enn en natt. Likestillings- og diskrimineringsnemnda omgjorde uttalelsen.\" \/>\n<meta property=\"og:url\" content=\"https:\/\/ldo.no\/arkiv\/klagesaker\/2009-person-med-taterbakgrunn-ble-avvist-fra-campingplass\/\" \/>\n<meta property=\"og:site_name\" content=\"Arkiv\" \/>\n<meta name=\"twitter:card\" content=\"summary_large_image\" \/>\n<meta name=\"twitter:label1\" content=\"Ansl. lesetid\" \/>\n\t<meta name=\"twitter:data1\" content=\"3 minutter\" \/>\n<script type=\"application\/ld+json\" class=\"yoast-schema-graph\">{\"@context\":\"https:\/\/schema.org\",\"@graph\":[{\"@type\":\"WebPage\",\"@id\":\"https:\/\/ldo.no\/arkiv\/klagesaker\/2009-person-med-taterbakgrunn-ble-avvist-fra-campingplass\/\",\"url\":\"https:\/\/ldo.no\/arkiv\/klagesaker\/2009-person-med-taterbakgrunn-ble-avvist-fra-campingplass\/\",\"name\":\"Familie med taterbakgrunn avvist fra campingplass - Arkiv\",\"isPartOf\":{\"@id\":\"https:\/\/ldo.no\/arkiv\/#website\"},\"datePublished\":\"2009-01-01T00:00:00+00:00\",\"dateModified\":\"2009-01-01T00:00:00+00:00\",\"breadcrumb\":{\"@id\":\"https:\/\/ldo.no\/arkiv\/klagesaker\/2009-person-med-taterbakgrunn-ble-avvist-fra-campingplass\/#breadcrumb\"},\"inLanguage\":\"nb-NO\",\"potentialAction\":[{\"@type\":\"ReadAction\",\"target\":[\"https:\/\/ldo.no\/arkiv\/klagesaker\/2009-person-med-taterbakgrunn-ble-avvist-fra-campingplass\/\"]}]},{\"@type\":\"BreadcrumbList\",\"@id\":\"https:\/\/ldo.no\/arkiv\/klagesaker\/2009-person-med-taterbakgrunn-ble-avvist-fra-campingplass\/#breadcrumb\",\"itemListElement\":[{\"@type\":\"ListItem\",\"position\":1,\"name\":\"Arkiv\",\"item\":\"https:\/\/ldo.no\/arkiv\/\"},{\"@type\":\"ListItem\",\"position\":2,\"name\":\"Klagesaker\",\"item\":\"https:\/\/ldo.no\/arkiv\/?post-type=ldo-complaint\"},{\"@type\":\"ListItem\",\"position\":3,\"name\":\"Familie med taterbakgrunn avvist fra campingplass\"}]},{\"@type\":\"WebSite\",\"@id\":\"https:\/\/ldo.no\/arkiv\/#website\",\"url\":\"https:\/\/ldo.no\/arkiv\/\",\"name\":\"LDO Arkiv\",\"description\":\"Dette er ombudets arkiv. Her finner du klagesaker som ombudet i sin tid behandlet fra 1996 til 2017. Klagesaker utover dette finner du p\u00e5 Diskrimineringsnemndas hjemmeside. P\u00e5 disse arkivsidene finner du ogs\u00e5 eldre h\u00f8ringssvar som strekker seg fra 2023 og tilbake til 2006. Nyere h\u00f8ringssvar finner du p\u00e5 Publikasjoner, som du kan bes\u00f8ke ved \u00e5 klikke p\u00e5 menyknappen \u00f8verst i h\u00f8yre hj\u00f8rne.\",\"publisher\":{\"@id\":\"https:\/\/ldo.no\/arkiv\/#organization\"},\"potentialAction\":[{\"@type\":\"SearchAction\",\"target\":{\"@type\":\"EntryPoint\",\"urlTemplate\":\"https:\/\/ldo.no\/arkiv\/?s={search_term_string}\"},\"query-input\":\"required name=search_term_string\"}],\"inLanguage\":\"nb-NO\"},{\"@type\":\"Organization\",\"@id\":\"https:\/\/ldo.no\/arkiv\/#organization\",\"name\":\"LDO Arkiv\",\"url\":\"https:\/\/ldo.no\/arkiv\/\",\"logo\":{\"@type\":\"ImageObject\",\"inLanguage\":\"nb-NO\",\"@id\":\"https:\/\/ldo.no\/arkiv\/#\/schema\/logo\/image\/\",\"url\":\"https:\/\/ldo.no\/content\/uploads\/sites\/2\/2025\/05\/Property-1Default.svg\",\"contentUrl\":\"https:\/\/ldo.no\/content\/uploads\/sites\/2\/2025\/05\/Property-1Default.svg\",\"caption\":\"LDO Arkiv\"},\"image\":{\"@id\":\"https:\/\/ldo.no\/arkiv\/#\/schema\/logo\/image\/\"}}]}<\/script>\n<!-- \/ Yoast SEO plugin. -->","yoast_head_json":{"title":"Familie med taterbakgrunn avvist fra campingplass - Arkiv","robots":{"index":"index","follow":"follow","max-snippet":"max-snippet:-1","max-image-preview":"max-image-preview:large","max-video-preview":"max-video-preview:-1"},"canonical":"https:\/\/ldo.no\/arkiv\/klagesaker\/2009-person-med-taterbakgrunn-ble-avvist-fra-campingplass\/","og_locale":"nb_NO","og_type":"article","og_title":"Familie med taterbakgrunn avvist fra campingplass - Arkiv","og_description":"Likestillings og diskrimineringsombudet kom til at Olavsberget camping og badeplass diskriminerte en familie med taterbakgrunn da de ikke fikk bli p\u00e5 campingplassen lenger enn en natt. Likestillings- og diskrimineringsnemnda omgjorde uttalelsen.","og_url":"https:\/\/ldo.no\/arkiv\/klagesaker\/2009-person-med-taterbakgrunn-ble-avvist-fra-campingplass\/","og_site_name":"Arkiv","twitter_card":"summary_large_image","twitter_misc":{"Ansl. lesetid":"3 minutter"},"schema":{"@context":"https:\/\/schema.org","@graph":[{"@type":"WebPage","@id":"https:\/\/ldo.no\/arkiv\/klagesaker\/2009-person-med-taterbakgrunn-ble-avvist-fra-campingplass\/","url":"https:\/\/ldo.no\/arkiv\/klagesaker\/2009-person-med-taterbakgrunn-ble-avvist-fra-campingplass\/","name":"Familie med taterbakgrunn avvist fra campingplass - Arkiv","isPartOf":{"@id":"https:\/\/ldo.no\/arkiv\/#website"},"datePublished":"2009-01-01T00:00:00+00:00","dateModified":"2009-01-01T00:00:00+00:00","breadcrumb":{"@id":"https:\/\/ldo.no\/arkiv\/klagesaker\/2009-person-med-taterbakgrunn-ble-avvist-fra-campingplass\/#breadcrumb"},"inLanguage":"nb-NO","potentialAction":[{"@type":"ReadAction","target":["https:\/\/ldo.no\/arkiv\/klagesaker\/2009-person-med-taterbakgrunn-ble-avvist-fra-campingplass\/"]}]},{"@type":"BreadcrumbList","@id":"https:\/\/ldo.no\/arkiv\/klagesaker\/2009-person-med-taterbakgrunn-ble-avvist-fra-campingplass\/#breadcrumb","itemListElement":[{"@type":"ListItem","position":1,"name":"Arkiv","item":"https:\/\/ldo.no\/arkiv\/"},{"@type":"ListItem","position":2,"name":"Klagesaker","item":"https:\/\/ldo.no\/arkiv\/?post-type=ldo-complaint"},{"@type":"ListItem","position":3,"name":"Familie med taterbakgrunn avvist fra campingplass"}]},{"@type":"WebSite","@id":"https:\/\/ldo.no\/arkiv\/#website","url":"https:\/\/ldo.no\/arkiv\/","name":"LDO Arkiv","description":"Dette er ombudets arkiv. Her finner du klagesaker som ombudet i sin tid behandlet fra 1996 til 2017. Klagesaker utover dette finner du p\u00e5 Diskrimineringsnemndas hjemmeside. P\u00e5 disse arkivsidene finner du ogs\u00e5 eldre h\u00f8ringssvar som strekker seg fra 2023 og tilbake til 2006. Nyere h\u00f8ringssvar finner du p\u00e5 Publikasjoner, som du kan bes\u00f8ke ved \u00e5 klikke p\u00e5 menyknappen \u00f8verst i h\u00f8yre hj\u00f8rne.","publisher":{"@id":"https:\/\/ldo.no\/arkiv\/#organization"},"potentialAction":[{"@type":"SearchAction","target":{"@type":"EntryPoint","urlTemplate":"https:\/\/ldo.no\/arkiv\/?s={search_term_string}"},"query-input":"required name=search_term_string"}],"inLanguage":"nb-NO"},{"@type":"Organization","@id":"https:\/\/ldo.no\/arkiv\/#organization","name":"LDO Arkiv","url":"https:\/\/ldo.no\/arkiv\/","logo":{"@type":"ImageObject","inLanguage":"nb-NO","@id":"https:\/\/ldo.no\/arkiv\/#\/schema\/logo\/image\/","url":"https:\/\/ldo.no\/content\/uploads\/sites\/2\/2025\/05\/Property-1Default.svg","contentUrl":"https:\/\/ldo.no\/content\/uploads\/sites\/2\/2025\/05\/Property-1Default.svg","caption":"LDO Arkiv"},"image":{"@id":"https:\/\/ldo.no\/arkiv\/#\/schema\/logo\/image\/"}}]}},"_links":{"self":[{"href":"https:\/\/ldo.no\/arkiv\/wp-json\/wp\/v2\/ldo-complaint\/15622"}],"collection":[{"href":"https:\/\/ldo.no\/arkiv\/wp-json\/wp\/v2\/ldo-complaint"}],"about":[{"href":"https:\/\/ldo.no\/arkiv\/wp-json\/wp\/v2\/types\/ldo-complaint"}],"version-history":[{"count":0,"href":"https:\/\/ldo.no\/arkiv\/wp-json\/wp\/v2\/ldo-complaint\/15622\/revisions"}],"wp:attachment":[{"href":"https:\/\/ldo.no\/arkiv\/wp-json\/wp\/v2\/media?parent=15622"}],"wp:term":[{"taxonomy":"ldo-archive-year","embeddable":true,"href":"https:\/\/ldo.no\/arkiv\/wp-json\/wp\/v2\/ldo-archive-year?post=15622"}],"curies":[{"name":"wp","href":"https:\/\/api.w.org\/{rel}","templated":true}]}}

<h1>Familie med taterbakgrunn avvist fra campingplass</h1>
<article class="base-article inside">
<header>
<div class="row">
<div class="col-sm-12">
</div>
</div>
</header>
<section>
<section class="lead">
<p>Likestillings og diskrimineringsombudet kom til at Olavsberget camping og badeplass diskriminerte en familie med taterbakgrunn da de ikke fikk bli på campingplassen lenger enn en natt. Likestillings- og diskrimineringsnemnda omgjorde uttalelsen. </p>
</section>
<section>
<p>En mann klaget til ombudet fordi han mente at han og hans familie ble gitt begrenset adgang til Olavsberget camping og badeplass på grunn av deres etniske bakgrunn som tater.</p>
<p>Mannen reiste med sin ektefelle og sønn. De kjørte to biler, som hadde en vogn hver. Han og hans ektefelle ønsket å bli på campingplassen i tre til fire dager. Han hevder at de ble møtt i porten av eieren av campingplassen og fikk beskjed om at de ikke var ønsket som gjester. </p>
<p>Han påstår at eieren oppga ulike grunner for dette; først at bilene deres var for store, dernest at vognene var for store, og til sist at det var nysådd. Til slutt fikk de tilbud om å overnatte en natt mot at bilene ble parkert i veikanten, utenfor campingplassen. Klager oppfattet dette som en avvisning, og besluttet derfor å dra videre.</p>
<h2>For stor bil</h2>
<p>Olavsberget camping og badeplass benektet at bortvisningen hadde noe med hans etniske bakgrunn å gjøre. Eieren av campingplassen hevder at bilen var for stor og at de derfor måtte parkere på anvist plass utenfor campingplassen. </p>
<p>Etter ombudets vurdering ble det ikke godtgjort at belegget på campingplassen denne dagen var så stort at det ikke var mulig å ta inn klagers bil i tillegg. Campingplassens forklaring om at bilen var for stor, fremstod derfor som et vikarierende argument for ikke å slippe han inn. </p>
<h2>Utilstrekkelige begrunnelser</h2>
<p>Ombudet ba spesielt om å få opplyst hvorvidt campingplassen har retningslinjer som setter rammer for biler av ulike størrelser. Dersom dette ikke var tilfelle, ønsket ombudet å få opplyst hvorfor bilen til klager ble vurdert som for stor, særlig med tanke på at han har fått adgang til andre campingsteder med samme bilen. Innehaveren av Olavsberget redegjorde ikke for dette. </p>
<p>Etter ombudets vurdering er ikke en uttalelse om at bilen var for stor, en tilstrekkelig begrunnelse for at klager og hans familie ble ilagt restriksjoner da de ville ta inn på campingplassen. </p>
<p>Det ble også hevdet at deler av campingplassområdet var nysådd og ombudet ble forelagt et bilde av et nysådd område. Bildet var ikke datert. </p>
<p>Videre uttalte campingeier at vedkommende ”husker meget godt at de kom fredag 25. juli som var siste fredagen i fellesferien”. Ombudet hadde mottatt klagen 1. juli 2008. Dette bekrefter at det forholdet som er gjort til gjenstad for vurdering i denne saken ikke fant sted 25. juli 2008. </p>
<p>Uavhengig av om dette er en feilreferering av faktum har ombudet merket seg at det også hevdes at det var ”den siste dagen i fellesferien”. Ombudet understreket at 25. juni 2008 ikke kan anses for å ”være i sluttperioden av fellesferien”. Ombudet stilte seg derfor tvilende til campingeiers versjon av saken. </p>
<h2>Ulik konklusjon i LDO og nemnda</h2>
<p>Likestillings- og diskrimineringsombudet konkluderte at Olavsberget camping og badeplass ikke har sannsynliggjort at det er andre grunner enn etnisitet som var årsaken til at klager kun fikk overnatte en natt, forutsatt at bilen ble parkert utenfor.</p>
<p>Likestillings- og diskrimineringsombudets uttalelse ble brakt inn for Likestillings- og diskrimineringsnemnda som omgjorde ombudets uttalelse.</p>
<p><span>Les ombudets uttalelse (pdf)</span></p>
<p><span>Les nemndas vurdering</span></p>
<p><strong>Saksnummer: 08/1025<br />Diskrimineringsgrunnlag: Etnisitet<br />Lovanvendelse: Diskrimineringsloven § 4</strong></p>
</section>
</section>
</article>

<p>Likestillings og diskrimineringsombudet kom til at Olavsberget camping og badeplass diskriminerte en familie med taterbakgrunn da de ikke fikk bli på campingplassen lenger enn en natt. Likestillings- og diskrimineringsnemnda omgjorde uttalelsen.</p>

<!-- This site is optimized with the Yoast SEO plugin v22.9 - https://yoast.com/wordpress/plugins/seo/ -->
<title>Familie med taterbakgrunn avvist fra campingplass - Arkiv</title>
<meta name="robots" content="index, follow, max-snippet:-1, max-image-preview:large, max-video-preview:-1" />
<link rel="canonical" href="https://ldo.no/arkiv/klagesaker/2009-person-med-taterbakgrunn-ble-avvist-fra-campingplass/" />
<meta property="og:locale" content="nb_NO" />
<meta property="og:type" content="article" />
<meta property="og:title" content="Familie med taterbakgrunn avvist fra campingplass - Arkiv" />
<meta property="og:description" content="Likestillings og diskrimineringsombudet kom til at Olavsberget camping og badeplass diskriminerte en familie med taterbakgrunn da de ikke fikk bli på campingplassen lenger enn en natt. Likestillings- og diskrimineringsnemnda omgjorde uttalelsen." />
<meta property="og:url" content="https://ldo.no/arkiv/klagesaker/2009-person-med-taterbakgrunn-ble-avvist-fra-campingplass/" />
<meta property="og:site_name" content="Arkiv" />
<meta name="twitter:card" content="summary_large_image" />
<meta name="twitter:label1" content="Ansl. lesetid" />
	<meta name="twitter:data1" content="3 minutter" />
<script type="application/ld+json" class="yoast-schema-graph">{"@context":"https://schema.org","@graph":[{"@type":"WebPage","@id":"https://ldo.no/arkiv/klagesaker/2009-person-med-taterbakgrunn-ble-avvist-fra-campingplass/","url":"https://ldo.no/arkiv/klagesaker/2009-person-med-taterbakgrunn-ble-avvist-fra-campingplass/","name":"Familie med taterbakgrunn avvist fra campingplass - Arkiv","isPartOf":{"@id":"https://ldo.no/arkiv/#website"},"datePublished":"2009-01-01T00:00:00+00:00","dateModified":"2009-01-01T00:00:00+00:00","breadcrumb":{"@id":"https://ldo.no/arkiv/klagesaker/2009-person-med-taterbakgrunn-ble-avvist-fra-campingplass/#breadcrumb"},"inLanguage":"nb-NO","potentialAction":[{"@type":"ReadAction","target":["https://ldo.no/arkiv/klagesaker/2009-person-med-taterbakgrunn-ble-avvist-fra-campingplass/"]}]},{"@type":"BreadcrumbList","@id":"https://ldo.no/arkiv/klagesaker/2009-person-med-taterbakgrunn-ble-avvist-fra-campingplass/#breadcrumb","itemListElement":[{"@type":"ListItem","position":1,"name":"Arkiv","item":"https://ldo.no/arkiv/"},{"@type":"ListItem","position":2,"name":"Klagesaker","item":"https://ldo.no/arkiv/?post-type=ldo-complaint"},{"@type":"ListItem","position":3,"name":"Familie med taterbakgrunn avvist fra campingplass"}]},{"@type":"WebSite","@id":"https://ldo.no/arkiv/#website","url":"https://ldo.no/arkiv/","name":"LDO Arkiv","description":"Dette er ombudets arkiv. Her finner du klagesaker som ombudet i sin tid behandlet fra 1996 til 2017. Klagesaker utover dette finner du på Diskrimineringsnemndas hjemmeside. På disse arkivsidene finner du også eldre høringssvar som strekker seg fra 2023 og tilbake til 2006. Nyere høringssvar finner du på Publikasjoner, som du kan besøke ved å klikke på menyknappen øverst i høyre hjørne.","publisher":{"@id":"https://ldo.no/arkiv/#organization"},"potentialAction":[{"@type":"SearchAction","target":{"@type":"EntryPoint","urlTemplate":"https://ldo.no/arkiv/?s={search_term_string}"},"query-input":"required name=search_term_string"}],"inLanguage":"nb-NO"},{"@type":"Organization","@id":"https://ldo.no/arkiv/#organization","name":"LDO Arkiv","url":"https://ldo.no/arkiv/","logo":{"@type":"ImageObject","inLanguage":"nb-NO","@id":"https://ldo.no/arkiv/#/schema/logo/image/","url":"https://ldo.no/content/uploads/sites/2/2025/05/Property-1Default.svg","contentUrl":"https://ldo.no/content/uploads/sites/2/2025/05/Property-1Default.svg","caption":"LDO Arkiv"},"image":{"@id":"https://ldo.no/arkiv/#/schema/logo/image/"}}]}</script>
<!-- / Yoast SEO plugin. -->

Likestillings og diskrimineringsombudet kom til at Olavsberget camping og badeplass diskriminerte en familie med taterbakgrunn da de ikke fikk bli på campingplassen lenger enn en natt. Likestillings- og diskrimineringsnemnda omgjorde uttalelsen.

Dette er ombudets arkiv. Her finner du klagesaker som ombudet i sin tid behandlet fra 1996 til 2017. Klagesaker utover dette finner du på Diskrimineringsnemndas hjemmeside. På disse arkivsidene finner du også eldre høringssvar som strekker seg fra 2023 og tilbake til 2006. Nyere høringssvar finner du på Publikasjoner, som du kan besøke ved å klikke på menyknappen øverst i høyre hjørne.
