{"id":15632,"date":"2009-01-01T00:00:00","date_gmt":"2009-01-01T00:00:00","guid":{"rendered":"https:\/\/ldo.local\/arkiv\/klagesaker\/2009-arbeidsgiver-forskjellsbehandlet-ikke-kvinne-ved-ansettelse-av-politistasjonssjef\/"},"modified":"2009-01-01T00:00:00","modified_gmt":"2009-01-01T00:00:00","slug":"2009-arbeidsgiver-forskjellsbehandlet-ikke-kvinne-ved-ansettelse-av-politistasjonssjef","status":"publish","type":"ldo-complaint","link":"https:\/\/ldo.no\/arkiv\/klagesaker\/2009-arbeidsgiver-forskjellsbehandlet-ikke-kvinne-ved-ansettelse-av-politistasjonssjef\/","title":{"rendered":"Arbeidsgiver forskjellsbehandlet ikke kvinne ved ansettelse av politistasjonssjef"},"content":{"rendered":"<article class=\"base-article inside\">\n<header>\n<div class=\"row\">\n<div class=\"col-sm-12\">\n<\/div>\n<\/div>\n<h1>\nArbeidsgiver forskjellsbehandlet ikke kvinne ved ansettelse av politistasjonssjef<br \/>\n<\/h1>\n<\/header>\n<section>\n<section class=\"lead\">\nEn kvinne mente politimesteren hadde lagt vekt p\u00e5 at hun er kvinne ved ansettelse av politistasjonssjef. Kvinnen ble innkalt til intervju men ikke ansatt. Kvinnen var den av de aktuelle kandidaten med klart lengst ledererfaring, og hun mente derfor at hun var bedre kvalifisert enn de mannlige s\u00f8kerne som ble innkalt til intervju.<br \/>\n<\/section>\n<section>\n<p>Ombudet kom frem til at det var grunn til \u00e5 tro at kvinnen var forskjellsbehandlet p\u00e5 grunn av kj\u00f8nn. Grunnen til dette var at hun basert p\u00e5 en vurdering av utdannelse og arbeidserfaring, var den som fremsto best kvalifisert av de aktuelle kandidatene til politistasjonssjefstillingen. <\/p>\n<p>Politidistriktet m\u00e5tte etter dette sannsynliggj\u00f8re at det var andre grunner enn kvinnens kj\u00f8nn som var \u00e5rsaken til at hun ikke ble ansatt. Arbeidsgiveren dokumenterte at det var andre omstendigheter som \u00e5rsak til at kvinnen ikke ble ansatt. I intervjuet hadde kvinnen v\u00e6rt den av s\u00f8kerne som hadde fremst\u00e5tt minst reflektert n\u00e5r det gjaldt sp\u00f8rsm\u00e5l om utfordringer ved stillingen som politistasjonssjef. Ombudet konkluderte derfor med at politidistriktet ikke hadde handlet i strid med likestillingsloven da den kvinnelige s\u00f8keren ikke ble tilsatt.<\/p>\n<p><strong>Diskrimineringsgrunnlag: Kj\u00f8nn<br \/>Saksnummer: 08\/1395<br \/>Lovanvendelsen: Likestillingsloven \u00a7 4 annet ledd, jf. \u00a7 3<\/strong><\/p>\n<\/section>\n<\/section>\n<\/article>\n","protected":false},"excerpt":{"rendered":"<p>En kvinne mente politimesteren hadde lagt vekt p\u00e5 at hun er kvinne ved ansettelse av politistasjonssjef. Kvinnen ble innkalt til intervju men ikke ansatt. Kvinnen var den av de aktuelle kandidaten med klart lengst ledererfaring, og hun mente derfor at hun var bedre kvalifisert enn de mannlige s\u00f8kerne som ble innkalt til intervju.<\/p>\n","protected":false},"template":"","meta":{"footnotes":""},"ldo-archive-year":[21],"class_list":["post-15632","ldo-complaint","type-ldo-complaint","status-publish","hentry","ldo-archive-year-21"],"yoast_head":"<!-- This site is optimized with the Yoast SEO plugin v22.9 - https:\/\/yoast.com\/wordpress\/plugins\/seo\/ -->\n<title>Arbeidsgiver forskjellsbehandlet ikke kvinne ved ansettelse av politistasjonssjef - Arkiv<\/title>\n<meta name=\"robots\" content=\"index, follow, max-snippet:-1, max-image-preview:large, max-video-preview:-1\" \/>\n<link rel=\"canonical\" href=\"https:\/\/ldo.no\/arkiv\/klagesaker\/2009-arbeidsgiver-forskjellsbehandlet-ikke-kvinne-ved-ansettelse-av-politistasjonssjef\/\" \/>\n<meta property=\"og:locale\" content=\"nb_NO\" \/>\n<meta property=\"og:type\" content=\"article\" \/>\n<meta property=\"og:title\" content=\"Arbeidsgiver forskjellsbehandlet ikke kvinne ved ansettelse av politistasjonssjef - Arkiv\" \/>\n<meta property=\"og:description\" content=\"En kvinne mente politimesteren hadde lagt vekt p\u00e5 at hun er kvinne ved ansettelse av politistasjonssjef. Kvinnen ble innkalt til intervju men ikke ansatt. Kvinnen var den av de aktuelle kandidaten med klart lengst ledererfaring, og hun mente derfor at hun var bedre kvalifisert enn de mannlige s\u00f8kerne som ble innkalt til intervju.\" \/>\n<meta property=\"og:url\" content=\"https:\/\/ldo.no\/arkiv\/klagesaker\/2009-arbeidsgiver-forskjellsbehandlet-ikke-kvinne-ved-ansettelse-av-politistasjonssjef\/\" \/>\n<meta property=\"og:site_name\" content=\"Arkiv\" \/>\n<meta name=\"twitter:card\" content=\"summary_large_image\" \/>\n<meta name=\"twitter:label1\" content=\"Ansl. lesetid\" \/>\n\t<meta name=\"twitter:data1\" content=\"1 minutt\" \/>\n<script type=\"application\/ld+json\" class=\"yoast-schema-graph\">{\"@context\":\"https:\/\/schema.org\",\"@graph\":[{\"@type\":\"WebPage\",\"@id\":\"https:\/\/ldo.no\/arkiv\/klagesaker\/2009-arbeidsgiver-forskjellsbehandlet-ikke-kvinne-ved-ansettelse-av-politistasjonssjef\/\",\"url\":\"https:\/\/ldo.no\/arkiv\/klagesaker\/2009-arbeidsgiver-forskjellsbehandlet-ikke-kvinne-ved-ansettelse-av-politistasjonssjef\/\",\"name\":\"Arbeidsgiver forskjellsbehandlet ikke kvinne ved ansettelse av politistasjonssjef - Arkiv\",\"isPartOf\":{\"@id\":\"https:\/\/ldo.no\/arkiv\/#website\"},\"datePublished\":\"2009-01-01T00:00:00+00:00\",\"dateModified\":\"2009-01-01T00:00:00+00:00\",\"breadcrumb\":{\"@id\":\"https:\/\/ldo.no\/arkiv\/klagesaker\/2009-arbeidsgiver-forskjellsbehandlet-ikke-kvinne-ved-ansettelse-av-politistasjonssjef\/#breadcrumb\"},\"inLanguage\":\"nb-NO\",\"potentialAction\":[{\"@type\":\"ReadAction\",\"target\":[\"https:\/\/ldo.no\/arkiv\/klagesaker\/2009-arbeidsgiver-forskjellsbehandlet-ikke-kvinne-ved-ansettelse-av-politistasjonssjef\/\"]}]},{\"@type\":\"BreadcrumbList\",\"@id\":\"https:\/\/ldo.no\/arkiv\/klagesaker\/2009-arbeidsgiver-forskjellsbehandlet-ikke-kvinne-ved-ansettelse-av-politistasjonssjef\/#breadcrumb\",\"itemListElement\":[{\"@type\":\"ListItem\",\"position\":1,\"name\":\"Arkiv\",\"item\":\"https:\/\/ldo.no\/arkiv\/\"},{\"@type\":\"ListItem\",\"position\":2,\"name\":\"Klagesaker\",\"item\":\"https:\/\/ldo.no\/arkiv\/?post-type=ldo-complaint\"},{\"@type\":\"ListItem\",\"position\":3,\"name\":\"Arbeidsgiver forskjellsbehandlet ikke kvinne ved ansettelse av politistasjonssjef\"}]},{\"@type\":\"WebSite\",\"@id\":\"https:\/\/ldo.no\/arkiv\/#website\",\"url\":\"https:\/\/ldo.no\/arkiv\/\",\"name\":\"LDO Arkiv\",\"description\":\"Dette er ombudets arkiv. Her finner du klagesaker som ombudet i sin tid behandlet fra 1996 til 2017. Klagesaker utover dette finner du p\u00e5 Diskrimineringsnemndas hjemmeside. P\u00e5 disse arkivsidene finner du ogs\u00e5 eldre h\u00f8ringssvar som strekker seg fra 2023 og tilbake til 2006. Nyere h\u00f8ringssvar finner du p\u00e5 Publikasjoner, som du kan bes\u00f8ke ved \u00e5 klikke p\u00e5 menyknappen \u00f8verst i h\u00f8yre hj\u00f8rne.\",\"publisher\":{\"@id\":\"https:\/\/ldo.no\/arkiv\/#organization\"},\"potentialAction\":[{\"@type\":\"SearchAction\",\"target\":{\"@type\":\"EntryPoint\",\"urlTemplate\":\"https:\/\/ldo.no\/arkiv\/?s={search_term_string}\"},\"query-input\":\"required name=search_term_string\"}],\"inLanguage\":\"nb-NO\"},{\"@type\":\"Organization\",\"@id\":\"https:\/\/ldo.no\/arkiv\/#organization\",\"name\":\"LDO Arkiv\",\"url\":\"https:\/\/ldo.no\/arkiv\/\",\"logo\":{\"@type\":\"ImageObject\",\"inLanguage\":\"nb-NO\",\"@id\":\"https:\/\/ldo.no\/arkiv\/#\/schema\/logo\/image\/\",\"url\":\"https:\/\/ldo.no\/content\/uploads\/sites\/2\/2025\/05\/Property-1Default.svg\",\"contentUrl\":\"https:\/\/ldo.no\/content\/uploads\/sites\/2\/2025\/05\/Property-1Default.svg\",\"caption\":\"LDO Arkiv\"},\"image\":{\"@id\":\"https:\/\/ldo.no\/arkiv\/#\/schema\/logo\/image\/\"}}]}<\/script>\n<!-- \/ Yoast SEO plugin. -->","yoast_head_json":{"title":"Arbeidsgiver forskjellsbehandlet ikke kvinne ved ansettelse av politistasjonssjef - Arkiv","robots":{"index":"index","follow":"follow","max-snippet":"max-snippet:-1","max-image-preview":"max-image-preview:large","max-video-preview":"max-video-preview:-1"},"canonical":"https:\/\/ldo.no\/arkiv\/klagesaker\/2009-arbeidsgiver-forskjellsbehandlet-ikke-kvinne-ved-ansettelse-av-politistasjonssjef\/","og_locale":"nb_NO","og_type":"article","og_title":"Arbeidsgiver forskjellsbehandlet ikke kvinne ved ansettelse av politistasjonssjef - Arkiv","og_description":"En kvinne mente politimesteren hadde lagt vekt p\u00e5 at hun er kvinne ved ansettelse av politistasjonssjef. Kvinnen ble innkalt til intervju men ikke ansatt. Kvinnen var den av de aktuelle kandidaten med klart lengst ledererfaring, og hun mente derfor at hun var bedre kvalifisert enn de mannlige s\u00f8kerne som ble innkalt til intervju.","og_url":"https:\/\/ldo.no\/arkiv\/klagesaker\/2009-arbeidsgiver-forskjellsbehandlet-ikke-kvinne-ved-ansettelse-av-politistasjonssjef\/","og_site_name":"Arkiv","twitter_card":"summary_large_image","twitter_misc":{"Ansl. lesetid":"1 minutt"},"schema":{"@context":"https:\/\/schema.org","@graph":[{"@type":"WebPage","@id":"https:\/\/ldo.no\/arkiv\/klagesaker\/2009-arbeidsgiver-forskjellsbehandlet-ikke-kvinne-ved-ansettelse-av-politistasjonssjef\/","url":"https:\/\/ldo.no\/arkiv\/klagesaker\/2009-arbeidsgiver-forskjellsbehandlet-ikke-kvinne-ved-ansettelse-av-politistasjonssjef\/","name":"Arbeidsgiver forskjellsbehandlet ikke kvinne ved ansettelse av politistasjonssjef - Arkiv","isPartOf":{"@id":"https:\/\/ldo.no\/arkiv\/#website"},"datePublished":"2009-01-01T00:00:00+00:00","dateModified":"2009-01-01T00:00:00+00:00","breadcrumb":{"@id":"https:\/\/ldo.no\/arkiv\/klagesaker\/2009-arbeidsgiver-forskjellsbehandlet-ikke-kvinne-ved-ansettelse-av-politistasjonssjef\/#breadcrumb"},"inLanguage":"nb-NO","potentialAction":[{"@type":"ReadAction","target":["https:\/\/ldo.no\/arkiv\/klagesaker\/2009-arbeidsgiver-forskjellsbehandlet-ikke-kvinne-ved-ansettelse-av-politistasjonssjef\/"]}]},{"@type":"BreadcrumbList","@id":"https:\/\/ldo.no\/arkiv\/klagesaker\/2009-arbeidsgiver-forskjellsbehandlet-ikke-kvinne-ved-ansettelse-av-politistasjonssjef\/#breadcrumb","itemListElement":[{"@type":"ListItem","position":1,"name":"Arkiv","item":"https:\/\/ldo.no\/arkiv\/"},{"@type":"ListItem","position":2,"name":"Klagesaker","item":"https:\/\/ldo.no\/arkiv\/?post-type=ldo-complaint"},{"@type":"ListItem","position":3,"name":"Arbeidsgiver forskjellsbehandlet ikke kvinne ved ansettelse av politistasjonssjef"}]},{"@type":"WebSite","@id":"https:\/\/ldo.no\/arkiv\/#website","url":"https:\/\/ldo.no\/arkiv\/","name":"LDO Arkiv","description":"Dette er ombudets arkiv. Her finner du klagesaker som ombudet i sin tid behandlet fra 1996 til 2017. Klagesaker utover dette finner du p\u00e5 Diskrimineringsnemndas hjemmeside. P\u00e5 disse arkivsidene finner du ogs\u00e5 eldre h\u00f8ringssvar som strekker seg fra 2023 og tilbake til 2006. Nyere h\u00f8ringssvar finner du p\u00e5 Publikasjoner, som du kan bes\u00f8ke ved \u00e5 klikke p\u00e5 menyknappen \u00f8verst i h\u00f8yre hj\u00f8rne.","publisher":{"@id":"https:\/\/ldo.no\/arkiv\/#organization"},"potentialAction":[{"@type":"SearchAction","target":{"@type":"EntryPoint","urlTemplate":"https:\/\/ldo.no\/arkiv\/?s={search_term_string}"},"query-input":"required name=search_term_string"}],"inLanguage":"nb-NO"},{"@type":"Organization","@id":"https:\/\/ldo.no\/arkiv\/#organization","name":"LDO Arkiv","url":"https:\/\/ldo.no\/arkiv\/","logo":{"@type":"ImageObject","inLanguage":"nb-NO","@id":"https:\/\/ldo.no\/arkiv\/#\/schema\/logo\/image\/","url":"https:\/\/ldo.no\/content\/uploads\/sites\/2\/2025\/05\/Property-1Default.svg","contentUrl":"https:\/\/ldo.no\/content\/uploads\/sites\/2\/2025\/05\/Property-1Default.svg","caption":"LDO Arkiv"},"image":{"@id":"https:\/\/ldo.no\/arkiv\/#\/schema\/logo\/image\/"}}]}},"_links":{"self":[{"href":"https:\/\/ldo.no\/arkiv\/wp-json\/wp\/v2\/ldo-complaint\/15632"}],"collection":[{"href":"https:\/\/ldo.no\/arkiv\/wp-json\/wp\/v2\/ldo-complaint"}],"about":[{"href":"https:\/\/ldo.no\/arkiv\/wp-json\/wp\/v2\/types\/ldo-complaint"}],"version-history":[{"count":0,"href":"https:\/\/ldo.no\/arkiv\/wp-json\/wp\/v2\/ldo-complaint\/15632\/revisions"}],"wp:attachment":[{"href":"https:\/\/ldo.no\/arkiv\/wp-json\/wp\/v2\/media?parent=15632"}],"wp:term":[{"taxonomy":"ldo-archive-year","embeddable":true,"href":"https:\/\/ldo.no\/arkiv\/wp-json\/wp\/v2\/ldo-archive-year?post=15632"}],"curies":[{"name":"wp","href":"https:\/\/api.w.org\/{rel}","templated":true}]}}

<article class="base-article inside">
<header>
<div class="row">
<div class="col-sm-12">
</div>
</div>
<h1>
Arbeidsgiver forskjellsbehandlet ikke kvinne ved ansettelse av politistasjonssjef<br />
</h1>
</header>
<section>
<section class="lead">
En kvinne mente politimesteren hadde lagt vekt på at hun er kvinne ved ansettelse av politistasjonssjef. Kvinnen ble innkalt til intervju men ikke ansatt. Kvinnen var den av de aktuelle kandidaten med klart lengst ledererfaring, og hun mente derfor at hun var bedre kvalifisert enn de mannlige søkerne som ble innkalt til intervju.<br />
</section>
<section>
<p>Ombudet kom frem til at det var grunn til å tro at kvinnen var forskjellsbehandlet på grunn av kjønn. Grunnen til dette var at hun basert på en vurdering av utdannelse og arbeidserfaring, var den som fremsto best kvalifisert av de aktuelle kandidatene til politistasjonssjefstillingen. </p>
<p>Politidistriktet måtte etter dette sannsynliggjøre at det var andre grunner enn kvinnens kjønn som var årsaken til at hun ikke ble ansatt. Arbeidsgiveren dokumenterte at det var andre omstendigheter som årsak til at kvinnen ikke ble ansatt. I intervjuet hadde kvinnen vært den av søkerne som hadde fremstått minst reflektert når det gjaldt spørsmål om utfordringer ved stillingen som politistasjonssjef. Ombudet konkluderte derfor med at politidistriktet ikke hadde handlet i strid med likestillingsloven da den kvinnelige søkeren ikke ble tilsatt.</p>
<p><strong>Diskrimineringsgrunnlag: Kjønn<br />Saksnummer: 08/1395<br />Lovanvendelsen: Likestillingsloven § 4 annet ledd, jf. § 3</strong></p>
</section>
</section>
</article>

<p>En kvinne mente politimesteren hadde lagt vekt på at hun er kvinne ved ansettelse av politistasjonssjef. Kvinnen ble innkalt til intervju men ikke ansatt. Kvinnen var den av de aktuelle kandidaten med klart lengst ledererfaring, og hun mente derfor at hun var bedre kvalifisert enn de mannlige søkerne som ble innkalt til intervju.</p>

<!-- This site is optimized with the Yoast SEO plugin v22.9 - https://yoast.com/wordpress/plugins/seo/ -->
<title>Arbeidsgiver forskjellsbehandlet ikke kvinne ved ansettelse av politistasjonssjef - Arkiv</title>
<meta name="robots" content="index, follow, max-snippet:-1, max-image-preview:large, max-video-preview:-1" />
<link rel="canonical" href="https://ldo.no/arkiv/klagesaker/2009-arbeidsgiver-forskjellsbehandlet-ikke-kvinne-ved-ansettelse-av-politistasjonssjef/" />
<meta property="og:locale" content="nb_NO" />
<meta property="og:type" content="article" />
<meta property="og:title" content="Arbeidsgiver forskjellsbehandlet ikke kvinne ved ansettelse av politistasjonssjef - Arkiv" />
<meta property="og:description" content="En kvinne mente politimesteren hadde lagt vekt på at hun er kvinne ved ansettelse av politistasjonssjef. Kvinnen ble innkalt til intervju men ikke ansatt. Kvinnen var den av de aktuelle kandidaten med klart lengst ledererfaring, og hun mente derfor at hun var bedre kvalifisert enn de mannlige søkerne som ble innkalt til intervju." />
<meta property="og:url" content="https://ldo.no/arkiv/klagesaker/2009-arbeidsgiver-forskjellsbehandlet-ikke-kvinne-ved-ansettelse-av-politistasjonssjef/" />
<meta property="og:site_name" content="Arkiv" />
<meta name="twitter:card" content="summary_large_image" />
<meta name="twitter:label1" content="Ansl. lesetid" />
	<meta name="twitter:data1" content="1 minutt" />
<script type="application/ld+json" class="yoast-schema-graph">{"@context":"https://schema.org","@graph":[{"@type":"WebPage","@id":"https://ldo.no/arkiv/klagesaker/2009-arbeidsgiver-forskjellsbehandlet-ikke-kvinne-ved-ansettelse-av-politistasjonssjef/","url":"https://ldo.no/arkiv/klagesaker/2009-arbeidsgiver-forskjellsbehandlet-ikke-kvinne-ved-ansettelse-av-politistasjonssjef/","name":"Arbeidsgiver forskjellsbehandlet ikke kvinne ved ansettelse av politistasjonssjef - Arkiv","isPartOf":{"@id":"https://ldo.no/arkiv/#website"},"datePublished":"2009-01-01T00:00:00+00:00","dateModified":"2009-01-01T00:00:00+00:00","breadcrumb":{"@id":"https://ldo.no/arkiv/klagesaker/2009-arbeidsgiver-forskjellsbehandlet-ikke-kvinne-ved-ansettelse-av-politistasjonssjef/#breadcrumb"},"inLanguage":"nb-NO","potentialAction":[{"@type":"ReadAction","target":["https://ldo.no/arkiv/klagesaker/2009-arbeidsgiver-forskjellsbehandlet-ikke-kvinne-ved-ansettelse-av-politistasjonssjef/"]}]},{"@type":"BreadcrumbList","@id":"https://ldo.no/arkiv/klagesaker/2009-arbeidsgiver-forskjellsbehandlet-ikke-kvinne-ved-ansettelse-av-politistasjonssjef/#breadcrumb","itemListElement":[{"@type":"ListItem","position":1,"name":"Arkiv","item":"https://ldo.no/arkiv/"},{"@type":"ListItem","position":2,"name":"Klagesaker","item":"https://ldo.no/arkiv/?post-type=ldo-complaint"},{"@type":"ListItem","position":3,"name":"Arbeidsgiver forskjellsbehandlet ikke kvinne ved ansettelse av politistasjonssjef"}]},{"@type":"WebSite","@id":"https://ldo.no/arkiv/#website","url":"https://ldo.no/arkiv/","name":"LDO Arkiv","description":"Dette er ombudets arkiv. Her finner du klagesaker som ombudet i sin tid behandlet fra 1996 til 2017. Klagesaker utover dette finner du på Diskrimineringsnemndas hjemmeside. På disse arkivsidene finner du også eldre høringssvar som strekker seg fra 2023 og tilbake til 2006. Nyere høringssvar finner du på Publikasjoner, som du kan besøke ved å klikke på menyknappen øverst i høyre hjørne.","publisher":{"@id":"https://ldo.no/arkiv/#organization"},"potentialAction":[{"@type":"SearchAction","target":{"@type":"EntryPoint","urlTemplate":"https://ldo.no/arkiv/?s={search_term_string}"},"query-input":"required name=search_term_string"}],"inLanguage":"nb-NO"},{"@type":"Organization","@id":"https://ldo.no/arkiv/#organization","name":"LDO Arkiv","url":"https://ldo.no/arkiv/","logo":{"@type":"ImageObject","inLanguage":"nb-NO","@id":"https://ldo.no/arkiv/#/schema/logo/image/","url":"https://ldo.no/content/uploads/sites/2/2025/05/Property-1Default.svg","contentUrl":"https://ldo.no/content/uploads/sites/2/2025/05/Property-1Default.svg","caption":"LDO Arkiv"},"image":{"@id":"https://ldo.no/arkiv/#/schema/logo/image/"}}]}</script>
<!-- / Yoast SEO plugin. -->

En kvinne mente politimesteren hadde lagt vekt på at hun er kvinne ved ansettelse av politistasjonssjef. Kvinnen ble innkalt til intervju men ikke ansatt. Kvinnen var den av de aktuelle kandidaten med klart lengst ledererfaring, og hun mente derfor at hun var bedre kvalifisert enn de mannlige søkerne som ble innkalt til intervju.

Dette er ombudets arkiv. Her finner du klagesaker som ombudet i sin tid behandlet fra 1996 til 2017. Klagesaker utover dette finner du på Diskrimineringsnemndas hjemmeside. På disse arkivsidene finner du også eldre høringssvar som strekker seg fra 2023 og tilbake til 2006. Nyere høringssvar finner du på Publikasjoner, som du kan besøke ved å klikke på menyknappen øverst i høyre hjørne.
