{"id":15635,"date":"2009-01-01T00:00:00","date_gmt":"2009-01-01T00:00:00","guid":{"rendered":"https:\/\/ldo.local\/arkiv\/klagesaker\/2009-mann-bortvist-fra-campingplass-pa-grunn-av-etnisk-bakgrunn\/"},"modified":"2009-01-01T00:00:00","modified_gmt":"2009-01-01T00:00:00","slug":"2009-mann-bortvist-fra-campingplass-pa-grunn-av-etnisk-bakgrunn","status":"publish","type":"ldo-complaint","link":"https:\/\/ldo.no\/arkiv\/klagesaker\/2009-mann-bortvist-fra-campingplass-pa-grunn-av-etnisk-bakgrunn\/","title":{"rendered":"Mann bortvist fra campingplass p\u00e5 grunn av etnisk bakgrunn"},"content":{"rendered":"<h1>Mann bortvist fra campingplass p\u00e5 grunn av etnisk bakgrunn<\/h1>\n<article class=\"base-article inside\">\n<header>\n<div class=\"row\">\n<div class=\"col-sm-12\">\n<\/div>\n<\/div>\n<\/header>\n<section>\n<section class=\"lead\">\n<p>Ombudet har kommet til at Prinsen camping og badeplass diskriminerte en mann med bakgrunn som tater da han ble bortvist fra campingplassen.<\/p>\n<\/section>\n<section>\n<p>Mannen klaget til ombudet etter at han fikk beskjed av eieren ved Prinsen camping at han ikke var \u00f8nsket der. <\/p>\n<p>Innehaveren av campingstedet hevdet at \u00e5rsaken til bortvisningen var at han kjente igjen mannen fra en konflikt tilbake i 1981, i tillegg til en negativ hendelse som skal ha skjedd i 2000. <\/p>\n<p>Innehaveren hevder at hendelsen i 1981 ble politianmeldt. Mannen benekter \u00e5 ha kjennskap til episoden. Ombudet finner ikke grunn til \u00e5 tillegge disse uenighetene s\u00e6rlig vekt, fordi innehaveren ikke la frem politianmeldelsen. N\u00e5r ikke slik dokumentasjon er fremlagt, finner ombudet ikke grunn til \u00e5 legge vekt p\u00e5 en p\u00e5st\u00e5tt hendelse som skal ha funnet sted for n\u00e6rmere 30 \u00e5r siden. <\/p>\n<p>Ombudet bemerket ogs\u00e5 at henvisning til tidligere negative hendelser m\u00e5 tillegges begrenset verdi n\u00e5r det er snakk om hendelser som er skjedd flere \u00e5r tilbake. I motsatt fall m\u00e5 man kunne stille krav om at campingplassen, som en profesjonell part, dokumenterer at vedkommende er informert om at han\/hun er u\u00f8nsket for all fremtid. Ombudet la ogs\u00e5 til grunn at campingeier ikke redegjorde tilstrekkelig for at hendelsen i 2000 legitimerte en utestengelse av klager.<\/p>\n<p>P\u00e5 bakgrunn av en helhetsvurdering kom ombudet frem til at campingstedets anf\u00f8rsler ikke var egnet til \u00e5 svekke mistanken om at etnisitet spilte inn ved avvisningen. Prinsen camping og badeplass handlet i strid med diskrimineringsloven \u00a7 4 f\u00f8rste ledd.<\/p>\n<p><span>Les hele uttalelsen her (pdf)<\/span><\/p>\n<p><strong>Saksnummer: 08\/1191<br \/>Diskrimineringsgrunnlag: Etnisitet<br \/>Lovanvendelse: Diskrimineringsloven \u00a7 4<\/strong><\/p>\n<\/section>\n<\/section>\n<\/article>\n","protected":false},"excerpt":{"rendered":"<p>Ombudet har kommet til at Prinsen camping og badeplass diskriminerte en mann med bakgrunn som tater da han ble bortvist fra campingplassen.<\/p>\n","protected":false},"template":"","meta":{"footnotes":""},"ldo-archive-year":[21],"class_list":["post-15635","ldo-complaint","type-ldo-complaint","status-publish","hentry","ldo-archive-year-21"],"yoast_head":"<!-- This site is optimized with the Yoast SEO plugin v22.9 - https:\/\/yoast.com\/wordpress\/plugins\/seo\/ -->\n<title>Mann bortvist fra campingplass p\u00e5 grunn av etnisk bakgrunn - Arkiv<\/title>\n<meta name=\"robots\" content=\"index, follow, max-snippet:-1, max-image-preview:large, max-video-preview:-1\" \/>\n<link rel=\"canonical\" href=\"https:\/\/ldo.no\/arkiv\/klagesaker\/2009-mann-bortvist-fra-campingplass-pa-grunn-av-etnisk-bakgrunn\/\" \/>\n<meta property=\"og:locale\" content=\"nb_NO\" \/>\n<meta property=\"og:type\" content=\"article\" \/>\n<meta property=\"og:title\" content=\"Mann bortvist fra campingplass p\u00e5 grunn av etnisk bakgrunn - Arkiv\" \/>\n<meta property=\"og:description\" content=\"Ombudet har kommet til at Prinsen camping og badeplass diskriminerte en mann med bakgrunn som tater da han ble bortvist fra campingplassen.\" \/>\n<meta property=\"og:url\" content=\"https:\/\/ldo.no\/arkiv\/klagesaker\/2009-mann-bortvist-fra-campingplass-pa-grunn-av-etnisk-bakgrunn\/\" \/>\n<meta property=\"og:site_name\" content=\"Arkiv\" \/>\n<meta name=\"twitter:card\" content=\"summary_large_image\" \/>\n<meta name=\"twitter:label1\" content=\"Ansl. lesetid\" \/>\n\t<meta name=\"twitter:data1\" content=\"1 minutt\" \/>\n<script type=\"application\/ld+json\" class=\"yoast-schema-graph\">{\"@context\":\"https:\/\/schema.org\",\"@graph\":[{\"@type\":\"WebPage\",\"@id\":\"https:\/\/ldo.no\/arkiv\/klagesaker\/2009-mann-bortvist-fra-campingplass-pa-grunn-av-etnisk-bakgrunn\/\",\"url\":\"https:\/\/ldo.no\/arkiv\/klagesaker\/2009-mann-bortvist-fra-campingplass-pa-grunn-av-etnisk-bakgrunn\/\",\"name\":\"Mann bortvist fra campingplass p\u00e5 grunn av etnisk bakgrunn - Arkiv\",\"isPartOf\":{\"@id\":\"https:\/\/ldo.no\/arkiv\/#website\"},\"datePublished\":\"2009-01-01T00:00:00+00:00\",\"dateModified\":\"2009-01-01T00:00:00+00:00\",\"breadcrumb\":{\"@id\":\"https:\/\/ldo.no\/arkiv\/klagesaker\/2009-mann-bortvist-fra-campingplass-pa-grunn-av-etnisk-bakgrunn\/#breadcrumb\"},\"inLanguage\":\"nb-NO\",\"potentialAction\":[{\"@type\":\"ReadAction\",\"target\":[\"https:\/\/ldo.no\/arkiv\/klagesaker\/2009-mann-bortvist-fra-campingplass-pa-grunn-av-etnisk-bakgrunn\/\"]}]},{\"@type\":\"BreadcrumbList\",\"@id\":\"https:\/\/ldo.no\/arkiv\/klagesaker\/2009-mann-bortvist-fra-campingplass-pa-grunn-av-etnisk-bakgrunn\/#breadcrumb\",\"itemListElement\":[{\"@type\":\"ListItem\",\"position\":1,\"name\":\"Arkiv\",\"item\":\"https:\/\/ldo.no\/arkiv\/\"},{\"@type\":\"ListItem\",\"position\":2,\"name\":\"Klagesaker\",\"item\":\"https:\/\/ldo.no\/arkiv\/?post-type=ldo-complaint\"},{\"@type\":\"ListItem\",\"position\":3,\"name\":\"Mann bortvist fra campingplass p\u00e5 grunn av etnisk bakgrunn\"}]},{\"@type\":\"WebSite\",\"@id\":\"https:\/\/ldo.no\/arkiv\/#website\",\"url\":\"https:\/\/ldo.no\/arkiv\/\",\"name\":\"LDO Arkiv\",\"description\":\"Dette er ombudets arkiv. Her finner du klagesaker som ombudet i sin tid behandlet fra 1996 til 2017. Klagesaker utover dette finner du p\u00e5 Diskrimineringsnemndas hjemmeside. P\u00e5 disse arkivsidene finner du ogs\u00e5 eldre h\u00f8ringssvar som strekker seg fra 2023 og tilbake til 2006. Nyere h\u00f8ringssvar finner du p\u00e5 Publikasjoner, som du kan bes\u00f8ke ved \u00e5 klikke p\u00e5 menyknappen \u00f8verst i h\u00f8yre hj\u00f8rne.\",\"publisher\":{\"@id\":\"https:\/\/ldo.no\/arkiv\/#organization\"},\"potentialAction\":[{\"@type\":\"SearchAction\",\"target\":{\"@type\":\"EntryPoint\",\"urlTemplate\":\"https:\/\/ldo.no\/arkiv\/?s={search_term_string}\"},\"query-input\":\"required name=search_term_string\"}],\"inLanguage\":\"nb-NO\"},{\"@type\":\"Organization\",\"@id\":\"https:\/\/ldo.no\/arkiv\/#organization\",\"name\":\"LDO Arkiv\",\"url\":\"https:\/\/ldo.no\/arkiv\/\",\"logo\":{\"@type\":\"ImageObject\",\"inLanguage\":\"nb-NO\",\"@id\":\"https:\/\/ldo.no\/arkiv\/#\/schema\/logo\/image\/\",\"url\":\"https:\/\/ldo.no\/content\/uploads\/sites\/2\/2025\/05\/Property-1Default.svg\",\"contentUrl\":\"https:\/\/ldo.no\/content\/uploads\/sites\/2\/2025\/05\/Property-1Default.svg\",\"caption\":\"LDO Arkiv\"},\"image\":{\"@id\":\"https:\/\/ldo.no\/arkiv\/#\/schema\/logo\/image\/\"}}]}<\/script>\n<!-- \/ Yoast SEO plugin. -->","yoast_head_json":{"title":"Mann bortvist fra campingplass p\u00e5 grunn av etnisk bakgrunn - Arkiv","robots":{"index":"index","follow":"follow","max-snippet":"max-snippet:-1","max-image-preview":"max-image-preview:large","max-video-preview":"max-video-preview:-1"},"canonical":"https:\/\/ldo.no\/arkiv\/klagesaker\/2009-mann-bortvist-fra-campingplass-pa-grunn-av-etnisk-bakgrunn\/","og_locale":"nb_NO","og_type":"article","og_title":"Mann bortvist fra campingplass p\u00e5 grunn av etnisk bakgrunn - Arkiv","og_description":"Ombudet har kommet til at Prinsen camping og badeplass diskriminerte en mann med bakgrunn som tater da han ble bortvist fra campingplassen.","og_url":"https:\/\/ldo.no\/arkiv\/klagesaker\/2009-mann-bortvist-fra-campingplass-pa-grunn-av-etnisk-bakgrunn\/","og_site_name":"Arkiv","twitter_card":"summary_large_image","twitter_misc":{"Ansl. lesetid":"1 minutt"},"schema":{"@context":"https:\/\/schema.org","@graph":[{"@type":"WebPage","@id":"https:\/\/ldo.no\/arkiv\/klagesaker\/2009-mann-bortvist-fra-campingplass-pa-grunn-av-etnisk-bakgrunn\/","url":"https:\/\/ldo.no\/arkiv\/klagesaker\/2009-mann-bortvist-fra-campingplass-pa-grunn-av-etnisk-bakgrunn\/","name":"Mann bortvist fra campingplass p\u00e5 grunn av etnisk bakgrunn - Arkiv","isPartOf":{"@id":"https:\/\/ldo.no\/arkiv\/#website"},"datePublished":"2009-01-01T00:00:00+00:00","dateModified":"2009-01-01T00:00:00+00:00","breadcrumb":{"@id":"https:\/\/ldo.no\/arkiv\/klagesaker\/2009-mann-bortvist-fra-campingplass-pa-grunn-av-etnisk-bakgrunn\/#breadcrumb"},"inLanguage":"nb-NO","potentialAction":[{"@type":"ReadAction","target":["https:\/\/ldo.no\/arkiv\/klagesaker\/2009-mann-bortvist-fra-campingplass-pa-grunn-av-etnisk-bakgrunn\/"]}]},{"@type":"BreadcrumbList","@id":"https:\/\/ldo.no\/arkiv\/klagesaker\/2009-mann-bortvist-fra-campingplass-pa-grunn-av-etnisk-bakgrunn\/#breadcrumb","itemListElement":[{"@type":"ListItem","position":1,"name":"Arkiv","item":"https:\/\/ldo.no\/arkiv\/"},{"@type":"ListItem","position":2,"name":"Klagesaker","item":"https:\/\/ldo.no\/arkiv\/?post-type=ldo-complaint"},{"@type":"ListItem","position":3,"name":"Mann bortvist fra campingplass p\u00e5 grunn av etnisk bakgrunn"}]},{"@type":"WebSite","@id":"https:\/\/ldo.no\/arkiv\/#website","url":"https:\/\/ldo.no\/arkiv\/","name":"LDO Arkiv","description":"Dette er ombudets arkiv. Her finner du klagesaker som ombudet i sin tid behandlet fra 1996 til 2017. Klagesaker utover dette finner du p\u00e5 Diskrimineringsnemndas hjemmeside. P\u00e5 disse arkivsidene finner du ogs\u00e5 eldre h\u00f8ringssvar som strekker seg fra 2023 og tilbake til 2006. Nyere h\u00f8ringssvar finner du p\u00e5 Publikasjoner, som du kan bes\u00f8ke ved \u00e5 klikke p\u00e5 menyknappen \u00f8verst i h\u00f8yre hj\u00f8rne.","publisher":{"@id":"https:\/\/ldo.no\/arkiv\/#organization"},"potentialAction":[{"@type":"SearchAction","target":{"@type":"EntryPoint","urlTemplate":"https:\/\/ldo.no\/arkiv\/?s={search_term_string}"},"query-input":"required name=search_term_string"}],"inLanguage":"nb-NO"},{"@type":"Organization","@id":"https:\/\/ldo.no\/arkiv\/#organization","name":"LDO Arkiv","url":"https:\/\/ldo.no\/arkiv\/","logo":{"@type":"ImageObject","inLanguage":"nb-NO","@id":"https:\/\/ldo.no\/arkiv\/#\/schema\/logo\/image\/","url":"https:\/\/ldo.no\/content\/uploads\/sites\/2\/2025\/05\/Property-1Default.svg","contentUrl":"https:\/\/ldo.no\/content\/uploads\/sites\/2\/2025\/05\/Property-1Default.svg","caption":"LDO Arkiv"},"image":{"@id":"https:\/\/ldo.no\/arkiv\/#\/schema\/logo\/image\/"}}]}},"_links":{"self":[{"href":"https:\/\/ldo.no\/arkiv\/wp-json\/wp\/v2\/ldo-complaint\/15635"}],"collection":[{"href":"https:\/\/ldo.no\/arkiv\/wp-json\/wp\/v2\/ldo-complaint"}],"about":[{"href":"https:\/\/ldo.no\/arkiv\/wp-json\/wp\/v2\/types\/ldo-complaint"}],"version-history":[{"count":0,"href":"https:\/\/ldo.no\/arkiv\/wp-json\/wp\/v2\/ldo-complaint\/15635\/revisions"}],"wp:attachment":[{"href":"https:\/\/ldo.no\/arkiv\/wp-json\/wp\/v2\/media?parent=15635"}],"wp:term":[{"taxonomy":"ldo-archive-year","embeddable":true,"href":"https:\/\/ldo.no\/arkiv\/wp-json\/wp\/v2\/ldo-archive-year?post=15635"}],"curies":[{"name":"wp","href":"https:\/\/api.w.org\/{rel}","templated":true}]}}

Mann bortvist fra campingplass på grunn av etnisk bakgrunn

<h1>Mann bortvist fra campingplass på grunn av etnisk bakgrunn</h1>
<article class="base-article inside">
<header>
<div class="row">
<div class="col-sm-12">
</div>
</div>
</header>
<section>
<section class="lead">
<p>Ombudet har kommet til at Prinsen camping og badeplass diskriminerte en mann med bakgrunn som tater da han ble bortvist fra campingplassen.</p>
</section>
<section>
<p>Mannen klaget til ombudet etter at han fikk beskjed av eieren ved Prinsen camping at han ikke var ønsket der. </p>
<p>Innehaveren av campingstedet hevdet at årsaken til bortvisningen var at han kjente igjen mannen fra en konflikt tilbake i 1981, i tillegg til en negativ hendelse som skal ha skjedd i 2000. </p>
<p>Innehaveren hevder at hendelsen i 1981 ble politianmeldt. Mannen benekter å ha kjennskap til episoden. Ombudet finner ikke grunn til å tillegge disse uenighetene særlig vekt, fordi innehaveren ikke la frem politianmeldelsen. Når ikke slik dokumentasjon er fremlagt, finner ombudet ikke grunn til å legge vekt på en påstått hendelse som skal ha funnet sted for nærmere 30 år siden. </p>
<p>Ombudet bemerket også at henvisning til tidligere negative hendelser må tillegges begrenset verdi når det er snakk om hendelser som er skjedd flere år tilbake. I motsatt fall må man kunne stille krav om at campingplassen, som en profesjonell part, dokumenterer at vedkommende er informert om at han/hun er uønsket for all fremtid. Ombudet la også til grunn at campingeier ikke redegjorde tilstrekkelig for at hendelsen i 2000 legitimerte en utestengelse av klager.</p>
<p>På bakgrunn av en helhetsvurdering kom ombudet frem til at campingstedets anførsler ikke var egnet til å svekke mistanken om at etnisitet spilte inn ved avvisningen. Prinsen camping og badeplass handlet i strid med diskrimineringsloven § 4 første ledd.</p>
<p><span>Les hele uttalelsen her (pdf)</span></p>
<p><strong>Saksnummer: 08/1191<br />Diskrimineringsgrunnlag: Etnisitet<br />Lovanvendelse: Diskrimineringsloven § 4</strong></p>
</section>
</section>
</article>

<!-- This site is optimized with the Yoast SEO plugin v22.9 - https://yoast.com/wordpress/plugins/seo/ -->
<title>Mann bortvist fra campingplass på grunn av etnisk bakgrunn - Arkiv</title>
<meta name="robots" content="index, follow, max-snippet:-1, max-image-preview:large, max-video-preview:-1" />
<link rel="canonical" href="https://ldo.no/arkiv/klagesaker/2009-mann-bortvist-fra-campingplass-pa-grunn-av-etnisk-bakgrunn/" />
<meta property="og:locale" content="nb_NO" />
<meta property="og:type" content="article" />
<meta property="og:title" content="Mann bortvist fra campingplass på grunn av etnisk bakgrunn - Arkiv" />
<meta property="og:description" content="Ombudet har kommet til at Prinsen camping og badeplass diskriminerte en mann med bakgrunn som tater da han ble bortvist fra campingplassen." />
<meta property="og:url" content="https://ldo.no/arkiv/klagesaker/2009-mann-bortvist-fra-campingplass-pa-grunn-av-etnisk-bakgrunn/" />
<meta property="og:site_name" content="Arkiv" />
<meta name="twitter:card" content="summary_large_image" />
<meta name="twitter:label1" content="Ansl. lesetid" />
	<meta name="twitter:data1" content="1 minutt" />
<script type="application/ld+json" class="yoast-schema-graph">{"@context":"https://schema.org","@graph":[{"@type":"WebPage","@id":"https://ldo.no/arkiv/klagesaker/2009-mann-bortvist-fra-campingplass-pa-grunn-av-etnisk-bakgrunn/","url":"https://ldo.no/arkiv/klagesaker/2009-mann-bortvist-fra-campingplass-pa-grunn-av-etnisk-bakgrunn/","name":"Mann bortvist fra campingplass på grunn av etnisk bakgrunn - Arkiv","isPartOf":{"@id":"https://ldo.no/arkiv/#website"},"datePublished":"2009-01-01T00:00:00+00:00","dateModified":"2009-01-01T00:00:00+00:00","breadcrumb":{"@id":"https://ldo.no/arkiv/klagesaker/2009-mann-bortvist-fra-campingplass-pa-grunn-av-etnisk-bakgrunn/#breadcrumb"},"inLanguage":"nb-NO","potentialAction":[{"@type":"ReadAction","target":["https://ldo.no/arkiv/klagesaker/2009-mann-bortvist-fra-campingplass-pa-grunn-av-etnisk-bakgrunn/"]}]},{"@type":"BreadcrumbList","@id":"https://ldo.no/arkiv/klagesaker/2009-mann-bortvist-fra-campingplass-pa-grunn-av-etnisk-bakgrunn/#breadcrumb","itemListElement":[{"@type":"ListItem","position":1,"name":"Arkiv","item":"https://ldo.no/arkiv/"},{"@type":"ListItem","position":2,"name":"Klagesaker","item":"https://ldo.no/arkiv/?post-type=ldo-complaint"},{"@type":"ListItem","position":3,"name":"Mann bortvist fra campingplass på grunn av etnisk bakgrunn"}]},{"@type":"WebSite","@id":"https://ldo.no/arkiv/#website","url":"https://ldo.no/arkiv/","name":"LDO Arkiv","description":"Dette er ombudets arkiv. Her finner du klagesaker som ombudet i sin tid behandlet fra 1996 til 2017. Klagesaker utover dette finner du på Diskrimineringsnemndas hjemmeside. På disse arkivsidene finner du også eldre høringssvar som strekker seg fra 2023 og tilbake til 2006. Nyere høringssvar finner du på Publikasjoner, som du kan besøke ved å klikke på menyknappen øverst i høyre hjørne.","publisher":{"@id":"https://ldo.no/arkiv/#organization"},"potentialAction":[{"@type":"SearchAction","target":{"@type":"EntryPoint","urlTemplate":"https://ldo.no/arkiv/?s={search_term_string}"},"query-input":"required name=search_term_string"}],"inLanguage":"nb-NO"},{"@type":"Organization","@id":"https://ldo.no/arkiv/#organization","name":"LDO Arkiv","url":"https://ldo.no/arkiv/","logo":{"@type":"ImageObject","inLanguage":"nb-NO","@id":"https://ldo.no/arkiv/#/schema/logo/image/","url":"https://ldo.no/content/uploads/sites/2/2025/05/Property-1Default.svg","contentUrl":"https://ldo.no/content/uploads/sites/2/2025/05/Property-1Default.svg","caption":"LDO Arkiv"},"image":{"@id":"https://ldo.no/arkiv/#/schema/logo/image/"}}]}</script>
<!-- / Yoast SEO plugin. -->

Mann bortvist fra campingplass på grunn av etnisk bakgrunn - Arkiv

Dette er ombudets arkiv. Her finner du klagesaker som ombudet i sin tid behandlet fra 1996 til 2017. Klagesaker utover dette finner du på Diskrimineringsnemndas hjemmeside. På disse arkivsidene finner du også eldre høringssvar som strekker seg fra 2023 og tilbake til 2006. Nyere høringssvar finner du på Publikasjoner, som du kan besøke ved å klikke på menyknappen øverst i høyre hjørne.
