{"id":15655,"date":"2009-01-01T00:00:00","date_gmt":"2009-01-01T00:00:00","guid":{"rendered":"https:\/\/ldo.local\/arkiv\/klagesaker\/2009-trakassering-i-arbeidslivet-og-avskjedigelse-pa-grunn-av-sprak-og-nasjonal-opprinnelse\/"},"modified":"2009-01-01T00:00:00","modified_gmt":"2009-01-01T00:00:00","slug":"2009-trakassering-i-arbeidslivet-og-avskjedigelse-pa-grunn-av-sprak-og-nasjonal-opprinnelse","status":"publish","type":"ldo-complaint","link":"https:\/\/ldo.no\/arkiv\/klagesaker\/2009-trakassering-i-arbeidslivet-og-avskjedigelse-pa-grunn-av-sprak-og-nasjonal-opprinnelse\/","title":{"rendered":"Trakassering i arbeidslivet og avskjedigelse p\u00e5 grunn av spr\u00e5k og nasjonal opprinnelse"},"content":{"rendered":"<article class=\"base-article inside\">\n<header>\n<div class=\"row\">\n<div class=\"col-sm-12\">\n<\/div>\n<\/div>\n<h1>\nTrakassering i arbeidslivet og avskjedigelse p\u00e5 grunn av spr\u00e5k og nasjonal opprinnelse<br \/>\n<\/h1>\n<\/header>\n<section>\n<section class=\"lead\">\nEn mann av polsk opprinnelse klaget fordi arbeidsgiveren hadde avskjediget ham og anmeldt ham for nasking. Mannen mente seg diskriminert p\u00e5 grunn av spr\u00e5k og nasjonal opprinnelse.<br \/>\n<\/section>\n<section>\n<p>Mannen hevdet at han hadde v\u00e6rt utsatt for konstant trakassering fra daglig leder. Mannen hevdet blant annet at daglig leder bestandig hadde kritisert hans arbeid, nektet ham pauser og overv\u00e5kt ham. Han mente at trakasseringen skyldtes hans manglende kunnskaper i norsk. Videre hevdet mannen at arbeidsgiver hadde p\u00e5lagt ham ul\u00f8nnet overtidsarbeid og nektet ham fridager. Han hevdet at arbeidsgiver hadde gitt uttrykk for at han var mindre verdt enn norske ansatte og at polsk arbeidskraft i Norge ikke hadde rett til fridager. For \u00f8vrig mente mannen at arbeidsgiveren hadde avskjediget ham og anmeldt ham p\u00e5 falske premisser. Ombudet ble etter hvert orientert om at anmeldelsen til politiet hadde blitt henlagt, men dette hadde ingen innvirkning p\u00e5 ombudets vurdering av saken.<br \/>Ombudet fant at mannen ikke i tilstrekkelig grad hadde dokumentert at den forskjellsbehandlingen som han p\u00e5sto han hadde v\u00e6r utsatt for, hadde en sammenheng med hans polske opprinnelse eller hans manglende kunnskaper i norsk. Ombudet hadde f\u00e5tt navnene p\u00e5 noen av klagers dav\u00e6rende kollegaer og hadde forgjeves pr\u00f8vd \u00e5 innhente vitneforklaringer fra disse personer. Ombudet m\u00e5tte derfor konkludere at arbeidsgiver ikke hadde handlet i strid med diskrimineringsloven.<\/p>\n<p><span>Les hele uttalelsen her<\/span> (PDF &#8211; \u00e5pner seg i egte vindu). <\/p>\n<\/section>\n<\/section>\n<\/article>\n","protected":false},"excerpt":{"rendered":"<p>En mann av polsk opprinnelse klaget fordi arbeidsgiveren hadde avskjediget ham og anmeldt ham for nasking. Mannen mente seg diskriminert p\u00e5 grunn av spr\u00e5k og nasjonal opprinnelse.<\/p>\n","protected":false},"template":"","meta":{"footnotes":""},"ldo-archive-year":[21],"class_list":["post-15655","ldo-complaint","type-ldo-complaint","status-publish","hentry","ldo-archive-year-21"],"yoast_head":"<!-- This site is optimized with the Yoast SEO plugin v22.9 - https:\/\/yoast.com\/wordpress\/plugins\/seo\/ -->\n<title>Trakassering i arbeidslivet og avskjedigelse p\u00e5 grunn av spr\u00e5k og nasjonal opprinnelse - Arkiv<\/title>\n<meta name=\"robots\" content=\"index, follow, max-snippet:-1, max-image-preview:large, max-video-preview:-1\" \/>\n<link rel=\"canonical\" href=\"https:\/\/ldo.no\/arkiv\/klagesaker\/2009-trakassering-i-arbeidslivet-og-avskjedigelse-pa-grunn-av-sprak-og-nasjonal-opprinnelse\/\" \/>\n<meta property=\"og:locale\" content=\"nb_NO\" \/>\n<meta property=\"og:type\" content=\"article\" \/>\n<meta property=\"og:title\" content=\"Trakassering i arbeidslivet og avskjedigelse p\u00e5 grunn av spr\u00e5k og nasjonal opprinnelse - Arkiv\" \/>\n<meta property=\"og:description\" content=\"En mann av polsk opprinnelse klaget fordi arbeidsgiveren hadde avskjediget ham og anmeldt ham for nasking. Mannen mente seg diskriminert p\u00e5 grunn av spr\u00e5k og nasjonal opprinnelse.\" \/>\n<meta property=\"og:url\" content=\"https:\/\/ldo.no\/arkiv\/klagesaker\/2009-trakassering-i-arbeidslivet-og-avskjedigelse-pa-grunn-av-sprak-og-nasjonal-opprinnelse\/\" \/>\n<meta property=\"og:site_name\" content=\"Arkiv\" \/>\n<meta name=\"twitter:card\" content=\"summary_large_image\" \/>\n<meta name=\"twitter:label1\" content=\"Ansl. lesetid\" \/>\n\t<meta name=\"twitter:data1\" content=\"1 minutt\" \/>\n<script type=\"application\/ld+json\" class=\"yoast-schema-graph\">{\"@context\":\"https:\/\/schema.org\",\"@graph\":[{\"@type\":\"WebPage\",\"@id\":\"https:\/\/ldo.no\/arkiv\/klagesaker\/2009-trakassering-i-arbeidslivet-og-avskjedigelse-pa-grunn-av-sprak-og-nasjonal-opprinnelse\/\",\"url\":\"https:\/\/ldo.no\/arkiv\/klagesaker\/2009-trakassering-i-arbeidslivet-og-avskjedigelse-pa-grunn-av-sprak-og-nasjonal-opprinnelse\/\",\"name\":\"Trakassering i arbeidslivet og avskjedigelse p\u00e5 grunn av spr\u00e5k og nasjonal opprinnelse - Arkiv\",\"isPartOf\":{\"@id\":\"https:\/\/ldo.no\/arkiv\/#website\"},\"datePublished\":\"2009-01-01T00:00:00+00:00\",\"dateModified\":\"2009-01-01T00:00:00+00:00\",\"breadcrumb\":{\"@id\":\"https:\/\/ldo.no\/arkiv\/klagesaker\/2009-trakassering-i-arbeidslivet-og-avskjedigelse-pa-grunn-av-sprak-og-nasjonal-opprinnelse\/#breadcrumb\"},\"inLanguage\":\"nb-NO\",\"potentialAction\":[{\"@type\":\"ReadAction\",\"target\":[\"https:\/\/ldo.no\/arkiv\/klagesaker\/2009-trakassering-i-arbeidslivet-og-avskjedigelse-pa-grunn-av-sprak-og-nasjonal-opprinnelse\/\"]}]},{\"@type\":\"BreadcrumbList\",\"@id\":\"https:\/\/ldo.no\/arkiv\/klagesaker\/2009-trakassering-i-arbeidslivet-og-avskjedigelse-pa-grunn-av-sprak-og-nasjonal-opprinnelse\/#breadcrumb\",\"itemListElement\":[{\"@type\":\"ListItem\",\"position\":1,\"name\":\"Arkiv\",\"item\":\"https:\/\/ldo.no\/arkiv\/\"},{\"@type\":\"ListItem\",\"position\":2,\"name\":\"Klagesaker\",\"item\":\"https:\/\/ldo.no\/arkiv\/?post-type=ldo-complaint\"},{\"@type\":\"ListItem\",\"position\":3,\"name\":\"Trakassering i arbeidslivet og avskjedigelse p\u00e5 grunn av spr\u00e5k og nasjonal opprinnelse\"}]},{\"@type\":\"WebSite\",\"@id\":\"https:\/\/ldo.no\/arkiv\/#website\",\"url\":\"https:\/\/ldo.no\/arkiv\/\",\"name\":\"LDO Arkiv\",\"description\":\"Dette er ombudets arkiv. Her finner du klagesaker som ombudet i sin tid behandlet fra 1996 til 2017. Klagesaker utover dette finner du p\u00e5 Diskrimineringsnemndas hjemmeside. P\u00e5 disse arkivsidene finner du ogs\u00e5 eldre h\u00f8ringssvar som strekker seg fra 2023 og tilbake til 2006. Nyere h\u00f8ringssvar finner du p\u00e5 Publikasjoner, som du kan bes\u00f8ke ved \u00e5 klikke p\u00e5 menyknappen \u00f8verst i h\u00f8yre hj\u00f8rne.\",\"publisher\":{\"@id\":\"https:\/\/ldo.no\/arkiv\/#organization\"},\"potentialAction\":[{\"@type\":\"SearchAction\",\"target\":{\"@type\":\"EntryPoint\",\"urlTemplate\":\"https:\/\/ldo.no\/arkiv\/?s={search_term_string}\"},\"query-input\":\"required name=search_term_string\"}],\"inLanguage\":\"nb-NO\"},{\"@type\":\"Organization\",\"@id\":\"https:\/\/ldo.no\/arkiv\/#organization\",\"name\":\"LDO Arkiv\",\"url\":\"https:\/\/ldo.no\/arkiv\/\",\"logo\":{\"@type\":\"ImageObject\",\"inLanguage\":\"nb-NO\",\"@id\":\"https:\/\/ldo.no\/arkiv\/#\/schema\/logo\/image\/\",\"url\":\"https:\/\/ldo.no\/content\/uploads\/sites\/2\/2025\/05\/Property-1Default.svg\",\"contentUrl\":\"https:\/\/ldo.no\/content\/uploads\/sites\/2\/2025\/05\/Property-1Default.svg\",\"caption\":\"LDO Arkiv\"},\"image\":{\"@id\":\"https:\/\/ldo.no\/arkiv\/#\/schema\/logo\/image\/\"}}]}<\/script>\n<!-- \/ Yoast SEO plugin. -->","yoast_head_json":{"title":"Trakassering i arbeidslivet og avskjedigelse p\u00e5 grunn av spr\u00e5k og nasjonal opprinnelse - Arkiv","robots":{"index":"index","follow":"follow","max-snippet":"max-snippet:-1","max-image-preview":"max-image-preview:large","max-video-preview":"max-video-preview:-1"},"canonical":"https:\/\/ldo.no\/arkiv\/klagesaker\/2009-trakassering-i-arbeidslivet-og-avskjedigelse-pa-grunn-av-sprak-og-nasjonal-opprinnelse\/","og_locale":"nb_NO","og_type":"article","og_title":"Trakassering i arbeidslivet og avskjedigelse p\u00e5 grunn av spr\u00e5k og nasjonal opprinnelse - Arkiv","og_description":"En mann av polsk opprinnelse klaget fordi arbeidsgiveren hadde avskjediget ham og anmeldt ham for nasking. Mannen mente seg diskriminert p\u00e5 grunn av spr\u00e5k og nasjonal opprinnelse.","og_url":"https:\/\/ldo.no\/arkiv\/klagesaker\/2009-trakassering-i-arbeidslivet-og-avskjedigelse-pa-grunn-av-sprak-og-nasjonal-opprinnelse\/","og_site_name":"Arkiv","twitter_card":"summary_large_image","twitter_misc":{"Ansl. lesetid":"1 minutt"},"schema":{"@context":"https:\/\/schema.org","@graph":[{"@type":"WebPage","@id":"https:\/\/ldo.no\/arkiv\/klagesaker\/2009-trakassering-i-arbeidslivet-og-avskjedigelse-pa-grunn-av-sprak-og-nasjonal-opprinnelse\/","url":"https:\/\/ldo.no\/arkiv\/klagesaker\/2009-trakassering-i-arbeidslivet-og-avskjedigelse-pa-grunn-av-sprak-og-nasjonal-opprinnelse\/","name":"Trakassering i arbeidslivet og avskjedigelse p\u00e5 grunn av spr\u00e5k og nasjonal opprinnelse - Arkiv","isPartOf":{"@id":"https:\/\/ldo.no\/arkiv\/#website"},"datePublished":"2009-01-01T00:00:00+00:00","dateModified":"2009-01-01T00:00:00+00:00","breadcrumb":{"@id":"https:\/\/ldo.no\/arkiv\/klagesaker\/2009-trakassering-i-arbeidslivet-og-avskjedigelse-pa-grunn-av-sprak-og-nasjonal-opprinnelse\/#breadcrumb"},"inLanguage":"nb-NO","potentialAction":[{"@type":"ReadAction","target":["https:\/\/ldo.no\/arkiv\/klagesaker\/2009-trakassering-i-arbeidslivet-og-avskjedigelse-pa-grunn-av-sprak-og-nasjonal-opprinnelse\/"]}]},{"@type":"BreadcrumbList","@id":"https:\/\/ldo.no\/arkiv\/klagesaker\/2009-trakassering-i-arbeidslivet-og-avskjedigelse-pa-grunn-av-sprak-og-nasjonal-opprinnelse\/#breadcrumb","itemListElement":[{"@type":"ListItem","position":1,"name":"Arkiv","item":"https:\/\/ldo.no\/arkiv\/"},{"@type":"ListItem","position":2,"name":"Klagesaker","item":"https:\/\/ldo.no\/arkiv\/?post-type=ldo-complaint"},{"@type":"ListItem","position":3,"name":"Trakassering i arbeidslivet og avskjedigelse p\u00e5 grunn av spr\u00e5k og nasjonal opprinnelse"}]},{"@type":"WebSite","@id":"https:\/\/ldo.no\/arkiv\/#website","url":"https:\/\/ldo.no\/arkiv\/","name":"LDO Arkiv","description":"Dette er ombudets arkiv. Her finner du klagesaker som ombudet i sin tid behandlet fra 1996 til 2017. Klagesaker utover dette finner du p\u00e5 Diskrimineringsnemndas hjemmeside. P\u00e5 disse arkivsidene finner du ogs\u00e5 eldre h\u00f8ringssvar som strekker seg fra 2023 og tilbake til 2006. Nyere h\u00f8ringssvar finner du p\u00e5 Publikasjoner, som du kan bes\u00f8ke ved \u00e5 klikke p\u00e5 menyknappen \u00f8verst i h\u00f8yre hj\u00f8rne.","publisher":{"@id":"https:\/\/ldo.no\/arkiv\/#organization"},"potentialAction":[{"@type":"SearchAction","target":{"@type":"EntryPoint","urlTemplate":"https:\/\/ldo.no\/arkiv\/?s={search_term_string}"},"query-input":"required name=search_term_string"}],"inLanguage":"nb-NO"},{"@type":"Organization","@id":"https:\/\/ldo.no\/arkiv\/#organization","name":"LDO Arkiv","url":"https:\/\/ldo.no\/arkiv\/","logo":{"@type":"ImageObject","inLanguage":"nb-NO","@id":"https:\/\/ldo.no\/arkiv\/#\/schema\/logo\/image\/","url":"https:\/\/ldo.no\/content\/uploads\/sites\/2\/2025\/05\/Property-1Default.svg","contentUrl":"https:\/\/ldo.no\/content\/uploads\/sites\/2\/2025\/05\/Property-1Default.svg","caption":"LDO Arkiv"},"image":{"@id":"https:\/\/ldo.no\/arkiv\/#\/schema\/logo\/image\/"}}]}},"_links":{"self":[{"href":"https:\/\/ldo.no\/arkiv\/wp-json\/wp\/v2\/ldo-complaint\/15655"}],"collection":[{"href":"https:\/\/ldo.no\/arkiv\/wp-json\/wp\/v2\/ldo-complaint"}],"about":[{"href":"https:\/\/ldo.no\/arkiv\/wp-json\/wp\/v2\/types\/ldo-complaint"}],"version-history":[{"count":0,"href":"https:\/\/ldo.no\/arkiv\/wp-json\/wp\/v2\/ldo-complaint\/15655\/revisions"}],"wp:attachment":[{"href":"https:\/\/ldo.no\/arkiv\/wp-json\/wp\/v2\/media?parent=15655"}],"wp:term":[{"taxonomy":"ldo-archive-year","embeddable":true,"href":"https:\/\/ldo.no\/arkiv\/wp-json\/wp\/v2\/ldo-archive-year?post=15655"}],"curies":[{"name":"wp","href":"https:\/\/api.w.org\/{rel}","templated":true}]}}

Trakassering i arbeidslivet og avskjedigelse på grunn av språk og nasjonal opprinnelse

<article class="base-article inside">
<header>
<div class="row">
<div class="col-sm-12">
</div>
</div>
<h1>
Trakassering i arbeidslivet og avskjedigelse på grunn av språk og nasjonal opprinnelse<br />
</h1>
</header>
<section>
<section class="lead">
En mann av polsk opprinnelse klaget fordi arbeidsgiveren hadde avskjediget ham og anmeldt ham for nasking. Mannen mente seg diskriminert på grunn av språk og nasjonal opprinnelse.<br />
</section>
<section>
<p>Mannen hevdet at han hadde vært utsatt for konstant trakassering fra daglig leder. Mannen hevdet blant annet at daglig leder bestandig hadde kritisert hans arbeid, nektet ham pauser og overvåkt ham. Han mente at trakasseringen skyldtes hans manglende kunnskaper i norsk. Videre hevdet mannen at arbeidsgiver hadde pålagt ham ulønnet overtidsarbeid og nektet ham fridager. Han hevdet at arbeidsgiver hadde gitt uttrykk for at han var mindre verdt enn norske ansatte og at polsk arbeidskraft i Norge ikke hadde rett til fridager. For øvrig mente mannen at arbeidsgiveren hadde avskjediget ham og anmeldt ham på falske premisser. Ombudet ble etter hvert orientert om at anmeldelsen til politiet hadde blitt henlagt, men dette hadde ingen innvirkning på ombudets vurdering av saken.<br />Ombudet fant at mannen ikke i tilstrekkelig grad hadde dokumentert at den forskjellsbehandlingen som han påsto han hadde vær utsatt for, hadde en sammenheng med hans polske opprinnelse eller hans manglende kunnskaper i norsk. Ombudet hadde fått navnene på noen av klagers daværende kollegaer og hadde forgjeves prøvd å innhente vitneforklaringer fra disse personer. Ombudet måtte derfor konkludere at arbeidsgiver ikke hadde handlet i strid med diskrimineringsloven.</p>
<p><span>Les hele uttalelsen her</span> (PDF &#8211; åpner seg i egte vindu). </p>
</section>
</section>
</article>

<p>En mann av polsk opprinnelse klaget fordi arbeidsgiveren hadde avskjediget ham og anmeldt ham for nasking. Mannen mente seg diskriminert på grunn av språk og nasjonal opprinnelse.</p>

<!-- This site is optimized with the Yoast SEO plugin v22.9 - https://yoast.com/wordpress/plugins/seo/ -->
<title>Trakassering i arbeidslivet og avskjedigelse på grunn av språk og nasjonal opprinnelse - Arkiv</title>
<meta name="robots" content="index, follow, max-snippet:-1, max-image-preview:large, max-video-preview:-1" />
<link rel="canonical" href="https://ldo.no/arkiv/klagesaker/2009-trakassering-i-arbeidslivet-og-avskjedigelse-pa-grunn-av-sprak-og-nasjonal-opprinnelse/" />
<meta property="og:locale" content="nb_NO" />
<meta property="og:type" content="article" />
<meta property="og:title" content="Trakassering i arbeidslivet og avskjedigelse på grunn av språk og nasjonal opprinnelse - Arkiv" />
<meta property="og:description" content="En mann av polsk opprinnelse klaget fordi arbeidsgiveren hadde avskjediget ham og anmeldt ham for nasking. Mannen mente seg diskriminert på grunn av språk og nasjonal opprinnelse." />
<meta property="og:url" content="https://ldo.no/arkiv/klagesaker/2009-trakassering-i-arbeidslivet-og-avskjedigelse-pa-grunn-av-sprak-og-nasjonal-opprinnelse/" />
<meta property="og:site_name" content="Arkiv" />
<meta name="twitter:card" content="summary_large_image" />
<meta name="twitter:label1" content="Ansl. lesetid" />
	<meta name="twitter:data1" content="1 minutt" />
<script type="application/ld+json" class="yoast-schema-graph">{"@context":"https://schema.org","@graph":[{"@type":"WebPage","@id":"https://ldo.no/arkiv/klagesaker/2009-trakassering-i-arbeidslivet-og-avskjedigelse-pa-grunn-av-sprak-og-nasjonal-opprinnelse/","url":"https://ldo.no/arkiv/klagesaker/2009-trakassering-i-arbeidslivet-og-avskjedigelse-pa-grunn-av-sprak-og-nasjonal-opprinnelse/","name":"Trakassering i arbeidslivet og avskjedigelse på grunn av språk og nasjonal opprinnelse - Arkiv","isPartOf":{"@id":"https://ldo.no/arkiv/#website"},"datePublished":"2009-01-01T00:00:00+00:00","dateModified":"2009-01-01T00:00:00+00:00","breadcrumb":{"@id":"https://ldo.no/arkiv/klagesaker/2009-trakassering-i-arbeidslivet-og-avskjedigelse-pa-grunn-av-sprak-og-nasjonal-opprinnelse/#breadcrumb"},"inLanguage":"nb-NO","potentialAction":[{"@type":"ReadAction","target":["https://ldo.no/arkiv/klagesaker/2009-trakassering-i-arbeidslivet-og-avskjedigelse-pa-grunn-av-sprak-og-nasjonal-opprinnelse/"]}]},{"@type":"BreadcrumbList","@id":"https://ldo.no/arkiv/klagesaker/2009-trakassering-i-arbeidslivet-og-avskjedigelse-pa-grunn-av-sprak-og-nasjonal-opprinnelse/#breadcrumb","itemListElement":[{"@type":"ListItem","position":1,"name":"Arkiv","item":"https://ldo.no/arkiv/"},{"@type":"ListItem","position":2,"name":"Klagesaker","item":"https://ldo.no/arkiv/?post-type=ldo-complaint"},{"@type":"ListItem","position":3,"name":"Trakassering i arbeidslivet og avskjedigelse på grunn av språk og nasjonal opprinnelse"}]},{"@type":"WebSite","@id":"https://ldo.no/arkiv/#website","url":"https://ldo.no/arkiv/","name":"LDO Arkiv","description":"Dette er ombudets arkiv. Her finner du klagesaker som ombudet i sin tid behandlet fra 1996 til 2017. Klagesaker utover dette finner du på Diskrimineringsnemndas hjemmeside. På disse arkivsidene finner du også eldre høringssvar som strekker seg fra 2023 og tilbake til 2006. Nyere høringssvar finner du på Publikasjoner, som du kan besøke ved å klikke på menyknappen øverst i høyre hjørne.","publisher":{"@id":"https://ldo.no/arkiv/#organization"},"potentialAction":[{"@type":"SearchAction","target":{"@type":"EntryPoint","urlTemplate":"https://ldo.no/arkiv/?s={search_term_string}"},"query-input":"required name=search_term_string"}],"inLanguage":"nb-NO"},{"@type":"Organization","@id":"https://ldo.no/arkiv/#organization","name":"LDO Arkiv","url":"https://ldo.no/arkiv/","logo":{"@type":"ImageObject","inLanguage":"nb-NO","@id":"https://ldo.no/arkiv/#/schema/logo/image/","url":"https://ldo.no/content/uploads/sites/2/2025/05/Property-1Default.svg","contentUrl":"https://ldo.no/content/uploads/sites/2/2025/05/Property-1Default.svg","caption":"LDO Arkiv"},"image":{"@id":"https://ldo.no/arkiv/#/schema/logo/image/"}}]}</script>
<!-- / Yoast SEO plugin. -->

Trakassering i arbeidslivet og avskjedigelse på grunn av språk og nasjonal opprinnelse - Arkiv

En mann av polsk opprinnelse klaget fordi arbeidsgiveren hadde avskjediget ham og anmeldt ham for nasking. Mannen mente seg diskriminert på grunn av språk og nasjonal opprinnelse.

Dette er ombudets arkiv. Her finner du klagesaker som ombudet i sin tid behandlet fra 1996 til 2017. Klagesaker utover dette finner du på Diskrimineringsnemndas hjemmeside. På disse arkivsidene finner du også eldre høringssvar som strekker seg fra 2023 og tilbake til 2006. Nyere høringssvar finner du på Publikasjoner, som du kan besøke ved å klikke på menyknappen øverst i høyre hjørne.
