{"id":15656,"date":"2009-01-01T00:00:00","date_gmt":"2009-01-01T00:00:00","guid":{"rendered":"https:\/\/ldo.local\/arkiv\/klagesaker\/2009-diskriminert-pa-grunn-av-sin-funksjonsnedsettelse\/"},"modified":"2009-01-01T00:00:00","modified_gmt":"2009-01-01T00:00:00","slug":"2009-diskriminert-pa-grunn-av-sin-funksjonsnedsettelse","status":"publish","type":"ldo-complaint","link":"https:\/\/ldo.no\/arkiv\/klagesaker\/2009-diskriminert-pa-grunn-av-sin-funksjonsnedsettelse\/","title":{"rendered":"Diskriminert p\u00e5 grunn av sin funksjonsnedsettelse"},"content":{"rendered":"<article class=\"base-article inside\">\n<header>\n<div class=\"row\">\n<div class=\"col-sm-12\">\n<\/div>\n<\/div>\n<h1>\nDiskriminert p\u00e5 grunn av sin funksjonsnedsettelse<br \/>\n<\/h1>\n<\/header>\n<section>\n<section class=\"lead\">\n<p>Likestillings- og diskrimineringsombudet har behandlet klage over diskriminering p\u00e5 grunn av nedsatt funksjonsevne.<\/p>\n<\/section>\n<section>\n<p>I klagen hevdet A at politiet i X nektet \u00e5 levere tilbake beslaglagte biln\u00f8kler fordi de feilaktig mistolket hennes funksjonsnedsettelse som rusp\u00e5virkning. Hun mener at hun ved dette ble diskriminert p\u00e5 grunn av sin funksjonsnedsettelse i strid med diskriminerings- og tilgjengelighetsloven \u00a7 4.<\/p>\n<p>Politiet opplyste at de holdt tilbake n\u00f8klene over natten fordi de mente det var fare for at As tidligere samboer B kunne f\u00e5 tak i biln\u00f8klene, og fortsette kj\u00f8ring i alkoholp\u00e5virket tilstand, dersom n\u00f8klene ble utlevert til A. <\/p>\n<h2>Konklusjon<\/h2>\n<p>Ingen av partene kunne vise til konstaterbare omstendigheter til st\u00f8tte for sin versjon av hendelsesforl\u00f8pet. P\u00e5 denne bakgrunn fant ikke ombudet grunn til \u00e5 tro at det hadde skjedd brudd p\u00e5 diskriminerings- og tilgjengelighetsloven \u00a7 4, jf \u00a7 13.<\/p>\n<p><strong>Saksnummer: 09\/1398.<br \/>Diskrimineringsgrunnlag: Nedsatt funksjonsevne.<\/strong><\/p>\n<p><span>Les hele uttalelsen her (PDF).<\/span><\/p>\n<\/section>\n<\/section>\n<\/article>\n","protected":false},"excerpt":{"rendered":"<p>Likestillings- og diskrimineringsombudet har behandlet klage over diskriminering p\u00e5 grunn av nedsatt funksjonsevne.<\/p>\n","protected":false},"template":"","meta":{"footnotes":""},"ldo-archive-year":[21],"class_list":["post-15656","ldo-complaint","type-ldo-complaint","status-publish","hentry","ldo-archive-year-21"],"yoast_head":"<!-- This site is optimized with the Yoast SEO plugin v22.9 - https:\/\/yoast.com\/wordpress\/plugins\/seo\/ -->\n<title>Diskriminert p\u00e5 grunn av sin funksjonsnedsettelse - Arkiv<\/title>\n<meta name=\"robots\" content=\"index, follow, max-snippet:-1, max-image-preview:large, max-video-preview:-1\" \/>\n<link rel=\"canonical\" href=\"https:\/\/ldo.no\/arkiv\/klagesaker\/2009-diskriminert-pa-grunn-av-sin-funksjonsnedsettelse\/\" \/>\n<meta property=\"og:locale\" content=\"nb_NO\" \/>\n<meta property=\"og:type\" content=\"article\" \/>\n<meta property=\"og:title\" content=\"Diskriminert p\u00e5 grunn av sin funksjonsnedsettelse - Arkiv\" \/>\n<meta property=\"og:description\" content=\"Likestillings- og diskrimineringsombudet har behandlet klage over diskriminering p\u00e5 grunn av nedsatt funksjonsevne.\" \/>\n<meta property=\"og:url\" content=\"https:\/\/ldo.no\/arkiv\/klagesaker\/2009-diskriminert-pa-grunn-av-sin-funksjonsnedsettelse\/\" \/>\n<meta property=\"og:site_name\" content=\"Arkiv\" \/>\n<meta name=\"twitter:card\" content=\"summary_large_image\" \/>\n<meta name=\"twitter:label1\" content=\"Ansl. lesetid\" \/>\n\t<meta name=\"twitter:data1\" content=\"1 minutt\" \/>\n<script type=\"application\/ld+json\" class=\"yoast-schema-graph\">{\"@context\":\"https:\/\/schema.org\",\"@graph\":[{\"@type\":\"WebPage\",\"@id\":\"https:\/\/ldo.no\/arkiv\/klagesaker\/2009-diskriminert-pa-grunn-av-sin-funksjonsnedsettelse\/\",\"url\":\"https:\/\/ldo.no\/arkiv\/klagesaker\/2009-diskriminert-pa-grunn-av-sin-funksjonsnedsettelse\/\",\"name\":\"Diskriminert p\u00e5 grunn av sin funksjonsnedsettelse - Arkiv\",\"isPartOf\":{\"@id\":\"https:\/\/ldo.no\/arkiv\/#website\"},\"datePublished\":\"2009-01-01T00:00:00+00:00\",\"dateModified\":\"2009-01-01T00:00:00+00:00\",\"breadcrumb\":{\"@id\":\"https:\/\/ldo.no\/arkiv\/klagesaker\/2009-diskriminert-pa-grunn-av-sin-funksjonsnedsettelse\/#breadcrumb\"},\"inLanguage\":\"nb-NO\",\"potentialAction\":[{\"@type\":\"ReadAction\",\"target\":[\"https:\/\/ldo.no\/arkiv\/klagesaker\/2009-diskriminert-pa-grunn-av-sin-funksjonsnedsettelse\/\"]}]},{\"@type\":\"BreadcrumbList\",\"@id\":\"https:\/\/ldo.no\/arkiv\/klagesaker\/2009-diskriminert-pa-grunn-av-sin-funksjonsnedsettelse\/#breadcrumb\",\"itemListElement\":[{\"@type\":\"ListItem\",\"position\":1,\"name\":\"Arkiv\",\"item\":\"https:\/\/ldo.no\/arkiv\/\"},{\"@type\":\"ListItem\",\"position\":2,\"name\":\"Klagesaker\",\"item\":\"https:\/\/ldo.no\/arkiv\/?post-type=ldo-complaint\"},{\"@type\":\"ListItem\",\"position\":3,\"name\":\"Diskriminert p\u00e5 grunn av sin funksjonsnedsettelse\"}]},{\"@type\":\"WebSite\",\"@id\":\"https:\/\/ldo.no\/arkiv\/#website\",\"url\":\"https:\/\/ldo.no\/arkiv\/\",\"name\":\"LDO Arkiv\",\"description\":\"Dette er ombudets arkiv. Her finner du klagesaker som ombudet i sin tid behandlet fra 1996 til 2017. Klagesaker utover dette finner du p\u00e5 Diskrimineringsnemndas hjemmeside. P\u00e5 disse arkivsidene finner du ogs\u00e5 eldre h\u00f8ringssvar som strekker seg fra 2023 og tilbake til 2006. Nyere h\u00f8ringssvar finner du p\u00e5 Publikasjoner, som du kan bes\u00f8ke ved \u00e5 klikke p\u00e5 menyknappen \u00f8verst i h\u00f8yre hj\u00f8rne.\",\"publisher\":{\"@id\":\"https:\/\/ldo.no\/arkiv\/#organization\"},\"potentialAction\":[{\"@type\":\"SearchAction\",\"target\":{\"@type\":\"EntryPoint\",\"urlTemplate\":\"https:\/\/ldo.no\/arkiv\/?s={search_term_string}\"},\"query-input\":\"required name=search_term_string\"}],\"inLanguage\":\"nb-NO\"},{\"@type\":\"Organization\",\"@id\":\"https:\/\/ldo.no\/arkiv\/#organization\",\"name\":\"LDO Arkiv\",\"url\":\"https:\/\/ldo.no\/arkiv\/\",\"logo\":{\"@type\":\"ImageObject\",\"inLanguage\":\"nb-NO\",\"@id\":\"https:\/\/ldo.no\/arkiv\/#\/schema\/logo\/image\/\",\"url\":\"https:\/\/ldo.no\/content\/uploads\/sites\/2\/2025\/05\/Property-1Default.svg\",\"contentUrl\":\"https:\/\/ldo.no\/content\/uploads\/sites\/2\/2025\/05\/Property-1Default.svg\",\"caption\":\"LDO Arkiv\"},\"image\":{\"@id\":\"https:\/\/ldo.no\/arkiv\/#\/schema\/logo\/image\/\"}}]}<\/script>\n<!-- \/ Yoast SEO plugin. -->","yoast_head_json":{"title":"Diskriminert p\u00e5 grunn av sin funksjonsnedsettelse - Arkiv","robots":{"index":"index","follow":"follow","max-snippet":"max-snippet:-1","max-image-preview":"max-image-preview:large","max-video-preview":"max-video-preview:-1"},"canonical":"https:\/\/ldo.no\/arkiv\/klagesaker\/2009-diskriminert-pa-grunn-av-sin-funksjonsnedsettelse\/","og_locale":"nb_NO","og_type":"article","og_title":"Diskriminert p\u00e5 grunn av sin funksjonsnedsettelse - Arkiv","og_description":"Likestillings- og diskrimineringsombudet har behandlet klage over diskriminering p\u00e5 grunn av nedsatt funksjonsevne.","og_url":"https:\/\/ldo.no\/arkiv\/klagesaker\/2009-diskriminert-pa-grunn-av-sin-funksjonsnedsettelse\/","og_site_name":"Arkiv","twitter_card":"summary_large_image","twitter_misc":{"Ansl. lesetid":"1 minutt"},"schema":{"@context":"https:\/\/schema.org","@graph":[{"@type":"WebPage","@id":"https:\/\/ldo.no\/arkiv\/klagesaker\/2009-diskriminert-pa-grunn-av-sin-funksjonsnedsettelse\/","url":"https:\/\/ldo.no\/arkiv\/klagesaker\/2009-diskriminert-pa-grunn-av-sin-funksjonsnedsettelse\/","name":"Diskriminert p\u00e5 grunn av sin funksjonsnedsettelse - Arkiv","isPartOf":{"@id":"https:\/\/ldo.no\/arkiv\/#website"},"datePublished":"2009-01-01T00:00:00+00:00","dateModified":"2009-01-01T00:00:00+00:00","breadcrumb":{"@id":"https:\/\/ldo.no\/arkiv\/klagesaker\/2009-diskriminert-pa-grunn-av-sin-funksjonsnedsettelse\/#breadcrumb"},"inLanguage":"nb-NO","potentialAction":[{"@type":"ReadAction","target":["https:\/\/ldo.no\/arkiv\/klagesaker\/2009-diskriminert-pa-grunn-av-sin-funksjonsnedsettelse\/"]}]},{"@type":"BreadcrumbList","@id":"https:\/\/ldo.no\/arkiv\/klagesaker\/2009-diskriminert-pa-grunn-av-sin-funksjonsnedsettelse\/#breadcrumb","itemListElement":[{"@type":"ListItem","position":1,"name":"Arkiv","item":"https:\/\/ldo.no\/arkiv\/"},{"@type":"ListItem","position":2,"name":"Klagesaker","item":"https:\/\/ldo.no\/arkiv\/?post-type=ldo-complaint"},{"@type":"ListItem","position":3,"name":"Diskriminert p\u00e5 grunn av sin funksjonsnedsettelse"}]},{"@type":"WebSite","@id":"https:\/\/ldo.no\/arkiv\/#website","url":"https:\/\/ldo.no\/arkiv\/","name":"LDO Arkiv","description":"Dette er ombudets arkiv. Her finner du klagesaker som ombudet i sin tid behandlet fra 1996 til 2017. Klagesaker utover dette finner du p\u00e5 Diskrimineringsnemndas hjemmeside. P\u00e5 disse arkivsidene finner du ogs\u00e5 eldre h\u00f8ringssvar som strekker seg fra 2023 og tilbake til 2006. Nyere h\u00f8ringssvar finner du p\u00e5 Publikasjoner, som du kan bes\u00f8ke ved \u00e5 klikke p\u00e5 menyknappen \u00f8verst i h\u00f8yre hj\u00f8rne.","publisher":{"@id":"https:\/\/ldo.no\/arkiv\/#organization"},"potentialAction":[{"@type":"SearchAction","target":{"@type":"EntryPoint","urlTemplate":"https:\/\/ldo.no\/arkiv\/?s={search_term_string}"},"query-input":"required name=search_term_string"}],"inLanguage":"nb-NO"},{"@type":"Organization","@id":"https:\/\/ldo.no\/arkiv\/#organization","name":"LDO Arkiv","url":"https:\/\/ldo.no\/arkiv\/","logo":{"@type":"ImageObject","inLanguage":"nb-NO","@id":"https:\/\/ldo.no\/arkiv\/#\/schema\/logo\/image\/","url":"https:\/\/ldo.no\/content\/uploads\/sites\/2\/2025\/05\/Property-1Default.svg","contentUrl":"https:\/\/ldo.no\/content\/uploads\/sites\/2\/2025\/05\/Property-1Default.svg","caption":"LDO Arkiv"},"image":{"@id":"https:\/\/ldo.no\/arkiv\/#\/schema\/logo\/image\/"}}]}},"_links":{"self":[{"href":"https:\/\/ldo.no\/arkiv\/wp-json\/wp\/v2\/ldo-complaint\/15656"}],"collection":[{"href":"https:\/\/ldo.no\/arkiv\/wp-json\/wp\/v2\/ldo-complaint"}],"about":[{"href":"https:\/\/ldo.no\/arkiv\/wp-json\/wp\/v2\/types\/ldo-complaint"}],"version-history":[{"count":0,"href":"https:\/\/ldo.no\/arkiv\/wp-json\/wp\/v2\/ldo-complaint\/15656\/revisions"}],"wp:attachment":[{"href":"https:\/\/ldo.no\/arkiv\/wp-json\/wp\/v2\/media?parent=15656"}],"wp:term":[{"taxonomy":"ldo-archive-year","embeddable":true,"href":"https:\/\/ldo.no\/arkiv\/wp-json\/wp\/v2\/ldo-archive-year?post=15656"}],"curies":[{"name":"wp","href":"https:\/\/api.w.org\/{rel}","templated":true}]}}

Diskriminert på grunn av sin funksjonsnedsettelse

<article class="base-article inside">
<header>
<div class="row">
<div class="col-sm-12">
</div>
</div>
<h1>
Diskriminert på grunn av sin funksjonsnedsettelse<br />
</h1>
</header>
<section>
<section class="lead">
<p>Likestillings- og diskrimineringsombudet har behandlet klage over diskriminering på grunn av nedsatt funksjonsevne.</p>
</section>
<section>
<p>I klagen hevdet A at politiet i X nektet å levere tilbake beslaglagte bilnøkler fordi de feilaktig mistolket hennes funksjonsnedsettelse som ruspåvirkning. Hun mener at hun ved dette ble diskriminert på grunn av sin funksjonsnedsettelse i strid med diskriminerings- og tilgjengelighetsloven § 4.</p>
<p>Politiet opplyste at de holdt tilbake nøklene over natten fordi de mente det var fare for at As tidligere samboer B kunne få tak i bilnøklene, og fortsette kjøring i alkoholpåvirket tilstand, dersom nøklene ble utlevert til A. </p>
<h2>Konklusjon</h2>
<p>Ingen av partene kunne vise til konstaterbare omstendigheter til støtte for sin versjon av hendelsesforløpet. På denne bakgrunn fant ikke ombudet grunn til å tro at det hadde skjedd brudd på diskriminerings- og tilgjengelighetsloven § 4, jf § 13.</p>
<p><strong>Saksnummer: 09/1398.<br />Diskrimineringsgrunnlag: Nedsatt funksjonsevne.</strong></p>
<p><span>Les hele uttalelsen her (PDF).</span></p>
</section>
</section>
</article>

<p>Likestillings- og diskrimineringsombudet har behandlet klage over diskriminering på grunn av nedsatt funksjonsevne.</p>

<!-- This site is optimized with the Yoast SEO plugin v22.9 - https://yoast.com/wordpress/plugins/seo/ -->
<title>Diskriminert på grunn av sin funksjonsnedsettelse - Arkiv</title>
<meta name="robots" content="index, follow, max-snippet:-1, max-image-preview:large, max-video-preview:-1" />
<link rel="canonical" href="https://ldo.no/arkiv/klagesaker/2009-diskriminert-pa-grunn-av-sin-funksjonsnedsettelse/" />
<meta property="og:locale" content="nb_NO" />
<meta property="og:type" content="article" />
<meta property="og:title" content="Diskriminert på grunn av sin funksjonsnedsettelse - Arkiv" />
<meta property="og:description" content="Likestillings- og diskrimineringsombudet har behandlet klage over diskriminering på grunn av nedsatt funksjonsevne." />
<meta property="og:url" content="https://ldo.no/arkiv/klagesaker/2009-diskriminert-pa-grunn-av-sin-funksjonsnedsettelse/" />
<meta property="og:site_name" content="Arkiv" />
<meta name="twitter:card" content="summary_large_image" />
<meta name="twitter:label1" content="Ansl. lesetid" />
	<meta name="twitter:data1" content="1 minutt" />
<script type="application/ld+json" class="yoast-schema-graph">{"@context":"https://schema.org","@graph":[{"@type":"WebPage","@id":"https://ldo.no/arkiv/klagesaker/2009-diskriminert-pa-grunn-av-sin-funksjonsnedsettelse/","url":"https://ldo.no/arkiv/klagesaker/2009-diskriminert-pa-grunn-av-sin-funksjonsnedsettelse/","name":"Diskriminert på grunn av sin funksjonsnedsettelse - Arkiv","isPartOf":{"@id":"https://ldo.no/arkiv/#website"},"datePublished":"2009-01-01T00:00:00+00:00","dateModified":"2009-01-01T00:00:00+00:00","breadcrumb":{"@id":"https://ldo.no/arkiv/klagesaker/2009-diskriminert-pa-grunn-av-sin-funksjonsnedsettelse/#breadcrumb"},"inLanguage":"nb-NO","potentialAction":[{"@type":"ReadAction","target":["https://ldo.no/arkiv/klagesaker/2009-diskriminert-pa-grunn-av-sin-funksjonsnedsettelse/"]}]},{"@type":"BreadcrumbList","@id":"https://ldo.no/arkiv/klagesaker/2009-diskriminert-pa-grunn-av-sin-funksjonsnedsettelse/#breadcrumb","itemListElement":[{"@type":"ListItem","position":1,"name":"Arkiv","item":"https://ldo.no/arkiv/"},{"@type":"ListItem","position":2,"name":"Klagesaker","item":"https://ldo.no/arkiv/?post-type=ldo-complaint"},{"@type":"ListItem","position":3,"name":"Diskriminert på grunn av sin funksjonsnedsettelse"}]},{"@type":"WebSite","@id":"https://ldo.no/arkiv/#website","url":"https://ldo.no/arkiv/","name":"LDO Arkiv","description":"Dette er ombudets arkiv. Her finner du klagesaker som ombudet i sin tid behandlet fra 1996 til 2017. Klagesaker utover dette finner du på Diskrimineringsnemndas hjemmeside. På disse arkivsidene finner du også eldre høringssvar som strekker seg fra 2023 og tilbake til 2006. Nyere høringssvar finner du på Publikasjoner, som du kan besøke ved å klikke på menyknappen øverst i høyre hjørne.","publisher":{"@id":"https://ldo.no/arkiv/#organization"},"potentialAction":[{"@type":"SearchAction","target":{"@type":"EntryPoint","urlTemplate":"https://ldo.no/arkiv/?s={search_term_string}"},"query-input":"required name=search_term_string"}],"inLanguage":"nb-NO"},{"@type":"Organization","@id":"https://ldo.no/arkiv/#organization","name":"LDO Arkiv","url":"https://ldo.no/arkiv/","logo":{"@type":"ImageObject","inLanguage":"nb-NO","@id":"https://ldo.no/arkiv/#/schema/logo/image/","url":"https://ldo.no/content/uploads/sites/2/2025/05/Property-1Default.svg","contentUrl":"https://ldo.no/content/uploads/sites/2/2025/05/Property-1Default.svg","caption":"LDO Arkiv"},"image":{"@id":"https://ldo.no/arkiv/#/schema/logo/image/"}}]}</script>
<!-- / Yoast SEO plugin. -->

Diskriminert på grunn av sin funksjonsnedsettelse - Arkiv

Likestillings- og diskrimineringsombudet har behandlet klage over diskriminering på grunn av nedsatt funksjonsevne.

Dette er ombudets arkiv. Her finner du klagesaker som ombudet i sin tid behandlet fra 1996 til 2017. Klagesaker utover dette finner du på Diskrimineringsnemndas hjemmeside. På disse arkivsidene finner du også eldre høringssvar som strekker seg fra 2023 og tilbake til 2006. Nyere høringssvar finner du på Publikasjoner, som du kan besøke ved å klikke på menyknappen øverst i høyre hjørne.
