{"id":15663,"date":"2009-01-01T00:00:00","date_gmt":"2009-01-01T00:00:00","guid":{"rendered":"https:\/\/ldo.local\/arkiv\/klagesaker\/2009-diskriminering-pa-grunn-av-kjonn\/"},"modified":"2009-01-01T00:00:00","modified_gmt":"2009-01-01T00:00:00","slug":"2009-diskriminering-pa-grunn-av-kjonn","status":"publish","type":"ldo-complaint","link":"https:\/\/ldo.no\/arkiv\/klagesaker\/2009-diskriminering-pa-grunn-av-kjonn\/","title":{"rendered":"Diskriminering p\u00e5 grunn av kj\u00f8nn"},"content":{"rendered":"<article class=\"base-article inside\">\n<header>\n<div class=\"row\">\n<div class=\"col-sm-12\">\n<\/div>\n<\/div>\n<h1>\nDiskriminering p\u00e5 grunn av kj\u00f8nn<br \/>\n<\/h1>\n<\/header>\n<section>\n<section class=\"lead\">\n<p>En kvinne klaget til ombudet over indirekte diskriminering p\u00e5 grunn av kj\u00f8nn. <\/p>\n<\/section>\n<section>\n<p>Kvinnen var fortl\u00f8pende ansatt i ulike vikariater ved X politidistrikt. Da kvinnen gikk ut i foreldrepermisjon fikk hun ikke fornyet vikariat. Hun klaget inn saken for ombudet med p\u00e5stand om indirekte diskriminering p\u00e5 grunn av kj\u00f8nn.<\/p>\n<h2>Konklusjon<\/h2>\n<p>Ombudet konkluderte med at kvinnen var utsatt for indirekte diskriminering p\u00e5 grunn av kj\u00f8nn i strid med likestillingslovens \u00a7 3 andre ledd nr. 2 og \u00a7 3 tredje ledd ved at hun ikke fikk fornyet vikariat p\u00e5 grunn av foreldrepermisjon.<\/p>\n<p><span>Les hele uttalelsen her (PDF).<\/span><\/p>\n<\/section>\n<\/section>\n<\/article>\n","protected":false},"excerpt":{"rendered":"<p>En kvinne klaget til ombudet over indirekte diskriminering p\u00e5 grunn av kj\u00f8nn.<\/p>\n","protected":false},"template":"","meta":{"footnotes":""},"ldo-archive-year":[21],"class_list":["post-15663","ldo-complaint","type-ldo-complaint","status-publish","hentry","ldo-archive-year-21"],"yoast_head":"<!-- This site is optimized with the Yoast SEO plugin v22.9 - https:\/\/yoast.com\/wordpress\/plugins\/seo\/ -->\n<title>Diskriminering p\u00e5 grunn av kj\u00f8nn - Arkiv<\/title>\n<meta name=\"robots\" content=\"index, follow, max-snippet:-1, max-image-preview:large, max-video-preview:-1\" \/>\n<link rel=\"canonical\" href=\"https:\/\/ldo.no\/arkiv\/klagesaker\/2009-diskriminering-pa-grunn-av-kjonn\/\" \/>\n<meta property=\"og:locale\" content=\"nb_NO\" \/>\n<meta property=\"og:type\" content=\"article\" \/>\n<meta property=\"og:title\" content=\"Diskriminering p\u00e5 grunn av kj\u00f8nn - Arkiv\" \/>\n<meta property=\"og:description\" content=\"En kvinne klaget til ombudet over indirekte diskriminering p\u00e5 grunn av kj\u00f8nn.\" \/>\n<meta property=\"og:url\" content=\"https:\/\/ldo.no\/arkiv\/klagesaker\/2009-diskriminering-pa-grunn-av-kjonn\/\" \/>\n<meta property=\"og:site_name\" content=\"Arkiv\" \/>\n<meta name=\"twitter:card\" content=\"summary_large_image\" \/>\n<meta name=\"twitter:label1\" content=\"Ansl. lesetid\" \/>\n\t<meta name=\"twitter:data1\" content=\"1 minutt\" \/>\n<script type=\"application\/ld+json\" class=\"yoast-schema-graph\">{\"@context\":\"https:\/\/schema.org\",\"@graph\":[{\"@type\":\"WebPage\",\"@id\":\"https:\/\/ldo.no\/arkiv\/klagesaker\/2009-diskriminering-pa-grunn-av-kjonn\/\",\"url\":\"https:\/\/ldo.no\/arkiv\/klagesaker\/2009-diskriminering-pa-grunn-av-kjonn\/\",\"name\":\"Diskriminering p\u00e5 grunn av kj\u00f8nn - Arkiv\",\"isPartOf\":{\"@id\":\"https:\/\/ldo.no\/arkiv\/#website\"},\"datePublished\":\"2009-01-01T00:00:00+00:00\",\"dateModified\":\"2009-01-01T00:00:00+00:00\",\"breadcrumb\":{\"@id\":\"https:\/\/ldo.no\/arkiv\/klagesaker\/2009-diskriminering-pa-grunn-av-kjonn\/#breadcrumb\"},\"inLanguage\":\"nb-NO\",\"potentialAction\":[{\"@type\":\"ReadAction\",\"target\":[\"https:\/\/ldo.no\/arkiv\/klagesaker\/2009-diskriminering-pa-grunn-av-kjonn\/\"]}]},{\"@type\":\"BreadcrumbList\",\"@id\":\"https:\/\/ldo.no\/arkiv\/klagesaker\/2009-diskriminering-pa-grunn-av-kjonn\/#breadcrumb\",\"itemListElement\":[{\"@type\":\"ListItem\",\"position\":1,\"name\":\"Arkiv\",\"item\":\"https:\/\/ldo.no\/arkiv\/\"},{\"@type\":\"ListItem\",\"position\":2,\"name\":\"Klagesaker\",\"item\":\"https:\/\/ldo.no\/arkiv\/?post-type=ldo-complaint\"},{\"@type\":\"ListItem\",\"position\":3,\"name\":\"Diskriminering p\u00e5 grunn av kj\u00f8nn\"}]},{\"@type\":\"WebSite\",\"@id\":\"https:\/\/ldo.no\/arkiv\/#website\",\"url\":\"https:\/\/ldo.no\/arkiv\/\",\"name\":\"LDO Arkiv\",\"description\":\"Dette er ombudets arkiv. Her finner du klagesaker som ombudet i sin tid behandlet fra 1996 til 2017. Klagesaker utover dette finner du p\u00e5 Diskrimineringsnemndas hjemmeside. P\u00e5 disse arkivsidene finner du ogs\u00e5 eldre h\u00f8ringssvar som strekker seg fra 2023 og tilbake til 2006. Nyere h\u00f8ringssvar finner du p\u00e5 Publikasjoner, som du kan bes\u00f8ke ved \u00e5 klikke p\u00e5 menyknappen \u00f8verst i h\u00f8yre hj\u00f8rne.\",\"publisher\":{\"@id\":\"https:\/\/ldo.no\/arkiv\/#organization\"},\"potentialAction\":[{\"@type\":\"SearchAction\",\"target\":{\"@type\":\"EntryPoint\",\"urlTemplate\":\"https:\/\/ldo.no\/arkiv\/?s={search_term_string}\"},\"query-input\":\"required name=search_term_string\"}],\"inLanguage\":\"nb-NO\"},{\"@type\":\"Organization\",\"@id\":\"https:\/\/ldo.no\/arkiv\/#organization\",\"name\":\"LDO Arkiv\",\"url\":\"https:\/\/ldo.no\/arkiv\/\",\"logo\":{\"@type\":\"ImageObject\",\"inLanguage\":\"nb-NO\",\"@id\":\"https:\/\/ldo.no\/arkiv\/#\/schema\/logo\/image\/\",\"url\":\"https:\/\/ldo.no\/content\/uploads\/sites\/2\/2025\/05\/Property-1Default.svg\",\"contentUrl\":\"https:\/\/ldo.no\/content\/uploads\/sites\/2\/2025\/05\/Property-1Default.svg\",\"caption\":\"LDO Arkiv\"},\"image\":{\"@id\":\"https:\/\/ldo.no\/arkiv\/#\/schema\/logo\/image\/\"}}]}<\/script>\n<!-- \/ Yoast SEO plugin. -->","yoast_head_json":{"title":"Diskriminering p\u00e5 grunn av kj\u00f8nn - Arkiv","robots":{"index":"index","follow":"follow","max-snippet":"max-snippet:-1","max-image-preview":"max-image-preview:large","max-video-preview":"max-video-preview:-1"},"canonical":"https:\/\/ldo.no\/arkiv\/klagesaker\/2009-diskriminering-pa-grunn-av-kjonn\/","og_locale":"nb_NO","og_type":"article","og_title":"Diskriminering p\u00e5 grunn av kj\u00f8nn - Arkiv","og_description":"En kvinne klaget til ombudet over indirekte diskriminering p\u00e5 grunn av kj\u00f8nn.","og_url":"https:\/\/ldo.no\/arkiv\/klagesaker\/2009-diskriminering-pa-grunn-av-kjonn\/","og_site_name":"Arkiv","twitter_card":"summary_large_image","twitter_misc":{"Ansl. lesetid":"1 minutt"},"schema":{"@context":"https:\/\/schema.org","@graph":[{"@type":"WebPage","@id":"https:\/\/ldo.no\/arkiv\/klagesaker\/2009-diskriminering-pa-grunn-av-kjonn\/","url":"https:\/\/ldo.no\/arkiv\/klagesaker\/2009-diskriminering-pa-grunn-av-kjonn\/","name":"Diskriminering p\u00e5 grunn av kj\u00f8nn - Arkiv","isPartOf":{"@id":"https:\/\/ldo.no\/arkiv\/#website"},"datePublished":"2009-01-01T00:00:00+00:00","dateModified":"2009-01-01T00:00:00+00:00","breadcrumb":{"@id":"https:\/\/ldo.no\/arkiv\/klagesaker\/2009-diskriminering-pa-grunn-av-kjonn\/#breadcrumb"},"inLanguage":"nb-NO","potentialAction":[{"@type":"ReadAction","target":["https:\/\/ldo.no\/arkiv\/klagesaker\/2009-diskriminering-pa-grunn-av-kjonn\/"]}]},{"@type":"BreadcrumbList","@id":"https:\/\/ldo.no\/arkiv\/klagesaker\/2009-diskriminering-pa-grunn-av-kjonn\/#breadcrumb","itemListElement":[{"@type":"ListItem","position":1,"name":"Arkiv","item":"https:\/\/ldo.no\/arkiv\/"},{"@type":"ListItem","position":2,"name":"Klagesaker","item":"https:\/\/ldo.no\/arkiv\/?post-type=ldo-complaint"},{"@type":"ListItem","position":3,"name":"Diskriminering p\u00e5 grunn av kj\u00f8nn"}]},{"@type":"WebSite","@id":"https:\/\/ldo.no\/arkiv\/#website","url":"https:\/\/ldo.no\/arkiv\/","name":"LDO Arkiv","description":"Dette er ombudets arkiv. Her finner du klagesaker som ombudet i sin tid behandlet fra 1996 til 2017. Klagesaker utover dette finner du p\u00e5 Diskrimineringsnemndas hjemmeside. P\u00e5 disse arkivsidene finner du ogs\u00e5 eldre h\u00f8ringssvar som strekker seg fra 2023 og tilbake til 2006. Nyere h\u00f8ringssvar finner du p\u00e5 Publikasjoner, som du kan bes\u00f8ke ved \u00e5 klikke p\u00e5 menyknappen \u00f8verst i h\u00f8yre hj\u00f8rne.","publisher":{"@id":"https:\/\/ldo.no\/arkiv\/#organization"},"potentialAction":[{"@type":"SearchAction","target":{"@type":"EntryPoint","urlTemplate":"https:\/\/ldo.no\/arkiv\/?s={search_term_string}"},"query-input":"required name=search_term_string"}],"inLanguage":"nb-NO"},{"@type":"Organization","@id":"https:\/\/ldo.no\/arkiv\/#organization","name":"LDO Arkiv","url":"https:\/\/ldo.no\/arkiv\/","logo":{"@type":"ImageObject","inLanguage":"nb-NO","@id":"https:\/\/ldo.no\/arkiv\/#\/schema\/logo\/image\/","url":"https:\/\/ldo.no\/content\/uploads\/sites\/2\/2025\/05\/Property-1Default.svg","contentUrl":"https:\/\/ldo.no\/content\/uploads\/sites\/2\/2025\/05\/Property-1Default.svg","caption":"LDO Arkiv"},"image":{"@id":"https:\/\/ldo.no\/arkiv\/#\/schema\/logo\/image\/"}}]}},"_links":{"self":[{"href":"https:\/\/ldo.no\/arkiv\/wp-json\/wp\/v2\/ldo-complaint\/15663"}],"collection":[{"href":"https:\/\/ldo.no\/arkiv\/wp-json\/wp\/v2\/ldo-complaint"}],"about":[{"href":"https:\/\/ldo.no\/arkiv\/wp-json\/wp\/v2\/types\/ldo-complaint"}],"version-history":[{"count":0,"href":"https:\/\/ldo.no\/arkiv\/wp-json\/wp\/v2\/ldo-complaint\/15663\/revisions"}],"wp:attachment":[{"href":"https:\/\/ldo.no\/arkiv\/wp-json\/wp\/v2\/media?parent=15663"}],"wp:term":[{"taxonomy":"ldo-archive-year","embeddable":true,"href":"https:\/\/ldo.no\/arkiv\/wp-json\/wp\/v2\/ldo-archive-year?post=15663"}],"curies":[{"name":"wp","href":"https:\/\/api.w.org\/{rel}","templated":true}]}}

Diskriminering på grunn av kjønn

<article class="base-article inside">
<header>
<div class="row">
<div class="col-sm-12">
</div>
</div>
<h1>
Diskriminering på grunn av kjønn<br />
</h1>
</header>
<section>
<section class="lead">
<p>En kvinne klaget til ombudet over indirekte diskriminering på grunn av kjønn. </p>
</section>
<section>
<p>Kvinnen var fortløpende ansatt i ulike vikariater ved X politidistrikt. Da kvinnen gikk ut i foreldrepermisjon fikk hun ikke fornyet vikariat. Hun klaget inn saken for ombudet med påstand om indirekte diskriminering på grunn av kjønn.</p>
<h2>Konklusjon</h2>
<p>Ombudet konkluderte med at kvinnen var utsatt for indirekte diskriminering på grunn av kjønn i strid med likestillingslovens § 3 andre ledd nr. 2 og § 3 tredje ledd ved at hun ikke fikk fornyet vikariat på grunn av foreldrepermisjon.</p>
<p><span>Les hele uttalelsen her (PDF).</span></p>
</section>
</section>
</article>

<p>En kvinne klaget til ombudet over indirekte diskriminering på grunn av kjønn.</p>

<!-- This site is optimized with the Yoast SEO plugin v22.9 - https://yoast.com/wordpress/plugins/seo/ -->
<title>Diskriminering på grunn av kjønn - Arkiv</title>
<meta name="robots" content="index, follow, max-snippet:-1, max-image-preview:large, max-video-preview:-1" />
<link rel="canonical" href="https://ldo.no/arkiv/klagesaker/2009-diskriminering-pa-grunn-av-kjonn/" />
<meta property="og:locale" content="nb_NO" />
<meta property="og:type" content="article" />
<meta property="og:title" content="Diskriminering på grunn av kjønn - Arkiv" />
<meta property="og:description" content="En kvinne klaget til ombudet over indirekte diskriminering på grunn av kjønn." />
<meta property="og:url" content="https://ldo.no/arkiv/klagesaker/2009-diskriminering-pa-grunn-av-kjonn/" />
<meta property="og:site_name" content="Arkiv" />
<meta name="twitter:card" content="summary_large_image" />
<meta name="twitter:label1" content="Ansl. lesetid" />
	<meta name="twitter:data1" content="1 minutt" />
<script type="application/ld+json" class="yoast-schema-graph">{"@context":"https://schema.org","@graph":[{"@type":"WebPage","@id":"https://ldo.no/arkiv/klagesaker/2009-diskriminering-pa-grunn-av-kjonn/","url":"https://ldo.no/arkiv/klagesaker/2009-diskriminering-pa-grunn-av-kjonn/","name":"Diskriminering på grunn av kjønn - Arkiv","isPartOf":{"@id":"https://ldo.no/arkiv/#website"},"datePublished":"2009-01-01T00:00:00+00:00","dateModified":"2009-01-01T00:00:00+00:00","breadcrumb":{"@id":"https://ldo.no/arkiv/klagesaker/2009-diskriminering-pa-grunn-av-kjonn/#breadcrumb"},"inLanguage":"nb-NO","potentialAction":[{"@type":"ReadAction","target":["https://ldo.no/arkiv/klagesaker/2009-diskriminering-pa-grunn-av-kjonn/"]}]},{"@type":"BreadcrumbList","@id":"https://ldo.no/arkiv/klagesaker/2009-diskriminering-pa-grunn-av-kjonn/#breadcrumb","itemListElement":[{"@type":"ListItem","position":1,"name":"Arkiv","item":"https://ldo.no/arkiv/"},{"@type":"ListItem","position":2,"name":"Klagesaker","item":"https://ldo.no/arkiv/?post-type=ldo-complaint"},{"@type":"ListItem","position":3,"name":"Diskriminering på grunn av kjønn"}]},{"@type":"WebSite","@id":"https://ldo.no/arkiv/#website","url":"https://ldo.no/arkiv/","name":"LDO Arkiv","description":"Dette er ombudets arkiv. Her finner du klagesaker som ombudet i sin tid behandlet fra 1996 til 2017. Klagesaker utover dette finner du på Diskrimineringsnemndas hjemmeside. På disse arkivsidene finner du også eldre høringssvar som strekker seg fra 2023 og tilbake til 2006. Nyere høringssvar finner du på Publikasjoner, som du kan besøke ved å klikke på menyknappen øverst i høyre hjørne.","publisher":{"@id":"https://ldo.no/arkiv/#organization"},"potentialAction":[{"@type":"SearchAction","target":{"@type":"EntryPoint","urlTemplate":"https://ldo.no/arkiv/?s={search_term_string}"},"query-input":"required name=search_term_string"}],"inLanguage":"nb-NO"},{"@type":"Organization","@id":"https://ldo.no/arkiv/#organization","name":"LDO Arkiv","url":"https://ldo.no/arkiv/","logo":{"@type":"ImageObject","inLanguage":"nb-NO","@id":"https://ldo.no/arkiv/#/schema/logo/image/","url":"https://ldo.no/content/uploads/sites/2/2025/05/Property-1Default.svg","contentUrl":"https://ldo.no/content/uploads/sites/2/2025/05/Property-1Default.svg","caption":"LDO Arkiv"},"image":{"@id":"https://ldo.no/arkiv/#/schema/logo/image/"}}]}</script>
<!-- / Yoast SEO plugin. -->

Diskriminering på grunn av kjønn - Arkiv

En kvinne klaget til ombudet over indirekte diskriminering på grunn av kjønn.

Dette er ombudets arkiv. Her finner du klagesaker som ombudet i sin tid behandlet fra 1996 til 2017. Klagesaker utover dette finner du på Diskrimineringsnemndas hjemmeside. På disse arkivsidene finner du også eldre høringssvar som strekker seg fra 2023 og tilbake til 2006. Nyere høringssvar finner du på Publikasjoner, som du kan besøke ved å klikke på menyknappen øverst i høyre hjørne.
