{"id":15678,"date":"2007-01-01T00:00:00","date_gmt":"2007-01-01T00:00:00","guid":{"rendered":"https:\/\/ldo.local\/arkiv\/klagesaker\/2007-etnisitet-ikke-grunn-for-avslag\/"},"modified":"2007-01-01T00:00:00","modified_gmt":"2007-01-01T00:00:00","slug":"2007-etnisitet-ikke-grunn-for-avslag","status":"publish","type":"ldo-complaint","link":"https:\/\/ldo.no\/arkiv\/klagesaker\/2007-etnisitet-ikke-grunn-for-avslag\/","title":{"rendered":"Etnisitet ikke grunn for avslag"},"content":{"rendered":"<article class=\"base-article inside\">\n<header>\n<div class=\"row\">\n<div class=\"col-sm-12\">\n<\/div>\n<\/div>\n<h1>\nEtnisitet ikke grunn for avslag<br \/>\n<\/h1>\n<\/header>\n<section>\n<section class=\"lead\">\nMannen mente han ikke ble innkalt til jobbintervju p\u00e5 grunn av sin etnisitet. Men det var ikke ombudet enig i.<br \/>\n<\/section>\n<section>\n<p>Klager mente spr\u00e5kferdighetene og erfaringen fra kundebehandling gjorde ham til den best kvalifiserte s\u00f8keren til stillingen som Customer Service Adviser. Han har bodd og studert i Russland, og i utlysningsteksten ble kandidater med kjennskap til russisk spesielt oppfordret til \u00e5 s\u00f8ke. Klager ble ikke innkalt til intervju og han hevdet at han ble forbig\u00e5tt p\u00e5 grunn av etnisitet.<\/p>\n<p>Virksomheten bestred at klager var forbig\u00e5tt p\u00e5 grunn av etnisitet. De viste til at de hadde et stort behov for snarlig tiltredelse og hadde derfor ikke tatt i betraktninger s\u00f8knader som hadde kommet inn etter en gitt dato. P\u00e5 det tidspunktet de mottok klagers s\u00f8knad, hadde de allerede f\u00e5tt inn meget godt kvalifiserte s\u00f8kere. <\/p>\n<h2>Konklusjon<\/h2>\n<p>Ombudet konkluderte med at klager ikke var forbig\u00e5tt p\u00e5 grunn av etnisitet da klager ikke ble innkalt til intervju. Ombudet fant at virksomheten hadde foretatt en konkret vurdering av kvalifikasjonene til s\u00f8keren som ble ansatt, uavhengig av etnistet.<\/p>\n<p><strong>Diskrimineringsgrunnlag: Etnisitet.<br \/>Saksnummer: 06\/1598.<br \/>Lovanvendelse: diskrimineringsloven \u00a7 4.<\/strong><\/p>\n<p><span>Les hele uttalelsen<\/span> (PDF).<\/p>\n<\/section>\n<\/section>\n<\/article>\n","protected":false},"excerpt":{"rendered":"<p>Mannen mente han ikke ble innkalt til jobbintervju p\u00e5 grunn av sin etnisitet. Men det var ikke ombudet enig i.<\/p>\n","protected":false},"template":"","meta":{"footnotes":""},"ldo-archive-year":[19],"class_list":["post-15678","ldo-complaint","type-ldo-complaint","status-publish","hentry","ldo-archive-year-19"],"yoast_head":"<!-- This site is optimized with the Yoast SEO plugin v22.9 - https:\/\/yoast.com\/wordpress\/plugins\/seo\/ -->\n<title>Etnisitet ikke grunn for avslag - Arkiv<\/title>\n<meta name=\"robots\" content=\"index, follow, max-snippet:-1, max-image-preview:large, max-video-preview:-1\" \/>\n<link rel=\"canonical\" href=\"https:\/\/ldo.no\/arkiv\/klagesaker\/2007-etnisitet-ikke-grunn-for-avslag\/\" \/>\n<meta property=\"og:locale\" content=\"nb_NO\" \/>\n<meta property=\"og:type\" content=\"article\" \/>\n<meta property=\"og:title\" content=\"Etnisitet ikke grunn for avslag - Arkiv\" \/>\n<meta property=\"og:description\" content=\"Mannen mente han ikke ble innkalt til jobbintervju p\u00e5 grunn av sin etnisitet. Men det var ikke ombudet enig i.\" \/>\n<meta property=\"og:url\" content=\"https:\/\/ldo.no\/arkiv\/klagesaker\/2007-etnisitet-ikke-grunn-for-avslag\/\" \/>\n<meta property=\"og:site_name\" content=\"Arkiv\" \/>\n<meta name=\"twitter:card\" content=\"summary_large_image\" \/>\n<meta name=\"twitter:label1\" content=\"Ansl. lesetid\" \/>\n\t<meta name=\"twitter:data1\" content=\"1 minutt\" \/>\n<script type=\"application\/ld+json\" class=\"yoast-schema-graph\">{\"@context\":\"https:\/\/schema.org\",\"@graph\":[{\"@type\":\"WebPage\",\"@id\":\"https:\/\/ldo.no\/arkiv\/klagesaker\/2007-etnisitet-ikke-grunn-for-avslag\/\",\"url\":\"https:\/\/ldo.no\/arkiv\/klagesaker\/2007-etnisitet-ikke-grunn-for-avslag\/\",\"name\":\"Etnisitet ikke grunn for avslag - Arkiv\",\"isPartOf\":{\"@id\":\"https:\/\/ldo.no\/arkiv\/#website\"},\"datePublished\":\"2007-01-01T00:00:00+00:00\",\"dateModified\":\"2007-01-01T00:00:00+00:00\",\"breadcrumb\":{\"@id\":\"https:\/\/ldo.no\/arkiv\/klagesaker\/2007-etnisitet-ikke-grunn-for-avslag\/#breadcrumb\"},\"inLanguage\":\"nb-NO\",\"potentialAction\":[{\"@type\":\"ReadAction\",\"target\":[\"https:\/\/ldo.no\/arkiv\/klagesaker\/2007-etnisitet-ikke-grunn-for-avslag\/\"]}]},{\"@type\":\"BreadcrumbList\",\"@id\":\"https:\/\/ldo.no\/arkiv\/klagesaker\/2007-etnisitet-ikke-grunn-for-avslag\/#breadcrumb\",\"itemListElement\":[{\"@type\":\"ListItem\",\"position\":1,\"name\":\"Arkiv\",\"item\":\"https:\/\/ldo.no\/arkiv\/\"},{\"@type\":\"ListItem\",\"position\":2,\"name\":\"Klagesaker\",\"item\":\"https:\/\/ldo.no\/arkiv\/?post-type=ldo-complaint\"},{\"@type\":\"ListItem\",\"position\":3,\"name\":\"Etnisitet ikke grunn for avslag\"}]},{\"@type\":\"WebSite\",\"@id\":\"https:\/\/ldo.no\/arkiv\/#website\",\"url\":\"https:\/\/ldo.no\/arkiv\/\",\"name\":\"LDO Arkiv\",\"description\":\"Dette er ombudets arkiv. Her finner du klagesaker som ombudet i sin tid behandlet fra 1996 til 2017. Klagesaker utover dette finner du p\u00e5 Diskrimineringsnemndas hjemmeside. P\u00e5 disse arkivsidene finner du ogs\u00e5 eldre h\u00f8ringssvar som strekker seg fra 2023 og tilbake til 2006. Nyere h\u00f8ringssvar finner du p\u00e5 Publikasjoner, som du kan bes\u00f8ke ved \u00e5 klikke p\u00e5 menyknappen \u00f8verst i h\u00f8yre hj\u00f8rne.\",\"publisher\":{\"@id\":\"https:\/\/ldo.no\/arkiv\/#organization\"},\"potentialAction\":[{\"@type\":\"SearchAction\",\"target\":{\"@type\":\"EntryPoint\",\"urlTemplate\":\"https:\/\/ldo.no\/arkiv\/?s={search_term_string}\"},\"query-input\":\"required name=search_term_string\"}],\"inLanguage\":\"nb-NO\"},{\"@type\":\"Organization\",\"@id\":\"https:\/\/ldo.no\/arkiv\/#organization\",\"name\":\"LDO Arkiv\",\"url\":\"https:\/\/ldo.no\/arkiv\/\",\"logo\":{\"@type\":\"ImageObject\",\"inLanguage\":\"nb-NO\",\"@id\":\"https:\/\/ldo.no\/arkiv\/#\/schema\/logo\/image\/\",\"url\":\"https:\/\/ldo.no\/content\/uploads\/sites\/2\/2025\/05\/Property-1Default.svg\",\"contentUrl\":\"https:\/\/ldo.no\/content\/uploads\/sites\/2\/2025\/05\/Property-1Default.svg\",\"caption\":\"LDO Arkiv\"},\"image\":{\"@id\":\"https:\/\/ldo.no\/arkiv\/#\/schema\/logo\/image\/\"}}]}<\/script>\n<!-- \/ Yoast SEO plugin. -->","yoast_head_json":{"title":"Etnisitet ikke grunn for avslag - Arkiv","robots":{"index":"index","follow":"follow","max-snippet":"max-snippet:-1","max-image-preview":"max-image-preview:large","max-video-preview":"max-video-preview:-1"},"canonical":"https:\/\/ldo.no\/arkiv\/klagesaker\/2007-etnisitet-ikke-grunn-for-avslag\/","og_locale":"nb_NO","og_type":"article","og_title":"Etnisitet ikke grunn for avslag - Arkiv","og_description":"Mannen mente han ikke ble innkalt til jobbintervju p\u00e5 grunn av sin etnisitet. Men det var ikke ombudet enig i.","og_url":"https:\/\/ldo.no\/arkiv\/klagesaker\/2007-etnisitet-ikke-grunn-for-avslag\/","og_site_name":"Arkiv","twitter_card":"summary_large_image","twitter_misc":{"Ansl. lesetid":"1 minutt"},"schema":{"@context":"https:\/\/schema.org","@graph":[{"@type":"WebPage","@id":"https:\/\/ldo.no\/arkiv\/klagesaker\/2007-etnisitet-ikke-grunn-for-avslag\/","url":"https:\/\/ldo.no\/arkiv\/klagesaker\/2007-etnisitet-ikke-grunn-for-avslag\/","name":"Etnisitet ikke grunn for avslag - Arkiv","isPartOf":{"@id":"https:\/\/ldo.no\/arkiv\/#website"},"datePublished":"2007-01-01T00:00:00+00:00","dateModified":"2007-01-01T00:00:00+00:00","breadcrumb":{"@id":"https:\/\/ldo.no\/arkiv\/klagesaker\/2007-etnisitet-ikke-grunn-for-avslag\/#breadcrumb"},"inLanguage":"nb-NO","potentialAction":[{"@type":"ReadAction","target":["https:\/\/ldo.no\/arkiv\/klagesaker\/2007-etnisitet-ikke-grunn-for-avslag\/"]}]},{"@type":"BreadcrumbList","@id":"https:\/\/ldo.no\/arkiv\/klagesaker\/2007-etnisitet-ikke-grunn-for-avslag\/#breadcrumb","itemListElement":[{"@type":"ListItem","position":1,"name":"Arkiv","item":"https:\/\/ldo.no\/arkiv\/"},{"@type":"ListItem","position":2,"name":"Klagesaker","item":"https:\/\/ldo.no\/arkiv\/?post-type=ldo-complaint"},{"@type":"ListItem","position":3,"name":"Etnisitet ikke grunn for avslag"}]},{"@type":"WebSite","@id":"https:\/\/ldo.no\/arkiv\/#website","url":"https:\/\/ldo.no\/arkiv\/","name":"LDO Arkiv","description":"Dette er ombudets arkiv. Her finner du klagesaker som ombudet i sin tid behandlet fra 1996 til 2017. Klagesaker utover dette finner du p\u00e5 Diskrimineringsnemndas hjemmeside. P\u00e5 disse arkivsidene finner du ogs\u00e5 eldre h\u00f8ringssvar som strekker seg fra 2023 og tilbake til 2006. Nyere h\u00f8ringssvar finner du p\u00e5 Publikasjoner, som du kan bes\u00f8ke ved \u00e5 klikke p\u00e5 menyknappen \u00f8verst i h\u00f8yre hj\u00f8rne.","publisher":{"@id":"https:\/\/ldo.no\/arkiv\/#organization"},"potentialAction":[{"@type":"SearchAction","target":{"@type":"EntryPoint","urlTemplate":"https:\/\/ldo.no\/arkiv\/?s={search_term_string}"},"query-input":"required name=search_term_string"}],"inLanguage":"nb-NO"},{"@type":"Organization","@id":"https:\/\/ldo.no\/arkiv\/#organization","name":"LDO Arkiv","url":"https:\/\/ldo.no\/arkiv\/","logo":{"@type":"ImageObject","inLanguage":"nb-NO","@id":"https:\/\/ldo.no\/arkiv\/#\/schema\/logo\/image\/","url":"https:\/\/ldo.no\/content\/uploads\/sites\/2\/2025\/05\/Property-1Default.svg","contentUrl":"https:\/\/ldo.no\/content\/uploads\/sites\/2\/2025\/05\/Property-1Default.svg","caption":"LDO Arkiv"},"image":{"@id":"https:\/\/ldo.no\/arkiv\/#\/schema\/logo\/image\/"}}]}},"_links":{"self":[{"href":"https:\/\/ldo.no\/arkiv\/wp-json\/wp\/v2\/ldo-complaint\/15678"}],"collection":[{"href":"https:\/\/ldo.no\/arkiv\/wp-json\/wp\/v2\/ldo-complaint"}],"about":[{"href":"https:\/\/ldo.no\/arkiv\/wp-json\/wp\/v2\/types\/ldo-complaint"}],"version-history":[{"count":0,"href":"https:\/\/ldo.no\/arkiv\/wp-json\/wp\/v2\/ldo-complaint\/15678\/revisions"}],"wp:attachment":[{"href":"https:\/\/ldo.no\/arkiv\/wp-json\/wp\/v2\/media?parent=15678"}],"wp:term":[{"taxonomy":"ldo-archive-year","embeddable":true,"href":"https:\/\/ldo.no\/arkiv\/wp-json\/wp\/v2\/ldo-archive-year?post=15678"}],"curies":[{"name":"wp","href":"https:\/\/api.w.org\/{rel}","templated":true}]}}

<article class="base-article inside">
<header>
<div class="row">
<div class="col-sm-12">
</div>
</div>
<h1>
Etnisitet ikke grunn for avslag<br />
</h1>
</header>
<section>
<section class="lead">
Mannen mente han ikke ble innkalt til jobbintervju på grunn av sin etnisitet. Men det var ikke ombudet enig i.<br />
</section>
<section>
<p>Klager mente språkferdighetene og erfaringen fra kundebehandling gjorde ham til den best kvalifiserte søkeren til stillingen som Customer Service Adviser. Han har bodd og studert i Russland, og i utlysningsteksten ble kandidater med kjennskap til russisk spesielt oppfordret til å søke. Klager ble ikke innkalt til intervju og han hevdet at han ble forbigått på grunn av etnisitet.</p>
<p>Virksomheten bestred at klager var forbigått på grunn av etnisitet. De viste til at de hadde et stort behov for snarlig tiltredelse og hadde derfor ikke tatt i betraktninger søknader som hadde kommet inn etter en gitt dato. På det tidspunktet de mottok klagers søknad, hadde de allerede fått inn meget godt kvalifiserte søkere. </p>
<h2>Konklusjon</h2>
<p>Ombudet konkluderte med at klager ikke var forbigått på grunn av etnisitet da klager ikke ble innkalt til intervju. Ombudet fant at virksomheten hadde foretatt en konkret vurdering av kvalifikasjonene til søkeren som ble ansatt, uavhengig av etnistet.</p>
<p><strong>Diskrimineringsgrunnlag: Etnisitet.<br />Saksnummer: 06/1598.<br />Lovanvendelse: diskrimineringsloven § 4.</strong></p>
<p><span>Les hele uttalelsen</span> (PDF).</p>
</section>
</section>
</article>

<p>Mannen mente han ikke ble innkalt til jobbintervju på grunn av sin etnisitet. Men det var ikke ombudet enig i.</p>

<!-- This site is optimized with the Yoast SEO plugin v22.9 - https://yoast.com/wordpress/plugins/seo/ -->
<title>Etnisitet ikke grunn for avslag - Arkiv</title>
<meta name="robots" content="index, follow, max-snippet:-1, max-image-preview:large, max-video-preview:-1" />
<link rel="canonical" href="https://ldo.no/arkiv/klagesaker/2007-etnisitet-ikke-grunn-for-avslag/" />
<meta property="og:locale" content="nb_NO" />
<meta property="og:type" content="article" />
<meta property="og:title" content="Etnisitet ikke grunn for avslag - Arkiv" />
<meta property="og:description" content="Mannen mente han ikke ble innkalt til jobbintervju på grunn av sin etnisitet. Men det var ikke ombudet enig i." />
<meta property="og:url" content="https://ldo.no/arkiv/klagesaker/2007-etnisitet-ikke-grunn-for-avslag/" />
<meta property="og:site_name" content="Arkiv" />
<meta name="twitter:card" content="summary_large_image" />
<meta name="twitter:label1" content="Ansl. lesetid" />
	<meta name="twitter:data1" content="1 minutt" />
<script type="application/ld+json" class="yoast-schema-graph">{"@context":"https://schema.org","@graph":[{"@type":"WebPage","@id":"https://ldo.no/arkiv/klagesaker/2007-etnisitet-ikke-grunn-for-avslag/","url":"https://ldo.no/arkiv/klagesaker/2007-etnisitet-ikke-grunn-for-avslag/","name":"Etnisitet ikke grunn for avslag - Arkiv","isPartOf":{"@id":"https://ldo.no/arkiv/#website"},"datePublished":"2007-01-01T00:00:00+00:00","dateModified":"2007-01-01T00:00:00+00:00","breadcrumb":{"@id":"https://ldo.no/arkiv/klagesaker/2007-etnisitet-ikke-grunn-for-avslag/#breadcrumb"},"inLanguage":"nb-NO","potentialAction":[{"@type":"ReadAction","target":["https://ldo.no/arkiv/klagesaker/2007-etnisitet-ikke-grunn-for-avslag/"]}]},{"@type":"BreadcrumbList","@id":"https://ldo.no/arkiv/klagesaker/2007-etnisitet-ikke-grunn-for-avslag/#breadcrumb","itemListElement":[{"@type":"ListItem","position":1,"name":"Arkiv","item":"https://ldo.no/arkiv/"},{"@type":"ListItem","position":2,"name":"Klagesaker","item":"https://ldo.no/arkiv/?post-type=ldo-complaint"},{"@type":"ListItem","position":3,"name":"Etnisitet ikke grunn for avslag"}]},{"@type":"WebSite","@id":"https://ldo.no/arkiv/#website","url":"https://ldo.no/arkiv/","name":"LDO Arkiv","description":"Dette er ombudets arkiv. Her finner du klagesaker som ombudet i sin tid behandlet fra 1996 til 2017. Klagesaker utover dette finner du på Diskrimineringsnemndas hjemmeside. På disse arkivsidene finner du også eldre høringssvar som strekker seg fra 2023 og tilbake til 2006. Nyere høringssvar finner du på Publikasjoner, som du kan besøke ved å klikke på menyknappen øverst i høyre hjørne.","publisher":{"@id":"https://ldo.no/arkiv/#organization"},"potentialAction":[{"@type":"SearchAction","target":{"@type":"EntryPoint","urlTemplate":"https://ldo.no/arkiv/?s={search_term_string}"},"query-input":"required name=search_term_string"}],"inLanguage":"nb-NO"},{"@type":"Organization","@id":"https://ldo.no/arkiv/#organization","name":"LDO Arkiv","url":"https://ldo.no/arkiv/","logo":{"@type":"ImageObject","inLanguage":"nb-NO","@id":"https://ldo.no/arkiv/#/schema/logo/image/","url":"https://ldo.no/content/uploads/sites/2/2025/05/Property-1Default.svg","contentUrl":"https://ldo.no/content/uploads/sites/2/2025/05/Property-1Default.svg","caption":"LDO Arkiv"},"image":{"@id":"https://ldo.no/arkiv/#/schema/logo/image/"}}]}</script>
<!-- / Yoast SEO plugin. -->

Mannen mente han ikke ble innkalt til jobbintervju på grunn av sin etnisitet. Men det var ikke ombudet enig i.

Dette er ombudets arkiv. Her finner du klagesaker som ombudet i sin tid behandlet fra 1996 til 2017. Klagesaker utover dette finner du på Diskrimineringsnemndas hjemmeside. På disse arkivsidene finner du også eldre høringssvar som strekker seg fra 2023 og tilbake til 2006. Nyere høringssvar finner du på Publikasjoner, som du kan besøke ved å klikke på menyknappen øverst i høyre hjørne.
