{"id":15694,"date":"2007-01-01T00:00:00","date_gmt":"2007-01-01T00:00:00","guid":{"rendered":"https:\/\/ldo.local\/arkiv\/klagesaker\/2007-leietaker-ble-ikke-diskriminert-pa-grunn-av-etnisitet\/"},"modified":"2007-01-01T00:00:00","modified_gmt":"2007-01-01T00:00:00","slug":"2007-leietaker-ble-ikke-diskriminert-pa-grunn-av-etnisitet","status":"publish","type":"ldo-complaint","link":"https:\/\/ldo.no\/arkiv\/klagesaker\/2007-leietaker-ble-ikke-diskriminert-pa-grunn-av-etnisitet\/","title":{"rendered":"Leietaker ble ikke diskriminert p\u00e5 grunn av etnisitet"},"content":{"rendered":"<article class=\"base-article inside\">\n<header>\n<div class=\"row\">\n<div class=\"col-sm-12\">\n<\/div>\n<\/div>\n<h1>\nLeietaker ble ikke diskriminert p\u00e5 grunn av etnisitet<br \/>\n<\/h1>\n<\/header>\n<section>\n<section class=\"lead\">\nLeietaker hevdet at han ble diskriminert ved at utleier nektet ham \u00e5 leie en leilighet p\u00e5 grunn av hans etniske opprinnelse. Han viste til at han hadde f\u00e5tt bekreftet fra n\u00e5v\u00e6rende leieboer at han kunne overta leiligheten fra en bestemt dato, og at kommunen stilte garanti.<br \/>\n<\/section>\n<section>\n<p>Utleier avviste at klager var diskriminert. At selskapet ikke ville inng\u00e5 leieavtale med klager ble begrunnet med at han ikke kunne stille depositum og heller ikke kunne vise til fast inntekt.<\/p>\n<h2>Konklusjon<\/h2>\n<p>Ombudet fant at klager ikke var diskriminert p\u00e5 grunn av etnisitet. N\u00e5v\u00e6rende leieboer hadde ikke fullmakt til \u00e5 forplikte utleier, og garanti fra kommunen gir d\u00e5rligere sikkerhet for utleier for eventuelle \u00f8konomiske krav enn depositum. Utleier hadde basert sin beslutning om \u00e5 ikke leie ut leiligheten til klager p\u00e5 \u00f8konomiske forhold og hensynet til \u00e5 sikre sine \u00f8konomiske interesser.<\/p>\n<p><strong>Diskrimineringsgrunnlag: etnisitet<br \/>Saksnummer: 07\/814<br \/>Lovanvendelse: diskrimineringsloven \u00a7 4, husleieloven \u00a7 1-8<\/strong><\/p>\n<p><span>Les hele uttalelsen<\/span> (PDF).<\/p>\n<\/section>\n<\/section>\n<\/article>\n","protected":false},"excerpt":{"rendered":"<p>Leietaker hevdet at han ble diskriminert ved at utleier nektet ham \u00e5 leie en leilighet p\u00e5 grunn av hans etniske opprinnelse. Han viste til at han hadde f\u00e5tt bekreftet fra n\u00e5v\u00e6rende leieboer at han kunne overta leiligheten fra en bestemt dato, og at kommunen stilte garanti.<\/p>\n","protected":false},"template":"","meta":{"footnotes":""},"ldo-archive-year":[19],"class_list":["post-15694","ldo-complaint","type-ldo-complaint","status-publish","hentry","ldo-archive-year-19"],"yoast_head":"<!-- This site is optimized with the Yoast SEO plugin v22.9 - https:\/\/yoast.com\/wordpress\/plugins\/seo\/ -->\n<title>Leietaker ble ikke diskriminert p\u00e5 grunn av etnisitet - Arkiv<\/title>\n<meta name=\"robots\" content=\"index, follow, max-snippet:-1, max-image-preview:large, max-video-preview:-1\" \/>\n<link rel=\"canonical\" href=\"https:\/\/ldo.no\/arkiv\/klagesaker\/2007-leietaker-ble-ikke-diskriminert-pa-grunn-av-etnisitet\/\" \/>\n<meta property=\"og:locale\" content=\"nb_NO\" \/>\n<meta property=\"og:type\" content=\"article\" \/>\n<meta property=\"og:title\" content=\"Leietaker ble ikke diskriminert p\u00e5 grunn av etnisitet - Arkiv\" \/>\n<meta property=\"og:description\" content=\"Leietaker hevdet at han ble diskriminert ved at utleier nektet ham \u00e5 leie en leilighet p\u00e5 grunn av hans etniske opprinnelse. Han viste til at han hadde f\u00e5tt bekreftet fra n\u00e5v\u00e6rende leieboer at han kunne overta leiligheten fra en bestemt dato, og at kommunen stilte garanti.\" \/>\n<meta property=\"og:url\" content=\"https:\/\/ldo.no\/arkiv\/klagesaker\/2007-leietaker-ble-ikke-diskriminert-pa-grunn-av-etnisitet\/\" \/>\n<meta property=\"og:site_name\" content=\"Arkiv\" \/>\n<meta name=\"twitter:card\" content=\"summary_large_image\" \/>\n<meta name=\"twitter:label1\" content=\"Ansl. lesetid\" \/>\n\t<meta name=\"twitter:data1\" content=\"1 minutt\" \/>\n<script type=\"application\/ld+json\" class=\"yoast-schema-graph\">{\"@context\":\"https:\/\/schema.org\",\"@graph\":[{\"@type\":\"WebPage\",\"@id\":\"https:\/\/ldo.no\/arkiv\/klagesaker\/2007-leietaker-ble-ikke-diskriminert-pa-grunn-av-etnisitet\/\",\"url\":\"https:\/\/ldo.no\/arkiv\/klagesaker\/2007-leietaker-ble-ikke-diskriminert-pa-grunn-av-etnisitet\/\",\"name\":\"Leietaker ble ikke diskriminert p\u00e5 grunn av etnisitet - Arkiv\",\"isPartOf\":{\"@id\":\"https:\/\/ldo.no\/arkiv\/#website\"},\"datePublished\":\"2007-01-01T00:00:00+00:00\",\"dateModified\":\"2007-01-01T00:00:00+00:00\",\"breadcrumb\":{\"@id\":\"https:\/\/ldo.no\/arkiv\/klagesaker\/2007-leietaker-ble-ikke-diskriminert-pa-grunn-av-etnisitet\/#breadcrumb\"},\"inLanguage\":\"nb-NO\",\"potentialAction\":[{\"@type\":\"ReadAction\",\"target\":[\"https:\/\/ldo.no\/arkiv\/klagesaker\/2007-leietaker-ble-ikke-diskriminert-pa-grunn-av-etnisitet\/\"]}]},{\"@type\":\"BreadcrumbList\",\"@id\":\"https:\/\/ldo.no\/arkiv\/klagesaker\/2007-leietaker-ble-ikke-diskriminert-pa-grunn-av-etnisitet\/#breadcrumb\",\"itemListElement\":[{\"@type\":\"ListItem\",\"position\":1,\"name\":\"Arkiv\",\"item\":\"https:\/\/ldo.no\/arkiv\/\"},{\"@type\":\"ListItem\",\"position\":2,\"name\":\"Klagesaker\",\"item\":\"https:\/\/ldo.no\/arkiv\/?post-type=ldo-complaint\"},{\"@type\":\"ListItem\",\"position\":3,\"name\":\"Leietaker ble ikke diskriminert p\u00e5 grunn av etnisitet\"}]},{\"@type\":\"WebSite\",\"@id\":\"https:\/\/ldo.no\/arkiv\/#website\",\"url\":\"https:\/\/ldo.no\/arkiv\/\",\"name\":\"LDO Arkiv\",\"description\":\"Dette er ombudets arkiv. Her finner du klagesaker som ombudet i sin tid behandlet fra 1996 til 2017. Klagesaker utover dette finner du p\u00e5 Diskrimineringsnemndas hjemmeside. P\u00e5 disse arkivsidene finner du ogs\u00e5 eldre h\u00f8ringssvar som strekker seg fra 2023 og tilbake til 2006. Nyere h\u00f8ringssvar finner du p\u00e5 Publikasjoner, som du kan bes\u00f8ke ved \u00e5 klikke p\u00e5 menyknappen \u00f8verst i h\u00f8yre hj\u00f8rne.\",\"publisher\":{\"@id\":\"https:\/\/ldo.no\/arkiv\/#organization\"},\"potentialAction\":[{\"@type\":\"SearchAction\",\"target\":{\"@type\":\"EntryPoint\",\"urlTemplate\":\"https:\/\/ldo.no\/arkiv\/?s={search_term_string}\"},\"query-input\":\"required name=search_term_string\"}],\"inLanguage\":\"nb-NO\"},{\"@type\":\"Organization\",\"@id\":\"https:\/\/ldo.no\/arkiv\/#organization\",\"name\":\"LDO Arkiv\",\"url\":\"https:\/\/ldo.no\/arkiv\/\",\"logo\":{\"@type\":\"ImageObject\",\"inLanguage\":\"nb-NO\",\"@id\":\"https:\/\/ldo.no\/arkiv\/#\/schema\/logo\/image\/\",\"url\":\"https:\/\/ldo.no\/content\/uploads\/sites\/2\/2025\/05\/Property-1Default.svg\",\"contentUrl\":\"https:\/\/ldo.no\/content\/uploads\/sites\/2\/2025\/05\/Property-1Default.svg\",\"caption\":\"LDO Arkiv\"},\"image\":{\"@id\":\"https:\/\/ldo.no\/arkiv\/#\/schema\/logo\/image\/\"}}]}<\/script>\n<!-- \/ Yoast SEO plugin. -->","yoast_head_json":{"title":"Leietaker ble ikke diskriminert p\u00e5 grunn av etnisitet - Arkiv","robots":{"index":"index","follow":"follow","max-snippet":"max-snippet:-1","max-image-preview":"max-image-preview:large","max-video-preview":"max-video-preview:-1"},"canonical":"https:\/\/ldo.no\/arkiv\/klagesaker\/2007-leietaker-ble-ikke-diskriminert-pa-grunn-av-etnisitet\/","og_locale":"nb_NO","og_type":"article","og_title":"Leietaker ble ikke diskriminert p\u00e5 grunn av etnisitet - Arkiv","og_description":"Leietaker hevdet at han ble diskriminert ved at utleier nektet ham \u00e5 leie en leilighet p\u00e5 grunn av hans etniske opprinnelse. Han viste til at han hadde f\u00e5tt bekreftet fra n\u00e5v\u00e6rende leieboer at han kunne overta leiligheten fra en bestemt dato, og at kommunen stilte garanti.","og_url":"https:\/\/ldo.no\/arkiv\/klagesaker\/2007-leietaker-ble-ikke-diskriminert-pa-grunn-av-etnisitet\/","og_site_name":"Arkiv","twitter_card":"summary_large_image","twitter_misc":{"Ansl. lesetid":"1 minutt"},"schema":{"@context":"https:\/\/schema.org","@graph":[{"@type":"WebPage","@id":"https:\/\/ldo.no\/arkiv\/klagesaker\/2007-leietaker-ble-ikke-diskriminert-pa-grunn-av-etnisitet\/","url":"https:\/\/ldo.no\/arkiv\/klagesaker\/2007-leietaker-ble-ikke-diskriminert-pa-grunn-av-etnisitet\/","name":"Leietaker ble ikke diskriminert p\u00e5 grunn av etnisitet - Arkiv","isPartOf":{"@id":"https:\/\/ldo.no\/arkiv\/#website"},"datePublished":"2007-01-01T00:00:00+00:00","dateModified":"2007-01-01T00:00:00+00:00","breadcrumb":{"@id":"https:\/\/ldo.no\/arkiv\/klagesaker\/2007-leietaker-ble-ikke-diskriminert-pa-grunn-av-etnisitet\/#breadcrumb"},"inLanguage":"nb-NO","potentialAction":[{"@type":"ReadAction","target":["https:\/\/ldo.no\/arkiv\/klagesaker\/2007-leietaker-ble-ikke-diskriminert-pa-grunn-av-etnisitet\/"]}]},{"@type":"BreadcrumbList","@id":"https:\/\/ldo.no\/arkiv\/klagesaker\/2007-leietaker-ble-ikke-diskriminert-pa-grunn-av-etnisitet\/#breadcrumb","itemListElement":[{"@type":"ListItem","position":1,"name":"Arkiv","item":"https:\/\/ldo.no\/arkiv\/"},{"@type":"ListItem","position":2,"name":"Klagesaker","item":"https:\/\/ldo.no\/arkiv\/?post-type=ldo-complaint"},{"@type":"ListItem","position":3,"name":"Leietaker ble ikke diskriminert p\u00e5 grunn av etnisitet"}]},{"@type":"WebSite","@id":"https:\/\/ldo.no\/arkiv\/#website","url":"https:\/\/ldo.no\/arkiv\/","name":"LDO Arkiv","description":"Dette er ombudets arkiv. Her finner du klagesaker som ombudet i sin tid behandlet fra 1996 til 2017. Klagesaker utover dette finner du p\u00e5 Diskrimineringsnemndas hjemmeside. P\u00e5 disse arkivsidene finner du ogs\u00e5 eldre h\u00f8ringssvar som strekker seg fra 2023 og tilbake til 2006. Nyere h\u00f8ringssvar finner du p\u00e5 Publikasjoner, som du kan bes\u00f8ke ved \u00e5 klikke p\u00e5 menyknappen \u00f8verst i h\u00f8yre hj\u00f8rne.","publisher":{"@id":"https:\/\/ldo.no\/arkiv\/#organization"},"potentialAction":[{"@type":"SearchAction","target":{"@type":"EntryPoint","urlTemplate":"https:\/\/ldo.no\/arkiv\/?s={search_term_string}"},"query-input":"required name=search_term_string"}],"inLanguage":"nb-NO"},{"@type":"Organization","@id":"https:\/\/ldo.no\/arkiv\/#organization","name":"LDO Arkiv","url":"https:\/\/ldo.no\/arkiv\/","logo":{"@type":"ImageObject","inLanguage":"nb-NO","@id":"https:\/\/ldo.no\/arkiv\/#\/schema\/logo\/image\/","url":"https:\/\/ldo.no\/content\/uploads\/sites\/2\/2025\/05\/Property-1Default.svg","contentUrl":"https:\/\/ldo.no\/content\/uploads\/sites\/2\/2025\/05\/Property-1Default.svg","caption":"LDO Arkiv"},"image":{"@id":"https:\/\/ldo.no\/arkiv\/#\/schema\/logo\/image\/"}}]}},"_links":{"self":[{"href":"https:\/\/ldo.no\/arkiv\/wp-json\/wp\/v2\/ldo-complaint\/15694"}],"collection":[{"href":"https:\/\/ldo.no\/arkiv\/wp-json\/wp\/v2\/ldo-complaint"}],"about":[{"href":"https:\/\/ldo.no\/arkiv\/wp-json\/wp\/v2\/types\/ldo-complaint"}],"version-history":[{"count":0,"href":"https:\/\/ldo.no\/arkiv\/wp-json\/wp\/v2\/ldo-complaint\/15694\/revisions"}],"wp:attachment":[{"href":"https:\/\/ldo.no\/arkiv\/wp-json\/wp\/v2\/media?parent=15694"}],"wp:term":[{"taxonomy":"ldo-archive-year","embeddable":true,"href":"https:\/\/ldo.no\/arkiv\/wp-json\/wp\/v2\/ldo-archive-year?post=15694"}],"curies":[{"name":"wp","href":"https:\/\/api.w.org\/{rel}","templated":true}]}}

Leietaker ble ikke diskriminert på grunn av etnisitet

<article class="base-article inside">
<header>
<div class="row">
<div class="col-sm-12">
</div>
</div>
<h1>
Leietaker ble ikke diskriminert på grunn av etnisitet<br />
</h1>
</header>
<section>
<section class="lead">
Leietaker hevdet at han ble diskriminert ved at utleier nektet ham å leie en leilighet på grunn av hans etniske opprinnelse. Han viste til at han hadde fått bekreftet fra nåværende leieboer at han kunne overta leiligheten fra en bestemt dato, og at kommunen stilte garanti.<br />
</section>
<section>
<p>Utleier avviste at klager var diskriminert. At selskapet ikke ville inngå leieavtale med klager ble begrunnet med at han ikke kunne stille depositum og heller ikke kunne vise til fast inntekt.</p>
<h2>Konklusjon</h2>
<p>Ombudet fant at klager ikke var diskriminert på grunn av etnisitet. Nåværende leieboer hadde ikke fullmakt til å forplikte utleier, og garanti fra kommunen gir dårligere sikkerhet for utleier for eventuelle økonomiske krav enn depositum. Utleier hadde basert sin beslutning om å ikke leie ut leiligheten til klager på økonomiske forhold og hensynet til å sikre sine økonomiske interesser.</p>
<p><strong>Diskrimineringsgrunnlag: etnisitet<br />Saksnummer: 07/814<br />Lovanvendelse: diskrimineringsloven § 4, husleieloven § 1-8</strong></p>
<p><span>Les hele uttalelsen</span> (PDF).</p>
</section>
</section>
</article>

<p>Leietaker hevdet at han ble diskriminert ved at utleier nektet ham å leie en leilighet på grunn av hans etniske opprinnelse. Han viste til at han hadde fått bekreftet fra nåværende leieboer at han kunne overta leiligheten fra en bestemt dato, og at kommunen stilte garanti.</p>

<!-- This site is optimized with the Yoast SEO plugin v22.9 - https://yoast.com/wordpress/plugins/seo/ -->
<title>Leietaker ble ikke diskriminert på grunn av etnisitet - Arkiv</title>
<meta name="robots" content="index, follow, max-snippet:-1, max-image-preview:large, max-video-preview:-1" />
<link rel="canonical" href="https://ldo.no/arkiv/klagesaker/2007-leietaker-ble-ikke-diskriminert-pa-grunn-av-etnisitet/" />
<meta property="og:locale" content="nb_NO" />
<meta property="og:type" content="article" />
<meta property="og:title" content="Leietaker ble ikke diskriminert på grunn av etnisitet - Arkiv" />
<meta property="og:description" content="Leietaker hevdet at han ble diskriminert ved at utleier nektet ham å leie en leilighet på grunn av hans etniske opprinnelse. Han viste til at han hadde fått bekreftet fra nåværende leieboer at han kunne overta leiligheten fra en bestemt dato, og at kommunen stilte garanti." />
<meta property="og:url" content="https://ldo.no/arkiv/klagesaker/2007-leietaker-ble-ikke-diskriminert-pa-grunn-av-etnisitet/" />
<meta property="og:site_name" content="Arkiv" />
<meta name="twitter:card" content="summary_large_image" />
<meta name="twitter:label1" content="Ansl. lesetid" />
	<meta name="twitter:data1" content="1 minutt" />
<script type="application/ld+json" class="yoast-schema-graph">{"@context":"https://schema.org","@graph":[{"@type":"WebPage","@id":"https://ldo.no/arkiv/klagesaker/2007-leietaker-ble-ikke-diskriminert-pa-grunn-av-etnisitet/","url":"https://ldo.no/arkiv/klagesaker/2007-leietaker-ble-ikke-diskriminert-pa-grunn-av-etnisitet/","name":"Leietaker ble ikke diskriminert på grunn av etnisitet - Arkiv","isPartOf":{"@id":"https://ldo.no/arkiv/#website"},"datePublished":"2007-01-01T00:00:00+00:00","dateModified":"2007-01-01T00:00:00+00:00","breadcrumb":{"@id":"https://ldo.no/arkiv/klagesaker/2007-leietaker-ble-ikke-diskriminert-pa-grunn-av-etnisitet/#breadcrumb"},"inLanguage":"nb-NO","potentialAction":[{"@type":"ReadAction","target":["https://ldo.no/arkiv/klagesaker/2007-leietaker-ble-ikke-diskriminert-pa-grunn-av-etnisitet/"]}]},{"@type":"BreadcrumbList","@id":"https://ldo.no/arkiv/klagesaker/2007-leietaker-ble-ikke-diskriminert-pa-grunn-av-etnisitet/#breadcrumb","itemListElement":[{"@type":"ListItem","position":1,"name":"Arkiv","item":"https://ldo.no/arkiv/"},{"@type":"ListItem","position":2,"name":"Klagesaker","item":"https://ldo.no/arkiv/?post-type=ldo-complaint"},{"@type":"ListItem","position":3,"name":"Leietaker ble ikke diskriminert på grunn av etnisitet"}]},{"@type":"WebSite","@id":"https://ldo.no/arkiv/#website","url":"https://ldo.no/arkiv/","name":"LDO Arkiv","description":"Dette er ombudets arkiv. Her finner du klagesaker som ombudet i sin tid behandlet fra 1996 til 2017. Klagesaker utover dette finner du på Diskrimineringsnemndas hjemmeside. På disse arkivsidene finner du også eldre høringssvar som strekker seg fra 2023 og tilbake til 2006. Nyere høringssvar finner du på Publikasjoner, som du kan besøke ved å klikke på menyknappen øverst i høyre hjørne.","publisher":{"@id":"https://ldo.no/arkiv/#organization"},"potentialAction":[{"@type":"SearchAction","target":{"@type":"EntryPoint","urlTemplate":"https://ldo.no/arkiv/?s={search_term_string}"},"query-input":"required name=search_term_string"}],"inLanguage":"nb-NO"},{"@type":"Organization","@id":"https://ldo.no/arkiv/#organization","name":"LDO Arkiv","url":"https://ldo.no/arkiv/","logo":{"@type":"ImageObject","inLanguage":"nb-NO","@id":"https://ldo.no/arkiv/#/schema/logo/image/","url":"https://ldo.no/content/uploads/sites/2/2025/05/Property-1Default.svg","contentUrl":"https://ldo.no/content/uploads/sites/2/2025/05/Property-1Default.svg","caption":"LDO Arkiv"},"image":{"@id":"https://ldo.no/arkiv/#/schema/logo/image/"}}]}</script>
<!-- / Yoast SEO plugin. -->

Leietaker ble ikke diskriminert på grunn av etnisitet - Arkiv

Leietaker hevdet at han ble diskriminert ved at utleier nektet ham å leie en leilighet på grunn av hans etniske opprinnelse. Han viste til at han hadde fått bekreftet fra nåværende leieboer at han kunne overta leiligheten fra en bestemt dato, og at kommunen stilte garanti.

Dette er ombudets arkiv. Her finner du klagesaker som ombudet i sin tid behandlet fra 1996 til 2017. Klagesaker utover dette finner du på Diskrimineringsnemndas hjemmeside. På disse arkivsidene finner du også eldre høringssvar som strekker seg fra 2023 og tilbake til 2006. Nyere høringssvar finner du på Publikasjoner, som du kan besøke ved å klikke på menyknappen øverst i høyre hjørne.
