{"id":15698,"date":"2007-01-01T00:00:00","date_gmt":"2007-01-01T00:00:00","guid":{"rendered":"https:\/\/ldo.local\/arkiv\/klagesaker\/2007-personlig-egnethet-ikke-alder-avgjorde-rektorvalg\/"},"modified":"2007-01-01T00:00:00","modified_gmt":"2007-01-01T00:00:00","slug":"2007-personlig-egnethet-ikke-alder-avgjorde-rektorvalg","status":"publish","type":"ldo-complaint","link":"https:\/\/ldo.no\/arkiv\/klagesaker\/2007-personlig-egnethet-ikke-alder-avgjorde-rektorvalg\/","title":{"rendered":"Personlig egnethet \u2013 ikke alder, avgjorde rektorvalg"},"content":{"rendered":"<article class=\"base-article inside\">\n<header>\n<div class=\"row\">\n<div class=\"col-sm-12\">\n<\/div>\n<\/div>\n<h1>\nPersonlig egnethet \u2013 ikke alder, avgjorde rektorvalg<br \/>\n<\/h1>\n<\/header>\n<section>\n<section class=\"lead\">\nTil tross for at kvinnen hadde b\u00e5de lederfaring og -utdanning, ble hun ikke innstilt til rektorstillingen. Hun mente seg aldersdiskriminert, men ombudet ga henne ikke medhold i det.<br \/>\n<\/section>\n<section>\n<p>Likestillings- og diskrimineringsombudet mottok en klage fra en kvinne som mente seg forbig\u00e5tt p\u00e5 grunn av alder ved ansettelse i en rektorstilling.<\/p>\n<p>Ombudet gjorde en samlet vurdering av opplysningene i saken, og uttalte at klager fremsto som den best kvalifiserte s\u00f8keren p\u00e5 bakgrunn av de formelle kravene som ble stilt i utlysningsteksten. I motsetning til de andre s\u00f8kerne hadde hun hadde b\u00e5de lederutdannelse og ledererfaring, blant annet fra den aktuelle skolen. Alderen hennes, sammenlignet med alderen p\u00e5 de tre s\u00f8kerne som ble innstilt, ga grunn til \u00e5 tro at kommunen hadde forskjellsbehandlet henne p\u00e5 grunn av alder. Derfor fant ombudet fant at bevisbyrden var g\u00e5tt over p\u00e5 kommunen.<\/p>\n<p>Kommunen m\u00e5tte sannsynliggj\u00f8re at slik forskjellsbehandling ikke hadde<br \/>skjedd. Kommunen m\u00e5tte enten sannsynliggj\u00f8re at de innstilte s\u00f8kerne av andre grunner var best kvalifisert, eller at kommunen hadde adgang til \u00e5 legge vekt p\u00e5 kvinnens alder.<\/p>\n<p>Kommunen forklarte at de innstilte s\u00f8kerne utmerket seg bl a i forhold til tanker om ledelsesfilosofi og utvikling av lederrollen, og ans\u00e5 disse som bedre personlig egnet til stillingen. I utlysningen sto det at det ville bli lagt vesentlig vekt p\u00e5 personlig egnethet. Vurderinger av personlig egnethet p\u00e5 bakgrunn av intervju er noe ombudet vanskelig kan overpr\u00f8ve. I denne saken var vurderingene nedtegnet, og ombudet hadde ikke konkrete holdepunkter for \u00e5 fastsl\u00e5 at alder hadde v\u00e6rt et tema i ansettelsesprosessen.<\/p>\n<h2>Konklusjon<\/h2>\n<p>Ombudet kom til at det ikke var kvinnens alder som var grunnen til at hun ikke ble innstilt eller ansatt i stillingen. Ombudet la dermed til grunn at kommunen ikke handlet i strid med arbeidsmilj\u00f8loven i denne saken.<\/p>\n<p><strong>Diskrimineringsgrunnlag: Alder.<br \/>Saksnummer: 06\/678.<br \/>Lovanvendelse: Arbeidsmilj\u00f8loven \u00a7 13-1, jf \u00a7 13-2 nr 1 bokstav a).<\/strong><\/p>\n<\/section>\n<\/section>\n<\/article>\n","protected":false},"excerpt":{"rendered":"<p>Til tross for at kvinnen hadde b\u00e5de lederfaring og -utdanning, ble hun ikke innstilt til rektorstillingen. Hun mente seg aldersdiskriminert, men ombudet ga henne ikke medhold i det.<\/p>\n","protected":false},"template":"","meta":{"footnotes":""},"ldo-archive-year":[19],"class_list":["post-15698","ldo-complaint","type-ldo-complaint","status-publish","hentry","ldo-archive-year-19"],"yoast_head":"<!-- This site is optimized with the Yoast SEO plugin v22.9 - https:\/\/yoast.com\/wordpress\/plugins\/seo\/ -->\n<title>Personlig egnethet \u2013 ikke alder, avgjorde rektorvalg - Arkiv<\/title>\n<meta name=\"robots\" content=\"index, follow, max-snippet:-1, max-image-preview:large, max-video-preview:-1\" \/>\n<link rel=\"canonical\" href=\"https:\/\/ldo.no\/arkiv\/klagesaker\/2007-personlig-egnethet-ikke-alder-avgjorde-rektorvalg\/\" \/>\n<meta property=\"og:locale\" content=\"nb_NO\" \/>\n<meta property=\"og:type\" content=\"article\" \/>\n<meta property=\"og:title\" content=\"Personlig egnethet \u2013 ikke alder, avgjorde rektorvalg - Arkiv\" \/>\n<meta property=\"og:description\" content=\"Til tross for at kvinnen hadde b\u00e5de lederfaring og -utdanning, ble hun ikke innstilt til rektorstillingen. Hun mente seg aldersdiskriminert, men ombudet ga henne ikke medhold i det.\" \/>\n<meta property=\"og:url\" content=\"https:\/\/ldo.no\/arkiv\/klagesaker\/2007-personlig-egnethet-ikke-alder-avgjorde-rektorvalg\/\" \/>\n<meta property=\"og:site_name\" content=\"Arkiv\" \/>\n<meta name=\"twitter:card\" content=\"summary_large_image\" \/>\n<meta name=\"twitter:label1\" content=\"Ansl. lesetid\" \/>\n\t<meta name=\"twitter:data1\" content=\"2 minutter\" \/>\n<script type=\"application\/ld+json\" class=\"yoast-schema-graph\">{\"@context\":\"https:\/\/schema.org\",\"@graph\":[{\"@type\":\"WebPage\",\"@id\":\"https:\/\/ldo.no\/arkiv\/klagesaker\/2007-personlig-egnethet-ikke-alder-avgjorde-rektorvalg\/\",\"url\":\"https:\/\/ldo.no\/arkiv\/klagesaker\/2007-personlig-egnethet-ikke-alder-avgjorde-rektorvalg\/\",\"name\":\"Personlig egnethet \u2013 ikke alder, avgjorde rektorvalg - Arkiv\",\"isPartOf\":{\"@id\":\"https:\/\/ldo.no\/arkiv\/#website\"},\"datePublished\":\"2007-01-01T00:00:00+00:00\",\"dateModified\":\"2007-01-01T00:00:00+00:00\",\"breadcrumb\":{\"@id\":\"https:\/\/ldo.no\/arkiv\/klagesaker\/2007-personlig-egnethet-ikke-alder-avgjorde-rektorvalg\/#breadcrumb\"},\"inLanguage\":\"nb-NO\",\"potentialAction\":[{\"@type\":\"ReadAction\",\"target\":[\"https:\/\/ldo.no\/arkiv\/klagesaker\/2007-personlig-egnethet-ikke-alder-avgjorde-rektorvalg\/\"]}]},{\"@type\":\"BreadcrumbList\",\"@id\":\"https:\/\/ldo.no\/arkiv\/klagesaker\/2007-personlig-egnethet-ikke-alder-avgjorde-rektorvalg\/#breadcrumb\",\"itemListElement\":[{\"@type\":\"ListItem\",\"position\":1,\"name\":\"Arkiv\",\"item\":\"https:\/\/ldo.no\/arkiv\/\"},{\"@type\":\"ListItem\",\"position\":2,\"name\":\"Klagesaker\",\"item\":\"https:\/\/ldo.no\/arkiv\/?post-type=ldo-complaint\"},{\"@type\":\"ListItem\",\"position\":3,\"name\":\"Personlig egnethet \u2013 ikke alder, avgjorde rektorvalg\"}]},{\"@type\":\"WebSite\",\"@id\":\"https:\/\/ldo.no\/arkiv\/#website\",\"url\":\"https:\/\/ldo.no\/arkiv\/\",\"name\":\"LDO Arkiv\",\"description\":\"Dette er ombudets arkiv. Her finner du klagesaker som ombudet i sin tid behandlet fra 1996 til 2017. Klagesaker utover dette finner du p\u00e5 Diskrimineringsnemndas hjemmeside. P\u00e5 disse arkivsidene finner du ogs\u00e5 eldre h\u00f8ringssvar som strekker seg fra 2023 og tilbake til 2006. Nyere h\u00f8ringssvar finner du p\u00e5 Publikasjoner, som du kan bes\u00f8ke ved \u00e5 klikke p\u00e5 menyknappen \u00f8verst i h\u00f8yre hj\u00f8rne.\",\"publisher\":{\"@id\":\"https:\/\/ldo.no\/arkiv\/#organization\"},\"potentialAction\":[{\"@type\":\"SearchAction\",\"target\":{\"@type\":\"EntryPoint\",\"urlTemplate\":\"https:\/\/ldo.no\/arkiv\/?s={search_term_string}\"},\"query-input\":\"required name=search_term_string\"}],\"inLanguage\":\"nb-NO\"},{\"@type\":\"Organization\",\"@id\":\"https:\/\/ldo.no\/arkiv\/#organization\",\"name\":\"LDO Arkiv\",\"url\":\"https:\/\/ldo.no\/arkiv\/\",\"logo\":{\"@type\":\"ImageObject\",\"inLanguage\":\"nb-NO\",\"@id\":\"https:\/\/ldo.no\/arkiv\/#\/schema\/logo\/image\/\",\"url\":\"https:\/\/ldo.no\/content\/uploads\/sites\/2\/2025\/05\/Property-1Default.svg\",\"contentUrl\":\"https:\/\/ldo.no\/content\/uploads\/sites\/2\/2025\/05\/Property-1Default.svg\",\"caption\":\"LDO Arkiv\"},\"image\":{\"@id\":\"https:\/\/ldo.no\/arkiv\/#\/schema\/logo\/image\/\"}}]}<\/script>\n<!-- \/ Yoast SEO plugin. -->","yoast_head_json":{"title":"Personlig egnethet \u2013 ikke alder, avgjorde rektorvalg - Arkiv","robots":{"index":"index","follow":"follow","max-snippet":"max-snippet:-1","max-image-preview":"max-image-preview:large","max-video-preview":"max-video-preview:-1"},"canonical":"https:\/\/ldo.no\/arkiv\/klagesaker\/2007-personlig-egnethet-ikke-alder-avgjorde-rektorvalg\/","og_locale":"nb_NO","og_type":"article","og_title":"Personlig egnethet \u2013 ikke alder, avgjorde rektorvalg - Arkiv","og_description":"Til tross for at kvinnen hadde b\u00e5de lederfaring og -utdanning, ble hun ikke innstilt til rektorstillingen. Hun mente seg aldersdiskriminert, men ombudet ga henne ikke medhold i det.","og_url":"https:\/\/ldo.no\/arkiv\/klagesaker\/2007-personlig-egnethet-ikke-alder-avgjorde-rektorvalg\/","og_site_name":"Arkiv","twitter_card":"summary_large_image","twitter_misc":{"Ansl. lesetid":"2 minutter"},"schema":{"@context":"https:\/\/schema.org","@graph":[{"@type":"WebPage","@id":"https:\/\/ldo.no\/arkiv\/klagesaker\/2007-personlig-egnethet-ikke-alder-avgjorde-rektorvalg\/","url":"https:\/\/ldo.no\/arkiv\/klagesaker\/2007-personlig-egnethet-ikke-alder-avgjorde-rektorvalg\/","name":"Personlig egnethet \u2013 ikke alder, avgjorde rektorvalg - Arkiv","isPartOf":{"@id":"https:\/\/ldo.no\/arkiv\/#website"},"datePublished":"2007-01-01T00:00:00+00:00","dateModified":"2007-01-01T00:00:00+00:00","breadcrumb":{"@id":"https:\/\/ldo.no\/arkiv\/klagesaker\/2007-personlig-egnethet-ikke-alder-avgjorde-rektorvalg\/#breadcrumb"},"inLanguage":"nb-NO","potentialAction":[{"@type":"ReadAction","target":["https:\/\/ldo.no\/arkiv\/klagesaker\/2007-personlig-egnethet-ikke-alder-avgjorde-rektorvalg\/"]}]},{"@type":"BreadcrumbList","@id":"https:\/\/ldo.no\/arkiv\/klagesaker\/2007-personlig-egnethet-ikke-alder-avgjorde-rektorvalg\/#breadcrumb","itemListElement":[{"@type":"ListItem","position":1,"name":"Arkiv","item":"https:\/\/ldo.no\/arkiv\/"},{"@type":"ListItem","position":2,"name":"Klagesaker","item":"https:\/\/ldo.no\/arkiv\/?post-type=ldo-complaint"},{"@type":"ListItem","position":3,"name":"Personlig egnethet \u2013 ikke alder, avgjorde rektorvalg"}]},{"@type":"WebSite","@id":"https:\/\/ldo.no\/arkiv\/#website","url":"https:\/\/ldo.no\/arkiv\/","name":"LDO Arkiv","description":"Dette er ombudets arkiv. Her finner du klagesaker som ombudet i sin tid behandlet fra 1996 til 2017. Klagesaker utover dette finner du p\u00e5 Diskrimineringsnemndas hjemmeside. P\u00e5 disse arkivsidene finner du ogs\u00e5 eldre h\u00f8ringssvar som strekker seg fra 2023 og tilbake til 2006. Nyere h\u00f8ringssvar finner du p\u00e5 Publikasjoner, som du kan bes\u00f8ke ved \u00e5 klikke p\u00e5 menyknappen \u00f8verst i h\u00f8yre hj\u00f8rne.","publisher":{"@id":"https:\/\/ldo.no\/arkiv\/#organization"},"potentialAction":[{"@type":"SearchAction","target":{"@type":"EntryPoint","urlTemplate":"https:\/\/ldo.no\/arkiv\/?s={search_term_string}"},"query-input":"required name=search_term_string"}],"inLanguage":"nb-NO"},{"@type":"Organization","@id":"https:\/\/ldo.no\/arkiv\/#organization","name":"LDO Arkiv","url":"https:\/\/ldo.no\/arkiv\/","logo":{"@type":"ImageObject","inLanguage":"nb-NO","@id":"https:\/\/ldo.no\/arkiv\/#\/schema\/logo\/image\/","url":"https:\/\/ldo.no\/content\/uploads\/sites\/2\/2025\/05\/Property-1Default.svg","contentUrl":"https:\/\/ldo.no\/content\/uploads\/sites\/2\/2025\/05\/Property-1Default.svg","caption":"LDO Arkiv"},"image":{"@id":"https:\/\/ldo.no\/arkiv\/#\/schema\/logo\/image\/"}}]}},"_links":{"self":[{"href":"https:\/\/ldo.no\/arkiv\/wp-json\/wp\/v2\/ldo-complaint\/15698"}],"collection":[{"href":"https:\/\/ldo.no\/arkiv\/wp-json\/wp\/v2\/ldo-complaint"}],"about":[{"href":"https:\/\/ldo.no\/arkiv\/wp-json\/wp\/v2\/types\/ldo-complaint"}],"version-history":[{"count":0,"href":"https:\/\/ldo.no\/arkiv\/wp-json\/wp\/v2\/ldo-complaint\/15698\/revisions"}],"wp:attachment":[{"href":"https:\/\/ldo.no\/arkiv\/wp-json\/wp\/v2\/media?parent=15698"}],"wp:term":[{"taxonomy":"ldo-archive-year","embeddable":true,"href":"https:\/\/ldo.no\/arkiv\/wp-json\/wp\/v2\/ldo-archive-year?post=15698"}],"curies":[{"name":"wp","href":"https:\/\/api.w.org\/{rel}","templated":true}]}}

<article class="base-article inside">
<header>
<div class="row">
<div class="col-sm-12">
</div>
</div>
<h1>
Personlig egnethet – ikke alder, avgjorde rektorvalg<br />
</h1>
</header>
<section>
<section class="lead">
Til tross for at kvinnen hadde både lederfaring og -utdanning, ble hun ikke innstilt til rektorstillingen. Hun mente seg aldersdiskriminert, men ombudet ga henne ikke medhold i det.<br />
</section>
<section>
<p>Likestillings- og diskrimineringsombudet mottok en klage fra en kvinne som mente seg forbigått på grunn av alder ved ansettelse i en rektorstilling.</p>
<p>Ombudet gjorde en samlet vurdering av opplysningene i saken, og uttalte at klager fremsto som den best kvalifiserte søkeren på bakgrunn av de formelle kravene som ble stilt i utlysningsteksten. I motsetning til de andre søkerne hadde hun hadde både lederutdannelse og ledererfaring, blant annet fra den aktuelle skolen. Alderen hennes, sammenlignet med alderen på de tre søkerne som ble innstilt, ga grunn til å tro at kommunen hadde forskjellsbehandlet henne på grunn av alder. Derfor fant ombudet fant at bevisbyrden var gått over på kommunen.</p>
<p>Kommunen måtte sannsynliggjøre at slik forskjellsbehandling ikke hadde<br />skjedd. Kommunen måtte enten sannsynliggjøre at de innstilte søkerne av andre grunner var best kvalifisert, eller at kommunen hadde adgang til å legge vekt på kvinnens alder.</p>
<p>Kommunen forklarte at de innstilte søkerne utmerket seg bl a i forhold til tanker om ledelsesfilosofi og utvikling av lederrollen, og anså disse som bedre personlig egnet til stillingen. I utlysningen sto det at det ville bli lagt vesentlig vekt på personlig egnethet. Vurderinger av personlig egnethet på bakgrunn av intervju er noe ombudet vanskelig kan overprøve. I denne saken var vurderingene nedtegnet, og ombudet hadde ikke konkrete holdepunkter for å fastslå at alder hadde vært et tema i ansettelsesprosessen.</p>
<h2>Konklusjon</h2>
<p>Ombudet kom til at det ikke var kvinnens alder som var grunnen til at hun ikke ble innstilt eller ansatt i stillingen. Ombudet la dermed til grunn at kommunen ikke handlet i strid med arbeidsmiljøloven i denne saken.</p>
<p><strong>Diskrimineringsgrunnlag: Alder.<br />Saksnummer: 06/678.<br />Lovanvendelse: Arbeidsmiljøloven § 13-1, jf § 13-2 nr 1 bokstav a).</strong></p>
</section>
</section>
</article>

<p>Til tross for at kvinnen hadde både lederfaring og -utdanning, ble hun ikke innstilt til rektorstillingen. Hun mente seg aldersdiskriminert, men ombudet ga henne ikke medhold i det.</p>

<!-- This site is optimized with the Yoast SEO plugin v22.9 - https://yoast.com/wordpress/plugins/seo/ -->
<title>Personlig egnethet – ikke alder, avgjorde rektorvalg - Arkiv</title>
<meta name="robots" content="index, follow, max-snippet:-1, max-image-preview:large, max-video-preview:-1" />
<link rel="canonical" href="https://ldo.no/arkiv/klagesaker/2007-personlig-egnethet-ikke-alder-avgjorde-rektorvalg/" />
<meta property="og:locale" content="nb_NO" />
<meta property="og:type" content="article" />
<meta property="og:title" content="Personlig egnethet – ikke alder, avgjorde rektorvalg - Arkiv" />
<meta property="og:description" content="Til tross for at kvinnen hadde både lederfaring og -utdanning, ble hun ikke innstilt til rektorstillingen. Hun mente seg aldersdiskriminert, men ombudet ga henne ikke medhold i det." />
<meta property="og:url" content="https://ldo.no/arkiv/klagesaker/2007-personlig-egnethet-ikke-alder-avgjorde-rektorvalg/" />
<meta property="og:site_name" content="Arkiv" />
<meta name="twitter:card" content="summary_large_image" />
<meta name="twitter:label1" content="Ansl. lesetid" />
	<meta name="twitter:data1" content="2 minutter" />
<script type="application/ld+json" class="yoast-schema-graph">{"@context":"https://schema.org","@graph":[{"@type":"WebPage","@id":"https://ldo.no/arkiv/klagesaker/2007-personlig-egnethet-ikke-alder-avgjorde-rektorvalg/","url":"https://ldo.no/arkiv/klagesaker/2007-personlig-egnethet-ikke-alder-avgjorde-rektorvalg/","name":"Personlig egnethet – ikke alder, avgjorde rektorvalg - Arkiv","isPartOf":{"@id":"https://ldo.no/arkiv/#website"},"datePublished":"2007-01-01T00:00:00+00:00","dateModified":"2007-01-01T00:00:00+00:00","breadcrumb":{"@id":"https://ldo.no/arkiv/klagesaker/2007-personlig-egnethet-ikke-alder-avgjorde-rektorvalg/#breadcrumb"},"inLanguage":"nb-NO","potentialAction":[{"@type":"ReadAction","target":["https://ldo.no/arkiv/klagesaker/2007-personlig-egnethet-ikke-alder-avgjorde-rektorvalg/"]}]},{"@type":"BreadcrumbList","@id":"https://ldo.no/arkiv/klagesaker/2007-personlig-egnethet-ikke-alder-avgjorde-rektorvalg/#breadcrumb","itemListElement":[{"@type":"ListItem","position":1,"name":"Arkiv","item":"https://ldo.no/arkiv/"},{"@type":"ListItem","position":2,"name":"Klagesaker","item":"https://ldo.no/arkiv/?post-type=ldo-complaint"},{"@type":"ListItem","position":3,"name":"Personlig egnethet – ikke alder, avgjorde rektorvalg"}]},{"@type":"WebSite","@id":"https://ldo.no/arkiv/#website","url":"https://ldo.no/arkiv/","name":"LDO Arkiv","description":"Dette er ombudets arkiv. Her finner du klagesaker som ombudet i sin tid behandlet fra 1996 til 2017. Klagesaker utover dette finner du på Diskrimineringsnemndas hjemmeside. På disse arkivsidene finner du også eldre høringssvar som strekker seg fra 2023 og tilbake til 2006. Nyere høringssvar finner du på Publikasjoner, som du kan besøke ved å klikke på menyknappen øverst i høyre hjørne.","publisher":{"@id":"https://ldo.no/arkiv/#organization"},"potentialAction":[{"@type":"SearchAction","target":{"@type":"EntryPoint","urlTemplate":"https://ldo.no/arkiv/?s={search_term_string}"},"query-input":"required name=search_term_string"}],"inLanguage":"nb-NO"},{"@type":"Organization","@id":"https://ldo.no/arkiv/#organization","name":"LDO Arkiv","url":"https://ldo.no/arkiv/","logo":{"@type":"ImageObject","inLanguage":"nb-NO","@id":"https://ldo.no/arkiv/#/schema/logo/image/","url":"https://ldo.no/content/uploads/sites/2/2025/05/Property-1Default.svg","contentUrl":"https://ldo.no/content/uploads/sites/2/2025/05/Property-1Default.svg","caption":"LDO Arkiv"},"image":{"@id":"https://ldo.no/arkiv/#/schema/logo/image/"}}]}</script>
<!-- / Yoast SEO plugin. -->

Til tross for at kvinnen hadde både lederfaring og -utdanning, ble hun ikke innstilt til rektorstillingen. Hun mente seg aldersdiskriminert, men ombudet ga henne ikke medhold i det.

Dette er ombudets arkiv. Her finner du klagesaker som ombudet i sin tid behandlet fra 1996 til 2017. Klagesaker utover dette finner du på Diskrimineringsnemndas hjemmeside. På disse arkivsidene finner du også eldre høringssvar som strekker seg fra 2023 og tilbake til 2006. Nyere høringssvar finner du på Publikasjoner, som du kan besøke ved å klikke på menyknappen øverst i høyre hjørne.
