{"id":15737,"date":"2006-01-01T00:00:00","date_gmt":"2006-01-01T00:00:00","guid":{"rendered":"https:\/\/ldo.local\/arkiv\/klagesaker\/2006-lonnsforskjell-ved-politidistrikt-skyldes-ikke-kjonnsdiskriminering\/"},"modified":"2006-01-01T00:00:00","modified_gmt":"2006-01-01T00:00:00","slug":"2006-lonnsforskjell-ved-politidistrikt-skyldes-ikke-kjonnsdiskriminering","status":"publish","type":"ldo-complaint","link":"https:\/\/ldo.no\/arkiv\/klagesaker\/2006-lonnsforskjell-ved-politidistrikt-skyldes-ikke-kjonnsdiskriminering\/","title":{"rendered":"L\u00f8nnsforskjell ved politidistrikt skyldes ikke kj\u00f8nnsdiskriminering"},"content":{"rendered":"<article class=\"base-article inside\">\n<header>\n<div class=\"row\">\n<div class=\"col-sm-12\">\n<\/div>\n<\/div>\n<h1>\nL\u00f8nnsforskjell ved politidistrikt skyldes ikke kj\u00f8nnsdiskriminering<br \/>\n<\/h1>\n<\/header>\n<section>\n<section class=\"lead\">\nEt fagforbund tok kontakt med ombudet p\u00e5 vegne av en kvinne som mente hun fikk mindre l\u00f8nn enn to menn som vikarierte for henne n\u00e5r hun var i permisjon. Ombudet kom frem til at l\u00f8nnsforskjellen ikke var i strid med loven.<br \/>\n<\/section>\n<section>\n<p>Arbeidsgiver avviste kvinnens p\u00e5stand om overtredelse av likestillingsloven. Det ble hevdet at avl\u00f8nningen skjedde etter kj\u00f8nnsn\u00f8ytrale normer og prinsipper og at det ikke var mulig etter Hovedtariffavtalen \u00e5 endre kvinnens l\u00f8nn umiddelbart. Arbeidsgiver mente videre at l\u00f8nnsforskjellen mellom kvinnen og mennene kunne forsvares ut fra objektive kriterier som antall ansatte ved seksjonene og\/eller det ansvar som ligger til stillingen.<\/p>\n<p>Ombudet la til grunn at arbeidsgiver hadde sannsynliggjort at l\u00f8nnsforskjellen ikke skyldtes forskjellsbehandling p\u00e5 grunn av kj\u00f8nn. Ombudet la vekt p\u00e5 at Politidirektoratet ved flere anledninger hadde l\u00f8nnet vikarer h\u00f8yere enn fast ansatte, ogs\u00e5 hvor den fast ansatte var en mann. Ombudet fremhevet ogs\u00e5 at det ikke foreligger en generell hjemmel til \u00e5 oppjustere l\u00f8nnen ved gjeninntreden etter endt permisjon, men at arbeidsgiver og arbeidstaker m\u00e5 forholde seg til de systemene som er etablert med hjemmel i avtaleverket. Arbeidsgivers argumenter som rekruttering av kvalifiserte vikarer, samt arbeidsgivers begrensede muligheter i henhold til avtaleverket til umiddelbar l\u00f8nnsforh\u00f8yelse, er legitime anf\u00f8rsler.<\/p>\n<p><strong><\/p>\n<h2>Konklusjon<br \/>\n<\/h2>\n<p><\/strong>Ombudet kom frem til at l\u00f8nnsforskjellen ikke var i strid med likestillingsloven.<\/p>\n<p><strong>Diskrimineringsgrunnlag: Kj\u00f8nn.<br \/>Saksnummer: 06\/47.<br \/>Lovanvendelse: Likestillingsloven \u00a7\u00a7 3 og 5.<\/strong><\/p>\n<\/section>\n<\/section>\n<\/article>\n","protected":false},"excerpt":{"rendered":"<p>Et fagforbund tok kontakt med ombudet p\u00e5 vegne av en kvinne som mente hun fikk mindre l\u00f8nn enn to menn som vikarierte for henne n\u00e5r hun var i permisjon. Ombudet kom frem til at l\u00f8nnsforskjellen ikke var i strid med loven.<\/p>\n","protected":false},"template":"","meta":{"footnotes":""},"ldo-archive-year":[18],"class_list":["post-15737","ldo-complaint","type-ldo-complaint","status-publish","hentry","ldo-archive-year-18"],"yoast_head":"<!-- This site is optimized with the Yoast SEO plugin v22.9 - https:\/\/yoast.com\/wordpress\/plugins\/seo\/ -->\n<title>L\u00f8nnsforskjell ved politidistrikt skyldes ikke kj\u00f8nnsdiskriminering - Arkiv<\/title>\n<meta name=\"robots\" content=\"index, follow, max-snippet:-1, max-image-preview:large, max-video-preview:-1\" \/>\n<link rel=\"canonical\" href=\"https:\/\/ldo.no\/arkiv\/klagesaker\/2006-lonnsforskjell-ved-politidistrikt-skyldes-ikke-kjonnsdiskriminering\/\" \/>\n<meta property=\"og:locale\" content=\"nb_NO\" \/>\n<meta property=\"og:type\" content=\"article\" \/>\n<meta property=\"og:title\" content=\"L\u00f8nnsforskjell ved politidistrikt skyldes ikke kj\u00f8nnsdiskriminering - Arkiv\" \/>\n<meta property=\"og:description\" content=\"Et fagforbund tok kontakt med ombudet p\u00e5 vegne av en kvinne som mente hun fikk mindre l\u00f8nn enn to menn som vikarierte for henne n\u00e5r hun var i permisjon. Ombudet kom frem til at l\u00f8nnsforskjellen ikke var i strid med loven.\" \/>\n<meta property=\"og:url\" content=\"https:\/\/ldo.no\/arkiv\/klagesaker\/2006-lonnsforskjell-ved-politidistrikt-skyldes-ikke-kjonnsdiskriminering\/\" \/>\n<meta property=\"og:site_name\" content=\"Arkiv\" \/>\n<meta name=\"twitter:card\" content=\"summary_large_image\" \/>\n<meta name=\"twitter:label1\" content=\"Ansl. lesetid\" \/>\n\t<meta name=\"twitter:data1\" content=\"1 minutt\" \/>\n<script type=\"application\/ld+json\" class=\"yoast-schema-graph\">{\"@context\":\"https:\/\/schema.org\",\"@graph\":[{\"@type\":\"WebPage\",\"@id\":\"https:\/\/ldo.no\/arkiv\/klagesaker\/2006-lonnsforskjell-ved-politidistrikt-skyldes-ikke-kjonnsdiskriminering\/\",\"url\":\"https:\/\/ldo.no\/arkiv\/klagesaker\/2006-lonnsforskjell-ved-politidistrikt-skyldes-ikke-kjonnsdiskriminering\/\",\"name\":\"L\u00f8nnsforskjell ved politidistrikt skyldes ikke kj\u00f8nnsdiskriminering - Arkiv\",\"isPartOf\":{\"@id\":\"https:\/\/ldo.no\/arkiv\/#website\"},\"datePublished\":\"2006-01-01T00:00:00+00:00\",\"dateModified\":\"2006-01-01T00:00:00+00:00\",\"breadcrumb\":{\"@id\":\"https:\/\/ldo.no\/arkiv\/klagesaker\/2006-lonnsforskjell-ved-politidistrikt-skyldes-ikke-kjonnsdiskriminering\/#breadcrumb\"},\"inLanguage\":\"nb-NO\",\"potentialAction\":[{\"@type\":\"ReadAction\",\"target\":[\"https:\/\/ldo.no\/arkiv\/klagesaker\/2006-lonnsforskjell-ved-politidistrikt-skyldes-ikke-kjonnsdiskriminering\/\"]}]},{\"@type\":\"BreadcrumbList\",\"@id\":\"https:\/\/ldo.no\/arkiv\/klagesaker\/2006-lonnsforskjell-ved-politidistrikt-skyldes-ikke-kjonnsdiskriminering\/#breadcrumb\",\"itemListElement\":[{\"@type\":\"ListItem\",\"position\":1,\"name\":\"Arkiv\",\"item\":\"https:\/\/ldo.no\/arkiv\/\"},{\"@type\":\"ListItem\",\"position\":2,\"name\":\"Klagesaker\",\"item\":\"https:\/\/ldo.no\/arkiv\/?post-type=ldo-complaint\"},{\"@type\":\"ListItem\",\"position\":3,\"name\":\"L\u00f8nnsforskjell ved politidistrikt skyldes ikke kj\u00f8nnsdiskriminering\"}]},{\"@type\":\"WebSite\",\"@id\":\"https:\/\/ldo.no\/arkiv\/#website\",\"url\":\"https:\/\/ldo.no\/arkiv\/\",\"name\":\"LDO Arkiv\",\"description\":\"Dette er ombudets arkiv. Her finner du klagesaker som ombudet i sin tid behandlet fra 1996 til 2017. Klagesaker utover dette finner du p\u00e5 Diskrimineringsnemndas hjemmeside. P\u00e5 disse arkivsidene finner du ogs\u00e5 eldre h\u00f8ringssvar som strekker seg fra 2023 og tilbake til 2006. Nyere h\u00f8ringssvar finner du p\u00e5 Publikasjoner, som du kan bes\u00f8ke ved \u00e5 klikke p\u00e5 menyknappen \u00f8verst i h\u00f8yre hj\u00f8rne.\",\"publisher\":{\"@id\":\"https:\/\/ldo.no\/arkiv\/#organization\"},\"potentialAction\":[{\"@type\":\"SearchAction\",\"target\":{\"@type\":\"EntryPoint\",\"urlTemplate\":\"https:\/\/ldo.no\/arkiv\/?s={search_term_string}\"},\"query-input\":\"required name=search_term_string\"}],\"inLanguage\":\"nb-NO\"},{\"@type\":\"Organization\",\"@id\":\"https:\/\/ldo.no\/arkiv\/#organization\",\"name\":\"LDO Arkiv\",\"url\":\"https:\/\/ldo.no\/arkiv\/\",\"logo\":{\"@type\":\"ImageObject\",\"inLanguage\":\"nb-NO\",\"@id\":\"https:\/\/ldo.no\/arkiv\/#\/schema\/logo\/image\/\",\"url\":\"https:\/\/ldo.no\/content\/uploads\/sites\/2\/2025\/05\/Property-1Default.svg\",\"contentUrl\":\"https:\/\/ldo.no\/content\/uploads\/sites\/2\/2025\/05\/Property-1Default.svg\",\"caption\":\"LDO Arkiv\"},\"image\":{\"@id\":\"https:\/\/ldo.no\/arkiv\/#\/schema\/logo\/image\/\"}}]}<\/script>\n<!-- \/ Yoast SEO plugin. -->","yoast_head_json":{"title":"L\u00f8nnsforskjell ved politidistrikt skyldes ikke kj\u00f8nnsdiskriminering - Arkiv","robots":{"index":"index","follow":"follow","max-snippet":"max-snippet:-1","max-image-preview":"max-image-preview:large","max-video-preview":"max-video-preview:-1"},"canonical":"https:\/\/ldo.no\/arkiv\/klagesaker\/2006-lonnsforskjell-ved-politidistrikt-skyldes-ikke-kjonnsdiskriminering\/","og_locale":"nb_NO","og_type":"article","og_title":"L\u00f8nnsforskjell ved politidistrikt skyldes ikke kj\u00f8nnsdiskriminering - Arkiv","og_description":"Et fagforbund tok kontakt med ombudet p\u00e5 vegne av en kvinne som mente hun fikk mindre l\u00f8nn enn to menn som vikarierte for henne n\u00e5r hun var i permisjon. Ombudet kom frem til at l\u00f8nnsforskjellen ikke var i strid med loven.","og_url":"https:\/\/ldo.no\/arkiv\/klagesaker\/2006-lonnsforskjell-ved-politidistrikt-skyldes-ikke-kjonnsdiskriminering\/","og_site_name":"Arkiv","twitter_card":"summary_large_image","twitter_misc":{"Ansl. lesetid":"1 minutt"},"schema":{"@context":"https:\/\/schema.org","@graph":[{"@type":"WebPage","@id":"https:\/\/ldo.no\/arkiv\/klagesaker\/2006-lonnsforskjell-ved-politidistrikt-skyldes-ikke-kjonnsdiskriminering\/","url":"https:\/\/ldo.no\/arkiv\/klagesaker\/2006-lonnsforskjell-ved-politidistrikt-skyldes-ikke-kjonnsdiskriminering\/","name":"L\u00f8nnsforskjell ved politidistrikt skyldes ikke kj\u00f8nnsdiskriminering - Arkiv","isPartOf":{"@id":"https:\/\/ldo.no\/arkiv\/#website"},"datePublished":"2006-01-01T00:00:00+00:00","dateModified":"2006-01-01T00:00:00+00:00","breadcrumb":{"@id":"https:\/\/ldo.no\/arkiv\/klagesaker\/2006-lonnsforskjell-ved-politidistrikt-skyldes-ikke-kjonnsdiskriminering\/#breadcrumb"},"inLanguage":"nb-NO","potentialAction":[{"@type":"ReadAction","target":["https:\/\/ldo.no\/arkiv\/klagesaker\/2006-lonnsforskjell-ved-politidistrikt-skyldes-ikke-kjonnsdiskriminering\/"]}]},{"@type":"BreadcrumbList","@id":"https:\/\/ldo.no\/arkiv\/klagesaker\/2006-lonnsforskjell-ved-politidistrikt-skyldes-ikke-kjonnsdiskriminering\/#breadcrumb","itemListElement":[{"@type":"ListItem","position":1,"name":"Arkiv","item":"https:\/\/ldo.no\/arkiv\/"},{"@type":"ListItem","position":2,"name":"Klagesaker","item":"https:\/\/ldo.no\/arkiv\/?post-type=ldo-complaint"},{"@type":"ListItem","position":3,"name":"L\u00f8nnsforskjell ved politidistrikt skyldes ikke kj\u00f8nnsdiskriminering"}]},{"@type":"WebSite","@id":"https:\/\/ldo.no\/arkiv\/#website","url":"https:\/\/ldo.no\/arkiv\/","name":"LDO Arkiv","description":"Dette er ombudets arkiv. Her finner du klagesaker som ombudet i sin tid behandlet fra 1996 til 2017. Klagesaker utover dette finner du p\u00e5 Diskrimineringsnemndas hjemmeside. P\u00e5 disse arkivsidene finner du ogs\u00e5 eldre h\u00f8ringssvar som strekker seg fra 2023 og tilbake til 2006. Nyere h\u00f8ringssvar finner du p\u00e5 Publikasjoner, som du kan bes\u00f8ke ved \u00e5 klikke p\u00e5 menyknappen \u00f8verst i h\u00f8yre hj\u00f8rne.","publisher":{"@id":"https:\/\/ldo.no\/arkiv\/#organization"},"potentialAction":[{"@type":"SearchAction","target":{"@type":"EntryPoint","urlTemplate":"https:\/\/ldo.no\/arkiv\/?s={search_term_string}"},"query-input":"required name=search_term_string"}],"inLanguage":"nb-NO"},{"@type":"Organization","@id":"https:\/\/ldo.no\/arkiv\/#organization","name":"LDO Arkiv","url":"https:\/\/ldo.no\/arkiv\/","logo":{"@type":"ImageObject","inLanguage":"nb-NO","@id":"https:\/\/ldo.no\/arkiv\/#\/schema\/logo\/image\/","url":"https:\/\/ldo.no\/content\/uploads\/sites\/2\/2025\/05\/Property-1Default.svg","contentUrl":"https:\/\/ldo.no\/content\/uploads\/sites\/2\/2025\/05\/Property-1Default.svg","caption":"LDO Arkiv"},"image":{"@id":"https:\/\/ldo.no\/arkiv\/#\/schema\/logo\/image\/"}}]}},"_links":{"self":[{"href":"https:\/\/ldo.no\/arkiv\/wp-json\/wp\/v2\/ldo-complaint\/15737"}],"collection":[{"href":"https:\/\/ldo.no\/arkiv\/wp-json\/wp\/v2\/ldo-complaint"}],"about":[{"href":"https:\/\/ldo.no\/arkiv\/wp-json\/wp\/v2\/types\/ldo-complaint"}],"version-history":[{"count":0,"href":"https:\/\/ldo.no\/arkiv\/wp-json\/wp\/v2\/ldo-complaint\/15737\/revisions"}],"wp:attachment":[{"href":"https:\/\/ldo.no\/arkiv\/wp-json\/wp\/v2\/media?parent=15737"}],"wp:term":[{"taxonomy":"ldo-archive-year","embeddable":true,"href":"https:\/\/ldo.no\/arkiv\/wp-json\/wp\/v2\/ldo-archive-year?post=15737"}],"curies":[{"name":"wp","href":"https:\/\/api.w.org\/{rel}","templated":true}]}}

Lønnsforskjell ved politidistrikt skyldes ikke kjønnsdiskriminering

<article class="base-article inside">
<header>
<div class="row">
<div class="col-sm-12">
</div>
</div>
<h1>
Lønnsforskjell ved politidistrikt skyldes ikke kjønnsdiskriminering<br />
</h1>
</header>
<section>
<section class="lead">
Et fagforbund tok kontakt med ombudet på vegne av en kvinne som mente hun fikk mindre lønn enn to menn som vikarierte for henne når hun var i permisjon. Ombudet kom frem til at lønnsforskjellen ikke var i strid med loven.<br />
</section>
<section>
<p>Arbeidsgiver avviste kvinnens påstand om overtredelse av likestillingsloven. Det ble hevdet at avlønningen skjedde etter kjønnsnøytrale normer og prinsipper og at det ikke var mulig etter Hovedtariffavtalen å endre kvinnens lønn umiddelbart. Arbeidsgiver mente videre at lønnsforskjellen mellom kvinnen og mennene kunne forsvares ut fra objektive kriterier som antall ansatte ved seksjonene og/eller det ansvar som ligger til stillingen.</p>
<p>Ombudet la til grunn at arbeidsgiver hadde sannsynliggjort at lønnsforskjellen ikke skyldtes forskjellsbehandling på grunn av kjønn. Ombudet la vekt på at Politidirektoratet ved flere anledninger hadde lønnet vikarer høyere enn fast ansatte, også hvor den fast ansatte var en mann. Ombudet fremhevet også at det ikke foreligger en generell hjemmel til å oppjustere lønnen ved gjeninntreden etter endt permisjon, men at arbeidsgiver og arbeidstaker må forholde seg til de systemene som er etablert med hjemmel i avtaleverket. Arbeidsgivers argumenter som rekruttering av kvalifiserte vikarer, samt arbeidsgivers begrensede muligheter i henhold til avtaleverket til umiddelbar lønnsforhøyelse, er legitime anførsler.</p>
<p><strong></p>
<h2>Konklusjon<br />
</h2>
<p></strong>Ombudet kom frem til at lønnsforskjellen ikke var i strid med likestillingsloven.</p>
<p><strong>Diskrimineringsgrunnlag: Kjønn.<br />Saksnummer: 06/47.<br />Lovanvendelse: Likestillingsloven §§ 3 og 5.</strong></p>
</section>
</section>
</article>

<p>Et fagforbund tok kontakt med ombudet på vegne av en kvinne som mente hun fikk mindre lønn enn to menn som vikarierte for henne når hun var i permisjon. Ombudet kom frem til at lønnsforskjellen ikke var i strid med loven.</p>

<!-- This site is optimized with the Yoast SEO plugin v22.9 - https://yoast.com/wordpress/plugins/seo/ -->
<title>Lønnsforskjell ved politidistrikt skyldes ikke kjønnsdiskriminering - Arkiv</title>
<meta name="robots" content="index, follow, max-snippet:-1, max-image-preview:large, max-video-preview:-1" />
<link rel="canonical" href="https://ldo.no/arkiv/klagesaker/2006-lonnsforskjell-ved-politidistrikt-skyldes-ikke-kjonnsdiskriminering/" />
<meta property="og:locale" content="nb_NO" />
<meta property="og:type" content="article" />
<meta property="og:title" content="Lønnsforskjell ved politidistrikt skyldes ikke kjønnsdiskriminering - Arkiv" />
<meta property="og:description" content="Et fagforbund tok kontakt med ombudet på vegne av en kvinne som mente hun fikk mindre lønn enn to menn som vikarierte for henne når hun var i permisjon. Ombudet kom frem til at lønnsforskjellen ikke var i strid med loven." />
<meta property="og:url" content="https://ldo.no/arkiv/klagesaker/2006-lonnsforskjell-ved-politidistrikt-skyldes-ikke-kjonnsdiskriminering/" />
<meta property="og:site_name" content="Arkiv" />
<meta name="twitter:card" content="summary_large_image" />
<meta name="twitter:label1" content="Ansl. lesetid" />
	<meta name="twitter:data1" content="1 minutt" />
<script type="application/ld+json" class="yoast-schema-graph">{"@context":"https://schema.org","@graph":[{"@type":"WebPage","@id":"https://ldo.no/arkiv/klagesaker/2006-lonnsforskjell-ved-politidistrikt-skyldes-ikke-kjonnsdiskriminering/","url":"https://ldo.no/arkiv/klagesaker/2006-lonnsforskjell-ved-politidistrikt-skyldes-ikke-kjonnsdiskriminering/","name":"Lønnsforskjell ved politidistrikt skyldes ikke kjønnsdiskriminering - Arkiv","isPartOf":{"@id":"https://ldo.no/arkiv/#website"},"datePublished":"2006-01-01T00:00:00+00:00","dateModified":"2006-01-01T00:00:00+00:00","breadcrumb":{"@id":"https://ldo.no/arkiv/klagesaker/2006-lonnsforskjell-ved-politidistrikt-skyldes-ikke-kjonnsdiskriminering/#breadcrumb"},"inLanguage":"nb-NO","potentialAction":[{"@type":"ReadAction","target":["https://ldo.no/arkiv/klagesaker/2006-lonnsforskjell-ved-politidistrikt-skyldes-ikke-kjonnsdiskriminering/"]}]},{"@type":"BreadcrumbList","@id":"https://ldo.no/arkiv/klagesaker/2006-lonnsforskjell-ved-politidistrikt-skyldes-ikke-kjonnsdiskriminering/#breadcrumb","itemListElement":[{"@type":"ListItem","position":1,"name":"Arkiv","item":"https://ldo.no/arkiv/"},{"@type":"ListItem","position":2,"name":"Klagesaker","item":"https://ldo.no/arkiv/?post-type=ldo-complaint"},{"@type":"ListItem","position":3,"name":"Lønnsforskjell ved politidistrikt skyldes ikke kjønnsdiskriminering"}]},{"@type":"WebSite","@id":"https://ldo.no/arkiv/#website","url":"https://ldo.no/arkiv/","name":"LDO Arkiv","description":"Dette er ombudets arkiv. Her finner du klagesaker som ombudet i sin tid behandlet fra 1996 til 2017. Klagesaker utover dette finner du på Diskrimineringsnemndas hjemmeside. På disse arkivsidene finner du også eldre høringssvar som strekker seg fra 2023 og tilbake til 2006. Nyere høringssvar finner du på Publikasjoner, som du kan besøke ved å klikke på menyknappen øverst i høyre hjørne.","publisher":{"@id":"https://ldo.no/arkiv/#organization"},"potentialAction":[{"@type":"SearchAction","target":{"@type":"EntryPoint","urlTemplate":"https://ldo.no/arkiv/?s={search_term_string}"},"query-input":"required name=search_term_string"}],"inLanguage":"nb-NO"},{"@type":"Organization","@id":"https://ldo.no/arkiv/#organization","name":"LDO Arkiv","url":"https://ldo.no/arkiv/","logo":{"@type":"ImageObject","inLanguage":"nb-NO","@id":"https://ldo.no/arkiv/#/schema/logo/image/","url":"https://ldo.no/content/uploads/sites/2/2025/05/Property-1Default.svg","contentUrl":"https://ldo.no/content/uploads/sites/2/2025/05/Property-1Default.svg","caption":"LDO Arkiv"},"image":{"@id":"https://ldo.no/arkiv/#/schema/logo/image/"}}]}</script>
<!-- / Yoast SEO plugin. -->

Lønnsforskjell ved politidistrikt skyldes ikke kjønnsdiskriminering - Arkiv

Et fagforbund tok kontakt med ombudet på vegne av en kvinne som mente hun fikk mindre lønn enn to menn som vikarierte for henne når hun var i permisjon. Ombudet kom frem til at lønnsforskjellen ikke var i strid med loven.

Dette er ombudets arkiv. Her finner du klagesaker som ombudet i sin tid behandlet fra 1996 til 2017. Klagesaker utover dette finner du på Diskrimineringsnemndas hjemmeside. På disse arkivsidene finner du også eldre høringssvar som strekker seg fra 2023 og tilbake til 2006. Nyere høringssvar finner du på Publikasjoner, som du kan besøke ved å klikke på menyknappen øverst i høyre hjørne.
