{"id":15751,"date":"2006-01-01T00:00:00","date_gmt":"2006-01-01T00:00:00","guid":{"rendered":"https:\/\/ldo.local\/arkiv\/klagesaker\/2006-dommer-forbigatt-ved-ansettelse\/"},"modified":"2006-01-01T00:00:00","modified_gmt":"2006-01-01T00:00:00","slug":"2006-dommer-forbigatt-ved-ansettelse","status":"publish","type":"ldo-complaint","link":"https:\/\/ldo.no\/arkiv\/klagesaker\/2006-dommer-forbigatt-ved-ansettelse\/","title":{"rendered":"Dommer forbig\u00e5tt ved ansettelse"},"content":{"rendered":"<article class=\"base-article inside\">\n<header>\n<div class=\"row\">\n<div class=\"col-sm-12\">\n<\/div>\n<\/div>\n<h1>\nDommer forbig\u00e5tt ved ansettelse<br \/>\n<\/h1>\n<\/header>\n<section>\n<section class=\"lead\">\nMannen mente Justisdepartementet hadde diskriminert ham fordi han var bedre kvalifisert til dommerstillingen enn kvinnen som fikk den. Det var ombudet enig i.<br \/>\n<\/section>\n<section>\n<p>Klageren mente han var klart best kvalifisert til stillingen og var innstillingsr\u00e5dets f\u00f8rstekandidat til jobben. Domstollederen rangerte allikevel den kvinnelige s\u00f8keren \u00f8verst og Regjeringen utnevnte henne deretter til stillingen. <\/p>\n<p>Klageren fikk vite at innstillingsr\u00e5dets innstilling ikke ble fulgt, fordi domstolen \u00f8nsket \u00e5 ansette flere kvinner. At han ikke ble ansatt hadde ingenting med hans faglige eller personlige egenskaper \u00e5 gj\u00f8re. <\/p>\n<p>Justisdepartementet avviste at utnevnelsen var i strid med likestillingsloven. Departementet begrunnet utnevnelsen med behovet for en god kj\u00f8nnssammensetning i domstolene.<\/p>\n<p>I utgangspunktet er det forbudt \u00e5 gj\u00f8re forskjell p\u00e5 kvinner og menn ved ansettelse. Det er likevel tillatt med ulik behandling, s\u00e5kalt positiv s\u00e6rbehandling, hvis det samsvarer med likestillingslovens form\u00e5l og fremmer likestilling. Denne bestemmelsen er ment brukt for \u00e5 bedre kvinners stilling. Loven tillater bare positiv s\u00e6rbehandling av det underrepresenterte kj\u00f8nn, og ved ansettelser m\u00e5 s\u00f8kerne ha like eller tiln\u00e6rmet like kvalifikasjoner.<\/p>\n<p>Kvinner er betydelig underrepresentert i dommerstanden. Ombudet mener positiv s\u00e6rbehandling av kvinner ved utnevning av dommere, er et egnet middel for \u00e5 \u00f8ke kvinneandelen. Kravet om at tiltaket m\u00e5 v\u00e6re egnet til \u00e5 fremme likestilling er dermed oppfylt. <\/p>\n<p>Deretter avgjorde ombudet om s\u00f8kerne hadde tiln\u00e6rmet like kvalifikasjoner. Ombudet la vekt p\u00e5 at Justisdepartementet ikke redegjorde for sammenlikningen av den kvinnelige og mannlige s\u00f8kerens kvalifikasjoner og erfaring. Departementet oppfylte derfor ikke sin bevisbyrde for \u00e5 sannsynliggj\u00f8re at vilk\u00e5rene for positiv s\u00e6rbehandling var oppfylt.<\/p>\n<h2>Konklusjon<\/h2>\n<p>Likestillings- og diskrimineringsombudet konkluderte at Justisdepartementet handlet i strid med likestillingsloven, fordi de ikke kunne sannsynliggj\u00f8re at den mannlige og kvinnelige s\u00f8keren var tiln\u00e6rmet like godt kvalifisert.<\/p>\n<p><strong>Diskrimineringsgrunnlag: Kj\u00f8nn.<br \/>Saksnummer: 06\/568.<br \/>Lovanvendelse: Likestillingsloven \u00a7 4 annet ledd, jf \u00a7 3 og \u00a7 3a<\/strong>.<\/p>\n<\/section>\n<\/section>\n<\/article>\n","protected":false},"excerpt":{"rendered":"<p>Mannen mente Justisdepartementet hadde diskriminert ham fordi han var bedre kvalifisert til dommerstillingen enn kvinnen som fikk den. Det var ombudet enig i.<\/p>\n","protected":false},"template":"","meta":{"footnotes":""},"ldo-archive-year":[18],"class_list":["post-15751","ldo-complaint","type-ldo-complaint","status-publish","hentry","ldo-archive-year-18"],"yoast_head":"<!-- This site is optimized with the Yoast SEO plugin v22.9 - https:\/\/yoast.com\/wordpress\/plugins\/seo\/ -->\n<title>Dommer forbig\u00e5tt ved ansettelse - Arkiv<\/title>\n<meta name=\"robots\" content=\"index, follow, max-snippet:-1, max-image-preview:large, max-video-preview:-1\" \/>\n<link rel=\"canonical\" href=\"https:\/\/ldo.no\/arkiv\/klagesaker\/2006-dommer-forbigatt-ved-ansettelse\/\" \/>\n<meta property=\"og:locale\" content=\"nb_NO\" \/>\n<meta property=\"og:type\" content=\"article\" \/>\n<meta property=\"og:title\" content=\"Dommer forbig\u00e5tt ved ansettelse - Arkiv\" \/>\n<meta property=\"og:description\" content=\"Mannen mente Justisdepartementet hadde diskriminert ham fordi han var bedre kvalifisert til dommerstillingen enn kvinnen som fikk den. Det var ombudet enig i.\" \/>\n<meta property=\"og:url\" content=\"https:\/\/ldo.no\/arkiv\/klagesaker\/2006-dommer-forbigatt-ved-ansettelse\/\" \/>\n<meta property=\"og:site_name\" content=\"Arkiv\" \/>\n<meta name=\"twitter:card\" content=\"summary_large_image\" \/>\n<meta name=\"twitter:label1\" content=\"Ansl. lesetid\" \/>\n\t<meta name=\"twitter:data1\" content=\"2 minutter\" \/>\n<script type=\"application\/ld+json\" class=\"yoast-schema-graph\">{\"@context\":\"https:\/\/schema.org\",\"@graph\":[{\"@type\":\"WebPage\",\"@id\":\"https:\/\/ldo.no\/arkiv\/klagesaker\/2006-dommer-forbigatt-ved-ansettelse\/\",\"url\":\"https:\/\/ldo.no\/arkiv\/klagesaker\/2006-dommer-forbigatt-ved-ansettelse\/\",\"name\":\"Dommer forbig\u00e5tt ved ansettelse - Arkiv\",\"isPartOf\":{\"@id\":\"https:\/\/ldo.no\/arkiv\/#website\"},\"datePublished\":\"2006-01-01T00:00:00+00:00\",\"dateModified\":\"2006-01-01T00:00:00+00:00\",\"breadcrumb\":{\"@id\":\"https:\/\/ldo.no\/arkiv\/klagesaker\/2006-dommer-forbigatt-ved-ansettelse\/#breadcrumb\"},\"inLanguage\":\"nb-NO\",\"potentialAction\":[{\"@type\":\"ReadAction\",\"target\":[\"https:\/\/ldo.no\/arkiv\/klagesaker\/2006-dommer-forbigatt-ved-ansettelse\/\"]}]},{\"@type\":\"BreadcrumbList\",\"@id\":\"https:\/\/ldo.no\/arkiv\/klagesaker\/2006-dommer-forbigatt-ved-ansettelse\/#breadcrumb\",\"itemListElement\":[{\"@type\":\"ListItem\",\"position\":1,\"name\":\"Arkiv\",\"item\":\"https:\/\/ldo.no\/arkiv\/\"},{\"@type\":\"ListItem\",\"position\":2,\"name\":\"Klagesaker\",\"item\":\"https:\/\/ldo.no\/arkiv\/?post-type=ldo-complaint\"},{\"@type\":\"ListItem\",\"position\":3,\"name\":\"Dommer forbig\u00e5tt ved ansettelse\"}]},{\"@type\":\"WebSite\",\"@id\":\"https:\/\/ldo.no\/arkiv\/#website\",\"url\":\"https:\/\/ldo.no\/arkiv\/\",\"name\":\"LDO Arkiv\",\"description\":\"Dette er ombudets arkiv. Her finner du klagesaker som ombudet i sin tid behandlet fra 1996 til 2017. Klagesaker utover dette finner du p\u00e5 Diskrimineringsnemndas hjemmeside. P\u00e5 disse arkivsidene finner du ogs\u00e5 eldre h\u00f8ringssvar som strekker seg fra 2023 og tilbake til 2006. Nyere h\u00f8ringssvar finner du p\u00e5 Publikasjoner, som du kan bes\u00f8ke ved \u00e5 klikke p\u00e5 menyknappen \u00f8verst i h\u00f8yre hj\u00f8rne.\",\"publisher\":{\"@id\":\"https:\/\/ldo.no\/arkiv\/#organization\"},\"potentialAction\":[{\"@type\":\"SearchAction\",\"target\":{\"@type\":\"EntryPoint\",\"urlTemplate\":\"https:\/\/ldo.no\/arkiv\/?s={search_term_string}\"},\"query-input\":\"required name=search_term_string\"}],\"inLanguage\":\"nb-NO\"},{\"@type\":\"Organization\",\"@id\":\"https:\/\/ldo.no\/arkiv\/#organization\",\"name\":\"LDO Arkiv\",\"url\":\"https:\/\/ldo.no\/arkiv\/\",\"logo\":{\"@type\":\"ImageObject\",\"inLanguage\":\"nb-NO\",\"@id\":\"https:\/\/ldo.no\/arkiv\/#\/schema\/logo\/image\/\",\"url\":\"https:\/\/ldo.no\/content\/uploads\/sites\/2\/2025\/05\/Property-1Default.svg\",\"contentUrl\":\"https:\/\/ldo.no\/content\/uploads\/sites\/2\/2025\/05\/Property-1Default.svg\",\"caption\":\"LDO Arkiv\"},\"image\":{\"@id\":\"https:\/\/ldo.no\/arkiv\/#\/schema\/logo\/image\/\"}}]}<\/script>\n<!-- \/ Yoast SEO plugin. -->","yoast_head_json":{"title":"Dommer forbig\u00e5tt ved ansettelse - Arkiv","robots":{"index":"index","follow":"follow","max-snippet":"max-snippet:-1","max-image-preview":"max-image-preview:large","max-video-preview":"max-video-preview:-1"},"canonical":"https:\/\/ldo.no\/arkiv\/klagesaker\/2006-dommer-forbigatt-ved-ansettelse\/","og_locale":"nb_NO","og_type":"article","og_title":"Dommer forbig\u00e5tt ved ansettelse - Arkiv","og_description":"Mannen mente Justisdepartementet hadde diskriminert ham fordi han var bedre kvalifisert til dommerstillingen enn kvinnen som fikk den. Det var ombudet enig i.","og_url":"https:\/\/ldo.no\/arkiv\/klagesaker\/2006-dommer-forbigatt-ved-ansettelse\/","og_site_name":"Arkiv","twitter_card":"summary_large_image","twitter_misc":{"Ansl. lesetid":"2 minutter"},"schema":{"@context":"https:\/\/schema.org","@graph":[{"@type":"WebPage","@id":"https:\/\/ldo.no\/arkiv\/klagesaker\/2006-dommer-forbigatt-ved-ansettelse\/","url":"https:\/\/ldo.no\/arkiv\/klagesaker\/2006-dommer-forbigatt-ved-ansettelse\/","name":"Dommer forbig\u00e5tt ved ansettelse - Arkiv","isPartOf":{"@id":"https:\/\/ldo.no\/arkiv\/#website"},"datePublished":"2006-01-01T00:00:00+00:00","dateModified":"2006-01-01T00:00:00+00:00","breadcrumb":{"@id":"https:\/\/ldo.no\/arkiv\/klagesaker\/2006-dommer-forbigatt-ved-ansettelse\/#breadcrumb"},"inLanguage":"nb-NO","potentialAction":[{"@type":"ReadAction","target":["https:\/\/ldo.no\/arkiv\/klagesaker\/2006-dommer-forbigatt-ved-ansettelse\/"]}]},{"@type":"BreadcrumbList","@id":"https:\/\/ldo.no\/arkiv\/klagesaker\/2006-dommer-forbigatt-ved-ansettelse\/#breadcrumb","itemListElement":[{"@type":"ListItem","position":1,"name":"Arkiv","item":"https:\/\/ldo.no\/arkiv\/"},{"@type":"ListItem","position":2,"name":"Klagesaker","item":"https:\/\/ldo.no\/arkiv\/?post-type=ldo-complaint"},{"@type":"ListItem","position":3,"name":"Dommer forbig\u00e5tt ved ansettelse"}]},{"@type":"WebSite","@id":"https:\/\/ldo.no\/arkiv\/#website","url":"https:\/\/ldo.no\/arkiv\/","name":"LDO Arkiv","description":"Dette er ombudets arkiv. Her finner du klagesaker som ombudet i sin tid behandlet fra 1996 til 2017. Klagesaker utover dette finner du p\u00e5 Diskrimineringsnemndas hjemmeside. P\u00e5 disse arkivsidene finner du ogs\u00e5 eldre h\u00f8ringssvar som strekker seg fra 2023 og tilbake til 2006. Nyere h\u00f8ringssvar finner du p\u00e5 Publikasjoner, som du kan bes\u00f8ke ved \u00e5 klikke p\u00e5 menyknappen \u00f8verst i h\u00f8yre hj\u00f8rne.","publisher":{"@id":"https:\/\/ldo.no\/arkiv\/#organization"},"potentialAction":[{"@type":"SearchAction","target":{"@type":"EntryPoint","urlTemplate":"https:\/\/ldo.no\/arkiv\/?s={search_term_string}"},"query-input":"required name=search_term_string"}],"inLanguage":"nb-NO"},{"@type":"Organization","@id":"https:\/\/ldo.no\/arkiv\/#organization","name":"LDO Arkiv","url":"https:\/\/ldo.no\/arkiv\/","logo":{"@type":"ImageObject","inLanguage":"nb-NO","@id":"https:\/\/ldo.no\/arkiv\/#\/schema\/logo\/image\/","url":"https:\/\/ldo.no\/content\/uploads\/sites\/2\/2025\/05\/Property-1Default.svg","contentUrl":"https:\/\/ldo.no\/content\/uploads\/sites\/2\/2025\/05\/Property-1Default.svg","caption":"LDO Arkiv"},"image":{"@id":"https:\/\/ldo.no\/arkiv\/#\/schema\/logo\/image\/"}}]}},"_links":{"self":[{"href":"https:\/\/ldo.no\/arkiv\/wp-json\/wp\/v2\/ldo-complaint\/15751"}],"collection":[{"href":"https:\/\/ldo.no\/arkiv\/wp-json\/wp\/v2\/ldo-complaint"}],"about":[{"href":"https:\/\/ldo.no\/arkiv\/wp-json\/wp\/v2\/types\/ldo-complaint"}],"version-history":[{"count":0,"href":"https:\/\/ldo.no\/arkiv\/wp-json\/wp\/v2\/ldo-complaint\/15751\/revisions"}],"wp:attachment":[{"href":"https:\/\/ldo.no\/arkiv\/wp-json\/wp\/v2\/media?parent=15751"}],"wp:term":[{"taxonomy":"ldo-archive-year","embeddable":true,"href":"https:\/\/ldo.no\/arkiv\/wp-json\/wp\/v2\/ldo-archive-year?post=15751"}],"curies":[{"name":"wp","href":"https:\/\/api.w.org\/{rel}","templated":true}]}}

Dommer forbigått ved ansettelse

<article class="base-article inside">
<header>
<div class="row">
<div class="col-sm-12">
</div>
</div>
<h1>
Dommer forbigått ved ansettelse<br />
</h1>
</header>
<section>
<section class="lead">
Mannen mente Justisdepartementet hadde diskriminert ham fordi han var bedre kvalifisert til dommerstillingen enn kvinnen som fikk den. Det var ombudet enig i.<br />
</section>
<section>
<p>Klageren mente han var klart best kvalifisert til stillingen og var innstillingsrådets førstekandidat til jobben. Domstollederen rangerte allikevel den kvinnelige søkeren øverst og Regjeringen utnevnte henne deretter til stillingen. </p>
<p>Klageren fikk vite at innstillingsrådets innstilling ikke ble fulgt, fordi domstolen ønsket å ansette flere kvinner. At han ikke ble ansatt hadde ingenting med hans faglige eller personlige egenskaper å gjøre. </p>
<p>Justisdepartementet avviste at utnevnelsen var i strid med likestillingsloven. Departementet begrunnet utnevnelsen med behovet for en god kjønnssammensetning i domstolene.</p>
<p>I utgangspunktet er det forbudt å gjøre forskjell på kvinner og menn ved ansettelse. Det er likevel tillatt med ulik behandling, såkalt positiv særbehandling, hvis det samsvarer med likestillingslovens formål og fremmer likestilling. Denne bestemmelsen er ment brukt for å bedre kvinners stilling. Loven tillater bare positiv særbehandling av det underrepresenterte kjønn, og ved ansettelser må søkerne ha like eller tilnærmet like kvalifikasjoner.</p>
<p>Kvinner er betydelig underrepresentert i dommerstanden. Ombudet mener positiv særbehandling av kvinner ved utnevning av dommere, er et egnet middel for å øke kvinneandelen. Kravet om at tiltaket må være egnet til å fremme likestilling er dermed oppfylt. </p>
<p>Deretter avgjorde ombudet om søkerne hadde tilnærmet like kvalifikasjoner. Ombudet la vekt på at Justisdepartementet ikke redegjorde for sammenlikningen av den kvinnelige og mannlige søkerens kvalifikasjoner og erfaring. Departementet oppfylte derfor ikke sin bevisbyrde for å sannsynliggjøre at vilkårene for positiv særbehandling var oppfylt.</p>
<h2>Konklusjon</h2>
<p>Likestillings- og diskrimineringsombudet konkluderte at Justisdepartementet handlet i strid med likestillingsloven, fordi de ikke kunne sannsynliggjøre at den mannlige og kvinnelige søkeren var tilnærmet like godt kvalifisert.</p>
<p><strong>Diskrimineringsgrunnlag: Kjønn.<br />Saksnummer: 06/568.<br />Lovanvendelse: Likestillingsloven § 4 annet ledd, jf § 3 og § 3a</strong>.</p>
</section>
</section>
</article>

<!-- This site is optimized with the Yoast SEO plugin v22.9 - https://yoast.com/wordpress/plugins/seo/ -->
<title>Dommer forbigått ved ansettelse - Arkiv</title>
<meta name="robots" content="index, follow, max-snippet:-1, max-image-preview:large, max-video-preview:-1" />
<link rel="canonical" href="https://ldo.no/arkiv/klagesaker/2006-dommer-forbigatt-ved-ansettelse/" />
<meta property="og:locale" content="nb_NO" />
<meta property="og:type" content="article" />
<meta property="og:title" content="Dommer forbigått ved ansettelse - Arkiv" />
<meta property="og:description" content="Mannen mente Justisdepartementet hadde diskriminert ham fordi han var bedre kvalifisert til dommerstillingen enn kvinnen som fikk den. Det var ombudet enig i." />
<meta property="og:url" content="https://ldo.no/arkiv/klagesaker/2006-dommer-forbigatt-ved-ansettelse/" />
<meta property="og:site_name" content="Arkiv" />
<meta name="twitter:card" content="summary_large_image" />
<meta name="twitter:label1" content="Ansl. lesetid" />
	<meta name="twitter:data1" content="2 minutter" />
<script type="application/ld+json" class="yoast-schema-graph">{"@context":"https://schema.org","@graph":[{"@type":"WebPage","@id":"https://ldo.no/arkiv/klagesaker/2006-dommer-forbigatt-ved-ansettelse/","url":"https://ldo.no/arkiv/klagesaker/2006-dommer-forbigatt-ved-ansettelse/","name":"Dommer forbigått ved ansettelse - Arkiv","isPartOf":{"@id":"https://ldo.no/arkiv/#website"},"datePublished":"2006-01-01T00:00:00+00:00","dateModified":"2006-01-01T00:00:00+00:00","breadcrumb":{"@id":"https://ldo.no/arkiv/klagesaker/2006-dommer-forbigatt-ved-ansettelse/#breadcrumb"},"inLanguage":"nb-NO","potentialAction":[{"@type":"ReadAction","target":["https://ldo.no/arkiv/klagesaker/2006-dommer-forbigatt-ved-ansettelse/"]}]},{"@type":"BreadcrumbList","@id":"https://ldo.no/arkiv/klagesaker/2006-dommer-forbigatt-ved-ansettelse/#breadcrumb","itemListElement":[{"@type":"ListItem","position":1,"name":"Arkiv","item":"https://ldo.no/arkiv/"},{"@type":"ListItem","position":2,"name":"Klagesaker","item":"https://ldo.no/arkiv/?post-type=ldo-complaint"},{"@type":"ListItem","position":3,"name":"Dommer forbigått ved ansettelse"}]},{"@type":"WebSite","@id":"https://ldo.no/arkiv/#website","url":"https://ldo.no/arkiv/","name":"LDO Arkiv","description":"Dette er ombudets arkiv. Her finner du klagesaker som ombudet i sin tid behandlet fra 1996 til 2017. Klagesaker utover dette finner du på Diskrimineringsnemndas hjemmeside. På disse arkivsidene finner du også eldre høringssvar som strekker seg fra 2023 og tilbake til 2006. Nyere høringssvar finner du på Publikasjoner, som du kan besøke ved å klikke på menyknappen øverst i høyre hjørne.","publisher":{"@id":"https://ldo.no/arkiv/#organization"},"potentialAction":[{"@type":"SearchAction","target":{"@type":"EntryPoint","urlTemplate":"https://ldo.no/arkiv/?s={search_term_string}"},"query-input":"required name=search_term_string"}],"inLanguage":"nb-NO"},{"@type":"Organization","@id":"https://ldo.no/arkiv/#organization","name":"LDO Arkiv","url":"https://ldo.no/arkiv/","logo":{"@type":"ImageObject","inLanguage":"nb-NO","@id":"https://ldo.no/arkiv/#/schema/logo/image/","url":"https://ldo.no/content/uploads/sites/2/2025/05/Property-1Default.svg","contentUrl":"https://ldo.no/content/uploads/sites/2/2025/05/Property-1Default.svg","caption":"LDO Arkiv"},"image":{"@id":"https://ldo.no/arkiv/#/schema/logo/image/"}}]}</script>
<!-- / Yoast SEO plugin. -->

Dommer forbigått ved ansettelse - Arkiv

Dette er ombudets arkiv. Her finner du klagesaker som ombudet i sin tid behandlet fra 1996 til 2017. Klagesaker utover dette finner du på Diskrimineringsnemndas hjemmeside. På disse arkivsidene finner du også eldre høringssvar som strekker seg fra 2023 og tilbake til 2006. Nyere høringssvar finner du på Publikasjoner, som du kan besøke ved å klikke på menyknappen øverst i høyre hjørne.
