{"id":15804,"date":"2008-01-01T00:00:00","date_gmt":"2008-01-01T00:00:00","guid":{"rendered":"https:\/\/ldo.local\/arkiv\/klagesaker\/2008-forbigaelse-i-lonnsforhandlinger-grunnet-alder\/"},"modified":"2008-01-01T00:00:00","modified_gmt":"2008-01-01T00:00:00","slug":"2008-forbigaelse-i-lonnsforhandlinger-grunnet-alder","status":"publish","type":"ldo-complaint","link":"https:\/\/ldo.no\/arkiv\/klagesaker\/2008-forbigaelse-i-lonnsforhandlinger-grunnet-alder\/","title":{"rendered":"Forbig\u00e5else i l\u00f8nnsforhandlinger grunnet alder"},"content":{"rendered":"<article class=\"base-article inside\">\n<header>\n<div class=\"row\">\n<div class=\"col-sm-12\">\n<\/div>\n<\/div>\n<h1>\nForbig\u00e5else i l\u00f8nnsforhandlinger grunnet alder<br \/>\n<\/h1>\n<\/header>\n<section>\n<section class=\"lead\">\nKlagen er todelt. For det f\u00f8rste personen hevder at Sykehuset br\u00f8t arbeidsmilj\u00f8lovens forbud mot diskriminering p\u00e5 grunn av alder ved at tre yngre kolleger fikk l\u00f8nns\u00f8kning h\u00f8sten 2007, mens han ikke fikk. For det andre hevder manen at han systematisk har blitt diskriminert p\u00e5 grunn av alder ved at han ikke lenger konsulteres n\u00e5r noe innen det kuldetekniske skal vurderes.<br \/>\n<\/section>\n<section>\n<p><span>Les hele uttalelsen her<\/span> (PDF nytt vindu).<\/p>\n<\/section>\n<\/section>\n<\/article>\n","protected":false},"excerpt":{"rendered":"<p>Klagen er todelt. For det f\u00f8rste personen hevder at Sykehuset br\u00f8t arbeidsmilj\u00f8lovens forbud mot diskriminering p\u00e5 grunn av alder ved at tre yngre kolleger fikk l\u00f8nns\u00f8kning h\u00f8sten 2007, mens han ikke fikk. For det andre hevder manen at han systematisk har blitt diskriminert p\u00e5 grunn av alder ved at han ikke lenger konsulteres n\u00e5r noe innen det kuldetekniske skal vurderes.<\/p>\n","protected":false},"template":"","meta":{"footnotes":""},"ldo-archive-year":[20],"class_list":["post-15804","ldo-complaint","type-ldo-complaint","status-publish","hentry","ldo-archive-year-20"],"yoast_head":"<!-- This site is optimized with the Yoast SEO plugin v22.9 - https:\/\/yoast.com\/wordpress\/plugins\/seo\/ -->\n<title>Forbig\u00e5else i l\u00f8nnsforhandlinger grunnet alder - Arkiv<\/title>\n<meta name=\"robots\" content=\"index, follow, max-snippet:-1, max-image-preview:large, max-video-preview:-1\" \/>\n<link rel=\"canonical\" href=\"https:\/\/ldo.no\/arkiv\/klagesaker\/2008-forbigaelse-i-lonnsforhandlinger-grunnet-alder\/\" \/>\n<meta property=\"og:locale\" content=\"nb_NO\" \/>\n<meta property=\"og:type\" content=\"article\" \/>\n<meta property=\"og:title\" content=\"Forbig\u00e5else i l\u00f8nnsforhandlinger grunnet alder - Arkiv\" \/>\n<meta property=\"og:description\" content=\"Klagen er todelt. For det f\u00f8rste personen hevder at Sykehuset br\u00f8t arbeidsmilj\u00f8lovens forbud mot diskriminering p\u00e5 grunn av alder ved at tre yngre kolleger fikk l\u00f8nns\u00f8kning h\u00f8sten 2007, mens han ikke fikk. For det andre hevder manen at han systematisk har blitt diskriminert p\u00e5 grunn av alder ved at han ikke lenger konsulteres n\u00e5r noe innen det kuldetekniske skal vurderes.\" \/>\n<meta property=\"og:url\" content=\"https:\/\/ldo.no\/arkiv\/klagesaker\/2008-forbigaelse-i-lonnsforhandlinger-grunnet-alder\/\" \/>\n<meta property=\"og:site_name\" content=\"Arkiv\" \/>\n<meta name=\"twitter:card\" content=\"summary_large_image\" \/>\n<script type=\"application\/ld+json\" class=\"yoast-schema-graph\">{\"@context\":\"https:\/\/schema.org\",\"@graph\":[{\"@type\":\"WebPage\",\"@id\":\"https:\/\/ldo.no\/arkiv\/klagesaker\/2008-forbigaelse-i-lonnsforhandlinger-grunnet-alder\/\",\"url\":\"https:\/\/ldo.no\/arkiv\/klagesaker\/2008-forbigaelse-i-lonnsforhandlinger-grunnet-alder\/\",\"name\":\"Forbig\u00e5else i l\u00f8nnsforhandlinger grunnet alder - Arkiv\",\"isPartOf\":{\"@id\":\"https:\/\/ldo.no\/arkiv\/#website\"},\"datePublished\":\"2008-01-01T00:00:00+00:00\",\"dateModified\":\"2008-01-01T00:00:00+00:00\",\"breadcrumb\":{\"@id\":\"https:\/\/ldo.no\/arkiv\/klagesaker\/2008-forbigaelse-i-lonnsforhandlinger-grunnet-alder\/#breadcrumb\"},\"inLanguage\":\"nb-NO\",\"potentialAction\":[{\"@type\":\"ReadAction\",\"target\":[\"https:\/\/ldo.no\/arkiv\/klagesaker\/2008-forbigaelse-i-lonnsforhandlinger-grunnet-alder\/\"]}]},{\"@type\":\"BreadcrumbList\",\"@id\":\"https:\/\/ldo.no\/arkiv\/klagesaker\/2008-forbigaelse-i-lonnsforhandlinger-grunnet-alder\/#breadcrumb\",\"itemListElement\":[{\"@type\":\"ListItem\",\"position\":1,\"name\":\"Arkiv\",\"item\":\"https:\/\/ldo.no\/arkiv\/\"},{\"@type\":\"ListItem\",\"position\":2,\"name\":\"Klagesaker\",\"item\":\"https:\/\/ldo.no\/arkiv\/?post-type=ldo-complaint\"},{\"@type\":\"ListItem\",\"position\":3,\"name\":\"Forbig\u00e5else i l\u00f8nnsforhandlinger grunnet alder\"}]},{\"@type\":\"WebSite\",\"@id\":\"https:\/\/ldo.no\/arkiv\/#website\",\"url\":\"https:\/\/ldo.no\/arkiv\/\",\"name\":\"LDO Arkiv\",\"description\":\"Dette er ombudets arkiv. Her finner du klagesaker som ombudet i sin tid behandlet fra 1996 til 2017. Klagesaker utover dette finner du p\u00e5 Diskrimineringsnemndas hjemmeside. P\u00e5 disse arkivsidene finner du ogs\u00e5 eldre h\u00f8ringssvar som strekker seg fra 2023 og tilbake til 2006. Nyere h\u00f8ringssvar finner du p\u00e5 Publikasjoner, som du kan bes\u00f8ke ved \u00e5 klikke p\u00e5 menyknappen \u00f8verst i h\u00f8yre hj\u00f8rne.\",\"publisher\":{\"@id\":\"https:\/\/ldo.no\/arkiv\/#organization\"},\"potentialAction\":[{\"@type\":\"SearchAction\",\"target\":{\"@type\":\"EntryPoint\",\"urlTemplate\":\"https:\/\/ldo.no\/arkiv\/?s={search_term_string}\"},\"query-input\":\"required name=search_term_string\"}],\"inLanguage\":\"nb-NO\"},{\"@type\":\"Organization\",\"@id\":\"https:\/\/ldo.no\/arkiv\/#organization\",\"name\":\"LDO Arkiv\",\"url\":\"https:\/\/ldo.no\/arkiv\/\",\"logo\":{\"@type\":\"ImageObject\",\"inLanguage\":\"nb-NO\",\"@id\":\"https:\/\/ldo.no\/arkiv\/#\/schema\/logo\/image\/\",\"url\":\"https:\/\/ldo.no\/content\/uploads\/sites\/2\/2025\/05\/Property-1Default.svg\",\"contentUrl\":\"https:\/\/ldo.no\/content\/uploads\/sites\/2\/2025\/05\/Property-1Default.svg\",\"caption\":\"LDO Arkiv\"},\"image\":{\"@id\":\"https:\/\/ldo.no\/arkiv\/#\/schema\/logo\/image\/\"}}]}<\/script>\n<!-- \/ Yoast SEO plugin. -->","yoast_head_json":{"title":"Forbig\u00e5else i l\u00f8nnsforhandlinger grunnet alder - Arkiv","robots":{"index":"index","follow":"follow","max-snippet":"max-snippet:-1","max-image-preview":"max-image-preview:large","max-video-preview":"max-video-preview:-1"},"canonical":"https:\/\/ldo.no\/arkiv\/klagesaker\/2008-forbigaelse-i-lonnsforhandlinger-grunnet-alder\/","og_locale":"nb_NO","og_type":"article","og_title":"Forbig\u00e5else i l\u00f8nnsforhandlinger grunnet alder - Arkiv","og_description":"Klagen er todelt. For det f\u00f8rste personen hevder at Sykehuset br\u00f8t arbeidsmilj\u00f8lovens forbud mot diskriminering p\u00e5 grunn av alder ved at tre yngre kolleger fikk l\u00f8nns\u00f8kning h\u00f8sten 2007, mens han ikke fikk. For det andre hevder manen at han systematisk har blitt diskriminert p\u00e5 grunn av alder ved at han ikke lenger konsulteres n\u00e5r noe innen det kuldetekniske skal vurderes.","og_url":"https:\/\/ldo.no\/arkiv\/klagesaker\/2008-forbigaelse-i-lonnsforhandlinger-grunnet-alder\/","og_site_name":"Arkiv","twitter_card":"summary_large_image","schema":{"@context":"https:\/\/schema.org","@graph":[{"@type":"WebPage","@id":"https:\/\/ldo.no\/arkiv\/klagesaker\/2008-forbigaelse-i-lonnsforhandlinger-grunnet-alder\/","url":"https:\/\/ldo.no\/arkiv\/klagesaker\/2008-forbigaelse-i-lonnsforhandlinger-grunnet-alder\/","name":"Forbig\u00e5else i l\u00f8nnsforhandlinger grunnet alder - Arkiv","isPartOf":{"@id":"https:\/\/ldo.no\/arkiv\/#website"},"datePublished":"2008-01-01T00:00:00+00:00","dateModified":"2008-01-01T00:00:00+00:00","breadcrumb":{"@id":"https:\/\/ldo.no\/arkiv\/klagesaker\/2008-forbigaelse-i-lonnsforhandlinger-grunnet-alder\/#breadcrumb"},"inLanguage":"nb-NO","potentialAction":[{"@type":"ReadAction","target":["https:\/\/ldo.no\/arkiv\/klagesaker\/2008-forbigaelse-i-lonnsforhandlinger-grunnet-alder\/"]}]},{"@type":"BreadcrumbList","@id":"https:\/\/ldo.no\/arkiv\/klagesaker\/2008-forbigaelse-i-lonnsforhandlinger-grunnet-alder\/#breadcrumb","itemListElement":[{"@type":"ListItem","position":1,"name":"Arkiv","item":"https:\/\/ldo.no\/arkiv\/"},{"@type":"ListItem","position":2,"name":"Klagesaker","item":"https:\/\/ldo.no\/arkiv\/?post-type=ldo-complaint"},{"@type":"ListItem","position":3,"name":"Forbig\u00e5else i l\u00f8nnsforhandlinger grunnet alder"}]},{"@type":"WebSite","@id":"https:\/\/ldo.no\/arkiv\/#website","url":"https:\/\/ldo.no\/arkiv\/","name":"LDO Arkiv","description":"Dette er ombudets arkiv. Her finner du klagesaker som ombudet i sin tid behandlet fra 1996 til 2017. Klagesaker utover dette finner du p\u00e5 Diskrimineringsnemndas hjemmeside. P\u00e5 disse arkivsidene finner du ogs\u00e5 eldre h\u00f8ringssvar som strekker seg fra 2023 og tilbake til 2006. Nyere h\u00f8ringssvar finner du p\u00e5 Publikasjoner, som du kan bes\u00f8ke ved \u00e5 klikke p\u00e5 menyknappen \u00f8verst i h\u00f8yre hj\u00f8rne.","publisher":{"@id":"https:\/\/ldo.no\/arkiv\/#organization"},"potentialAction":[{"@type":"SearchAction","target":{"@type":"EntryPoint","urlTemplate":"https:\/\/ldo.no\/arkiv\/?s={search_term_string}"},"query-input":"required name=search_term_string"}],"inLanguage":"nb-NO"},{"@type":"Organization","@id":"https:\/\/ldo.no\/arkiv\/#organization","name":"LDO Arkiv","url":"https:\/\/ldo.no\/arkiv\/","logo":{"@type":"ImageObject","inLanguage":"nb-NO","@id":"https:\/\/ldo.no\/arkiv\/#\/schema\/logo\/image\/","url":"https:\/\/ldo.no\/content\/uploads\/sites\/2\/2025\/05\/Property-1Default.svg","contentUrl":"https:\/\/ldo.no\/content\/uploads\/sites\/2\/2025\/05\/Property-1Default.svg","caption":"LDO Arkiv"},"image":{"@id":"https:\/\/ldo.no\/arkiv\/#\/schema\/logo\/image\/"}}]}},"_links":{"self":[{"href":"https:\/\/ldo.no\/arkiv\/wp-json\/wp\/v2\/ldo-complaint\/15804"}],"collection":[{"href":"https:\/\/ldo.no\/arkiv\/wp-json\/wp\/v2\/ldo-complaint"}],"about":[{"href":"https:\/\/ldo.no\/arkiv\/wp-json\/wp\/v2\/types\/ldo-complaint"}],"version-history":[{"count":0,"href":"https:\/\/ldo.no\/arkiv\/wp-json\/wp\/v2\/ldo-complaint\/15804\/revisions"}],"wp:attachment":[{"href":"https:\/\/ldo.no\/arkiv\/wp-json\/wp\/v2\/media?parent=15804"}],"wp:term":[{"taxonomy":"ldo-archive-year","embeddable":true,"href":"https:\/\/ldo.no\/arkiv\/wp-json\/wp\/v2\/ldo-archive-year?post=15804"}],"curies":[{"name":"wp","href":"https:\/\/api.w.org\/{rel}","templated":true}]}}

Forbigåelse i lønnsforhandlinger grunnet alder

<article class="base-article inside">
<header>
<div class="row">
<div class="col-sm-12">
</div>
</div>
<h1>
Forbigåelse i lønnsforhandlinger grunnet alder<br />
</h1>
</header>
<section>
<section class="lead">
Klagen er todelt. For det første personen hevder at Sykehuset brøt arbeidsmiljølovens forbud mot diskriminering på grunn av alder ved at tre yngre kolleger fikk lønnsøkning høsten 2007, mens han ikke fikk. For det andre hevder manen at han systematisk har blitt diskriminert på grunn av alder ved at han ikke lenger konsulteres når noe innen det kuldetekniske skal vurderes.<br />
</section>
<section>
<p><span>Les hele uttalelsen her</span> (PDF nytt vindu).</p>
</section>
</section>
</article>

<p>Klagen er todelt. For det første personen hevder at Sykehuset brøt arbeidsmiljølovens forbud mot diskriminering på grunn av alder ved at tre yngre kolleger fikk lønnsøkning høsten 2007, mens han ikke fikk. For det andre hevder manen at han systematisk har blitt diskriminert på grunn av alder ved at han ikke lenger konsulteres når noe innen det kuldetekniske skal vurderes.</p>

<!-- This site is optimized with the Yoast SEO plugin v22.9 - https://yoast.com/wordpress/plugins/seo/ -->
<title>Forbigåelse i lønnsforhandlinger grunnet alder - Arkiv</title>
<meta name="robots" content="index, follow, max-snippet:-1, max-image-preview:large, max-video-preview:-1" />
<link rel="canonical" href="https://ldo.no/arkiv/klagesaker/2008-forbigaelse-i-lonnsforhandlinger-grunnet-alder/" />
<meta property="og:locale" content="nb_NO" />
<meta property="og:type" content="article" />
<meta property="og:title" content="Forbigåelse i lønnsforhandlinger grunnet alder - Arkiv" />
<meta property="og:description" content="Klagen er todelt. For det første personen hevder at Sykehuset brøt arbeidsmiljølovens forbud mot diskriminering på grunn av alder ved at tre yngre kolleger fikk lønnsøkning høsten 2007, mens han ikke fikk. For det andre hevder manen at han systematisk har blitt diskriminert på grunn av alder ved at han ikke lenger konsulteres når noe innen det kuldetekniske skal vurderes." />
<meta property="og:url" content="https://ldo.no/arkiv/klagesaker/2008-forbigaelse-i-lonnsforhandlinger-grunnet-alder/" />
<meta property="og:site_name" content="Arkiv" />
<meta name="twitter:card" content="summary_large_image" />
<script type="application/ld+json" class="yoast-schema-graph">{"@context":"https://schema.org","@graph":[{"@type":"WebPage","@id":"https://ldo.no/arkiv/klagesaker/2008-forbigaelse-i-lonnsforhandlinger-grunnet-alder/","url":"https://ldo.no/arkiv/klagesaker/2008-forbigaelse-i-lonnsforhandlinger-grunnet-alder/","name":"Forbigåelse i lønnsforhandlinger grunnet alder - Arkiv","isPartOf":{"@id":"https://ldo.no/arkiv/#website"},"datePublished":"2008-01-01T00:00:00+00:00","dateModified":"2008-01-01T00:00:00+00:00","breadcrumb":{"@id":"https://ldo.no/arkiv/klagesaker/2008-forbigaelse-i-lonnsforhandlinger-grunnet-alder/#breadcrumb"},"inLanguage":"nb-NO","potentialAction":[{"@type":"ReadAction","target":["https://ldo.no/arkiv/klagesaker/2008-forbigaelse-i-lonnsforhandlinger-grunnet-alder/"]}]},{"@type":"BreadcrumbList","@id":"https://ldo.no/arkiv/klagesaker/2008-forbigaelse-i-lonnsforhandlinger-grunnet-alder/#breadcrumb","itemListElement":[{"@type":"ListItem","position":1,"name":"Arkiv","item":"https://ldo.no/arkiv/"},{"@type":"ListItem","position":2,"name":"Klagesaker","item":"https://ldo.no/arkiv/?post-type=ldo-complaint"},{"@type":"ListItem","position":3,"name":"Forbigåelse i lønnsforhandlinger grunnet alder"}]},{"@type":"WebSite","@id":"https://ldo.no/arkiv/#website","url":"https://ldo.no/arkiv/","name":"LDO Arkiv","description":"Dette er ombudets arkiv. Her finner du klagesaker som ombudet i sin tid behandlet fra 1996 til 2017. Klagesaker utover dette finner du på Diskrimineringsnemndas hjemmeside. På disse arkivsidene finner du også eldre høringssvar som strekker seg fra 2023 og tilbake til 2006. Nyere høringssvar finner du på Publikasjoner, som du kan besøke ved å klikke på menyknappen øverst i høyre hjørne.","publisher":{"@id":"https://ldo.no/arkiv/#organization"},"potentialAction":[{"@type":"SearchAction","target":{"@type":"EntryPoint","urlTemplate":"https://ldo.no/arkiv/?s={search_term_string}"},"query-input":"required name=search_term_string"}],"inLanguage":"nb-NO"},{"@type":"Organization","@id":"https://ldo.no/arkiv/#organization","name":"LDO Arkiv","url":"https://ldo.no/arkiv/","logo":{"@type":"ImageObject","inLanguage":"nb-NO","@id":"https://ldo.no/arkiv/#/schema/logo/image/","url":"https://ldo.no/content/uploads/sites/2/2025/05/Property-1Default.svg","contentUrl":"https://ldo.no/content/uploads/sites/2/2025/05/Property-1Default.svg","caption":"LDO Arkiv"},"image":{"@id":"https://ldo.no/arkiv/#/schema/logo/image/"}}]}</script>
<!-- / Yoast SEO plugin. -->

Forbigåelse i lønnsforhandlinger grunnet alder - Arkiv

Klagen er todelt. For det første personen hevder at Sykehuset brøt arbeidsmiljølovens forbud mot diskriminering på grunn av alder ved at tre yngre kolleger fikk lønnsøkning høsten 2007, mens han ikke fikk. For det andre hevder manen at han systematisk har blitt diskriminert på grunn av alder ved at han ikke lenger konsulteres når noe innen det kuldetekniske skal vurderes.

Dette er ombudets arkiv. Her finner du klagesaker som ombudet i sin tid behandlet fra 1996 til 2017. Klagesaker utover dette finner du på Diskrimineringsnemndas hjemmeside. På disse arkivsidene finner du også eldre høringssvar som strekker seg fra 2023 og tilbake til 2006. Nyere høringssvar finner du på Publikasjoner, som du kan besøke ved å klikke på menyknappen øverst i høyre hjørne.
