{"id":15807,"date":"2008-01-01T00:00:00","date_gmt":"2008-01-01T00:00:00","guid":{"rendered":"https:\/\/ldo.local\/arkiv\/klagesaker\/2008-sporsmal-om-diskriminering-fra-politiet-pa-grunn-av-etnisitet\/"},"modified":"2008-01-01T00:00:00","modified_gmt":"2008-01-01T00:00:00","slug":"2008-sporsmal-om-diskriminering-fra-politiet-pa-grunn-av-etnisitet","status":"publish","type":"ldo-complaint","link":"https:\/\/ldo.no\/arkiv\/klagesaker\/2008-sporsmal-om-diskriminering-fra-politiet-pa-grunn-av-etnisitet\/","title":{"rendered":"Sp\u00f8rsm\u00e5l om diskriminering fra politiet p\u00e5 grunn av etnisitet"},"content":{"rendered":"<article class=\"base-article inside\">\n<header>\n<div class=\"row\">\n<div class=\"col-sm-12\">\n<\/div>\n<\/div>\n<h1>\nSp\u00f8rsm\u00e5l om diskriminering fra politiet p\u00e5 grunn av etnisitet<br \/>\n<\/h1>\n<\/header>\n<section>\n<section class=\"lead\">\nOmbudet tok av eget initiativ om sp\u00f8rsm\u00e5let om politiets h\u00e5ndtering av situasjonen da en mann med somalisk opprinnelse ble sl\u00e5tt ned i Sofienbergparken den 6. august 2007. Vitner kritiserte politiet for ikke \u00e5 ha gjort nok for \u00e5 ta gjerningsmannen, for \u00e5 sikre akutt helsehjelp for forn\u00e6rmede, og for at vitner til hendelsen ble for d\u00e5rlig fulgt opp da de kontaktet politiet i etterkant av episoden.<br \/>\n<\/section>\n<section>\n<p>Ombudet fant ikke at det var grunn til \u00e5 tro at politiet hadde vektlagt etnisitet i sitt arbeid i Sofienbergparken i forbindelse med at mannen ble sl\u00e5tt ned. Vi fant at publikum og p\u00e5r\u00f8rendes p\u00e5stand om at tjenestemennene ikke virket interessert i \u00e5 ta gjerningsmannen ikke ble bekreftet av hendelsesforl\u00f8pet f. eks i opptak i politiets lydlogg som bekreftet at andre patruljer var involvert i arbeidet. Ombudet fant at politiet kunne ha deltatt mer aktivt med \u00e5 skaffe helsehjelp, men fant at dette mest sannsynlig hang sammen med den kaotiske situasjonen som oppsto da ambulansen dro, og ikke etnisitet. <\/p>\n<p>Ombudet mente derfor at bevisbyrden ikke var g\u00e5tt over p\u00e5 politiet og konkluderte med at diskrimineringsloven \u00a7 4 ikke var overtr\u00e5dt.<\/p>\n<p>Ombudet fant at politiets publikumstjeneste b\u00f8r gjennomg\u00e5s for \u00e5 sikre en bedre h\u00e5ndtering av publikums henvendelser dit generelt. <\/p>\n<p><strong>Diskrimineringsgrunnlag: Etnisitet.<br \/>Lovanvendelse: Diskrimineringsloven \u00a7 4 jf. \u00a7 10<br \/>Saksnummer: 07\/1245<\/strong><\/p>\n<p><span>Les uttalelsen til politiet her.<\/span><\/p>\n<\/section>\n<\/section>\n<\/article>\n","protected":false},"excerpt":{"rendered":"<p>Ombudet tok av eget initiativ om sp\u00f8rsm\u00e5let om politiets h\u00e5ndtering av situasjonen da en mann med somalisk opprinnelse ble sl\u00e5tt ned i Sofienbergparken den 6. august 2007. Vitner kritiserte politiet for ikke \u00e5 ha gjort nok for \u00e5 ta gjerningsmannen, for \u00e5 sikre akutt helsehjelp for forn\u00e6rmede, og for at vitner til hendelsen ble for d\u00e5rlig fulgt opp da de kontaktet politiet i etterkant av episoden.<\/p>\n","protected":false},"template":"","meta":{"footnotes":""},"ldo-archive-year":[20],"class_list":["post-15807","ldo-complaint","type-ldo-complaint","status-publish","hentry","ldo-archive-year-20"],"yoast_head":"<!-- This site is optimized with the Yoast SEO plugin v22.9 - https:\/\/yoast.com\/wordpress\/plugins\/seo\/ -->\n<title>Sp\u00f8rsm\u00e5l om diskriminering fra politiet p\u00e5 grunn av etnisitet - Arkiv<\/title>\n<meta name=\"robots\" content=\"index, follow, max-snippet:-1, max-image-preview:large, max-video-preview:-1\" \/>\n<link rel=\"canonical\" href=\"https:\/\/ldo.no\/arkiv\/klagesaker\/2008-sporsmal-om-diskriminering-fra-politiet-pa-grunn-av-etnisitet\/\" \/>\n<meta property=\"og:locale\" content=\"nb_NO\" \/>\n<meta property=\"og:type\" content=\"article\" \/>\n<meta property=\"og:title\" content=\"Sp\u00f8rsm\u00e5l om diskriminering fra politiet p\u00e5 grunn av etnisitet - Arkiv\" \/>\n<meta property=\"og:description\" content=\"Ombudet tok av eget initiativ om sp\u00f8rsm\u00e5let om politiets h\u00e5ndtering av situasjonen da en mann med somalisk opprinnelse ble sl\u00e5tt ned i Sofienbergparken den 6. august 2007. Vitner kritiserte politiet for ikke \u00e5 ha gjort nok for \u00e5 ta gjerningsmannen, for \u00e5 sikre akutt helsehjelp for forn\u00e6rmede, og for at vitner til hendelsen ble for d\u00e5rlig fulgt opp da de kontaktet politiet i etterkant av episoden.\" \/>\n<meta property=\"og:url\" content=\"https:\/\/ldo.no\/arkiv\/klagesaker\/2008-sporsmal-om-diskriminering-fra-politiet-pa-grunn-av-etnisitet\/\" \/>\n<meta property=\"og:site_name\" content=\"Arkiv\" \/>\n<meta name=\"twitter:card\" content=\"summary_large_image\" \/>\n<meta name=\"twitter:label1\" content=\"Ansl. lesetid\" \/>\n\t<meta name=\"twitter:data1\" content=\"1 minutt\" \/>\n<script type=\"application\/ld+json\" class=\"yoast-schema-graph\">{\"@context\":\"https:\/\/schema.org\",\"@graph\":[{\"@type\":\"WebPage\",\"@id\":\"https:\/\/ldo.no\/arkiv\/klagesaker\/2008-sporsmal-om-diskriminering-fra-politiet-pa-grunn-av-etnisitet\/\",\"url\":\"https:\/\/ldo.no\/arkiv\/klagesaker\/2008-sporsmal-om-diskriminering-fra-politiet-pa-grunn-av-etnisitet\/\",\"name\":\"Sp\u00f8rsm\u00e5l om diskriminering fra politiet p\u00e5 grunn av etnisitet - Arkiv\",\"isPartOf\":{\"@id\":\"https:\/\/ldo.no\/arkiv\/#website\"},\"datePublished\":\"2008-01-01T00:00:00+00:00\",\"dateModified\":\"2008-01-01T00:00:00+00:00\",\"breadcrumb\":{\"@id\":\"https:\/\/ldo.no\/arkiv\/klagesaker\/2008-sporsmal-om-diskriminering-fra-politiet-pa-grunn-av-etnisitet\/#breadcrumb\"},\"inLanguage\":\"nb-NO\",\"potentialAction\":[{\"@type\":\"ReadAction\",\"target\":[\"https:\/\/ldo.no\/arkiv\/klagesaker\/2008-sporsmal-om-diskriminering-fra-politiet-pa-grunn-av-etnisitet\/\"]}]},{\"@type\":\"BreadcrumbList\",\"@id\":\"https:\/\/ldo.no\/arkiv\/klagesaker\/2008-sporsmal-om-diskriminering-fra-politiet-pa-grunn-av-etnisitet\/#breadcrumb\",\"itemListElement\":[{\"@type\":\"ListItem\",\"position\":1,\"name\":\"Arkiv\",\"item\":\"https:\/\/ldo.no\/arkiv\/\"},{\"@type\":\"ListItem\",\"position\":2,\"name\":\"Klagesaker\",\"item\":\"https:\/\/ldo.no\/arkiv\/?post-type=ldo-complaint\"},{\"@type\":\"ListItem\",\"position\":3,\"name\":\"Sp\u00f8rsm\u00e5l om diskriminering fra politiet p\u00e5 grunn av etnisitet\"}]},{\"@type\":\"WebSite\",\"@id\":\"https:\/\/ldo.no\/arkiv\/#website\",\"url\":\"https:\/\/ldo.no\/arkiv\/\",\"name\":\"LDO Arkiv\",\"description\":\"Dette er ombudets arkiv. Her finner du klagesaker som ombudet i sin tid behandlet fra 1996 til 2017. Klagesaker utover dette finner du p\u00e5 Diskrimineringsnemndas hjemmeside. P\u00e5 disse arkivsidene finner du ogs\u00e5 eldre h\u00f8ringssvar som strekker seg fra 2023 og tilbake til 2006. Nyere h\u00f8ringssvar finner du p\u00e5 Publikasjoner, som du kan bes\u00f8ke ved \u00e5 klikke p\u00e5 menyknappen \u00f8verst i h\u00f8yre hj\u00f8rne.\",\"publisher\":{\"@id\":\"https:\/\/ldo.no\/arkiv\/#organization\"},\"potentialAction\":[{\"@type\":\"SearchAction\",\"target\":{\"@type\":\"EntryPoint\",\"urlTemplate\":\"https:\/\/ldo.no\/arkiv\/?s={search_term_string}\"},\"query-input\":\"required name=search_term_string\"}],\"inLanguage\":\"nb-NO\"},{\"@type\":\"Organization\",\"@id\":\"https:\/\/ldo.no\/arkiv\/#organization\",\"name\":\"LDO Arkiv\",\"url\":\"https:\/\/ldo.no\/arkiv\/\",\"logo\":{\"@type\":\"ImageObject\",\"inLanguage\":\"nb-NO\",\"@id\":\"https:\/\/ldo.no\/arkiv\/#\/schema\/logo\/image\/\",\"url\":\"https:\/\/ldo.no\/content\/uploads\/sites\/2\/2025\/05\/Property-1Default.svg\",\"contentUrl\":\"https:\/\/ldo.no\/content\/uploads\/sites\/2\/2025\/05\/Property-1Default.svg\",\"caption\":\"LDO Arkiv\"},\"image\":{\"@id\":\"https:\/\/ldo.no\/arkiv\/#\/schema\/logo\/image\/\"}}]}<\/script>\n<!-- \/ Yoast SEO plugin. -->","yoast_head_json":{"title":"Sp\u00f8rsm\u00e5l om diskriminering fra politiet p\u00e5 grunn av etnisitet - Arkiv","robots":{"index":"index","follow":"follow","max-snippet":"max-snippet:-1","max-image-preview":"max-image-preview:large","max-video-preview":"max-video-preview:-1"},"canonical":"https:\/\/ldo.no\/arkiv\/klagesaker\/2008-sporsmal-om-diskriminering-fra-politiet-pa-grunn-av-etnisitet\/","og_locale":"nb_NO","og_type":"article","og_title":"Sp\u00f8rsm\u00e5l om diskriminering fra politiet p\u00e5 grunn av etnisitet - Arkiv","og_description":"Ombudet tok av eget initiativ om sp\u00f8rsm\u00e5let om politiets h\u00e5ndtering av situasjonen da en mann med somalisk opprinnelse ble sl\u00e5tt ned i Sofienbergparken den 6. august 2007. Vitner kritiserte politiet for ikke \u00e5 ha gjort nok for \u00e5 ta gjerningsmannen, for \u00e5 sikre akutt helsehjelp for forn\u00e6rmede, og for at vitner til hendelsen ble for d\u00e5rlig fulgt opp da de kontaktet politiet i etterkant av episoden.","og_url":"https:\/\/ldo.no\/arkiv\/klagesaker\/2008-sporsmal-om-diskriminering-fra-politiet-pa-grunn-av-etnisitet\/","og_site_name":"Arkiv","twitter_card":"summary_large_image","twitter_misc":{"Ansl. lesetid":"1 minutt"},"schema":{"@context":"https:\/\/schema.org","@graph":[{"@type":"WebPage","@id":"https:\/\/ldo.no\/arkiv\/klagesaker\/2008-sporsmal-om-diskriminering-fra-politiet-pa-grunn-av-etnisitet\/","url":"https:\/\/ldo.no\/arkiv\/klagesaker\/2008-sporsmal-om-diskriminering-fra-politiet-pa-grunn-av-etnisitet\/","name":"Sp\u00f8rsm\u00e5l om diskriminering fra politiet p\u00e5 grunn av etnisitet - Arkiv","isPartOf":{"@id":"https:\/\/ldo.no\/arkiv\/#website"},"datePublished":"2008-01-01T00:00:00+00:00","dateModified":"2008-01-01T00:00:00+00:00","breadcrumb":{"@id":"https:\/\/ldo.no\/arkiv\/klagesaker\/2008-sporsmal-om-diskriminering-fra-politiet-pa-grunn-av-etnisitet\/#breadcrumb"},"inLanguage":"nb-NO","potentialAction":[{"@type":"ReadAction","target":["https:\/\/ldo.no\/arkiv\/klagesaker\/2008-sporsmal-om-diskriminering-fra-politiet-pa-grunn-av-etnisitet\/"]}]},{"@type":"BreadcrumbList","@id":"https:\/\/ldo.no\/arkiv\/klagesaker\/2008-sporsmal-om-diskriminering-fra-politiet-pa-grunn-av-etnisitet\/#breadcrumb","itemListElement":[{"@type":"ListItem","position":1,"name":"Arkiv","item":"https:\/\/ldo.no\/arkiv\/"},{"@type":"ListItem","position":2,"name":"Klagesaker","item":"https:\/\/ldo.no\/arkiv\/?post-type=ldo-complaint"},{"@type":"ListItem","position":3,"name":"Sp\u00f8rsm\u00e5l om diskriminering fra politiet p\u00e5 grunn av etnisitet"}]},{"@type":"WebSite","@id":"https:\/\/ldo.no\/arkiv\/#website","url":"https:\/\/ldo.no\/arkiv\/","name":"LDO Arkiv","description":"Dette er ombudets arkiv. Her finner du klagesaker som ombudet i sin tid behandlet fra 1996 til 2017. Klagesaker utover dette finner du p\u00e5 Diskrimineringsnemndas hjemmeside. P\u00e5 disse arkivsidene finner du ogs\u00e5 eldre h\u00f8ringssvar som strekker seg fra 2023 og tilbake til 2006. Nyere h\u00f8ringssvar finner du p\u00e5 Publikasjoner, som du kan bes\u00f8ke ved \u00e5 klikke p\u00e5 menyknappen \u00f8verst i h\u00f8yre hj\u00f8rne.","publisher":{"@id":"https:\/\/ldo.no\/arkiv\/#organization"},"potentialAction":[{"@type":"SearchAction","target":{"@type":"EntryPoint","urlTemplate":"https:\/\/ldo.no\/arkiv\/?s={search_term_string}"},"query-input":"required name=search_term_string"}],"inLanguage":"nb-NO"},{"@type":"Organization","@id":"https:\/\/ldo.no\/arkiv\/#organization","name":"LDO Arkiv","url":"https:\/\/ldo.no\/arkiv\/","logo":{"@type":"ImageObject","inLanguage":"nb-NO","@id":"https:\/\/ldo.no\/arkiv\/#\/schema\/logo\/image\/","url":"https:\/\/ldo.no\/content\/uploads\/sites\/2\/2025\/05\/Property-1Default.svg","contentUrl":"https:\/\/ldo.no\/content\/uploads\/sites\/2\/2025\/05\/Property-1Default.svg","caption":"LDO Arkiv"},"image":{"@id":"https:\/\/ldo.no\/arkiv\/#\/schema\/logo\/image\/"}}]}},"_links":{"self":[{"href":"https:\/\/ldo.no\/arkiv\/wp-json\/wp\/v2\/ldo-complaint\/15807"}],"collection":[{"href":"https:\/\/ldo.no\/arkiv\/wp-json\/wp\/v2\/ldo-complaint"}],"about":[{"href":"https:\/\/ldo.no\/arkiv\/wp-json\/wp\/v2\/types\/ldo-complaint"}],"version-history":[{"count":0,"href":"https:\/\/ldo.no\/arkiv\/wp-json\/wp\/v2\/ldo-complaint\/15807\/revisions"}],"wp:attachment":[{"href":"https:\/\/ldo.no\/arkiv\/wp-json\/wp\/v2\/media?parent=15807"}],"wp:term":[{"taxonomy":"ldo-archive-year","embeddable":true,"href":"https:\/\/ldo.no\/arkiv\/wp-json\/wp\/v2\/ldo-archive-year?post=15807"}],"curies":[{"name":"wp","href":"https:\/\/api.w.org\/{rel}","templated":true}]}}

Spørsmål om diskriminering fra politiet på grunn av etnisitet

<article class="base-article inside">
<header>
<div class="row">
<div class="col-sm-12">
</div>
</div>
<h1>
Spørsmål om diskriminering fra politiet på grunn av etnisitet<br />
</h1>
</header>
<section>
<section class="lead">
Ombudet tok av eget initiativ om spørsmålet om politiets håndtering av situasjonen da en mann med somalisk opprinnelse ble slått ned i Sofienbergparken den 6. august 2007. Vitner kritiserte politiet for ikke å ha gjort nok for å ta gjerningsmannen, for å sikre akutt helsehjelp for fornærmede, og for at vitner til hendelsen ble for dårlig fulgt opp da de kontaktet politiet i etterkant av episoden.<br />
</section>
<section>
<p>Ombudet fant ikke at det var grunn til å tro at politiet hadde vektlagt etnisitet i sitt arbeid i Sofienbergparken i forbindelse med at mannen ble slått ned. Vi fant at publikum og pårørendes påstand om at tjenestemennene ikke virket interessert i å ta gjerningsmannen ikke ble bekreftet av hendelsesforløpet f. eks i opptak i politiets lydlogg som bekreftet at andre patruljer var involvert i arbeidet. Ombudet fant at politiet kunne ha deltatt mer aktivt med å skaffe helsehjelp, men fant at dette mest sannsynlig hang sammen med den kaotiske situasjonen som oppsto da ambulansen dro, og ikke etnisitet. </p>
<p>Ombudet mente derfor at bevisbyrden ikke var gått over på politiet og konkluderte med at diskrimineringsloven § 4 ikke var overtrådt.</p>
<p>Ombudet fant at politiets publikumstjeneste bør gjennomgås for å sikre en bedre håndtering av publikums henvendelser dit generelt. </p>
<p><strong>Diskrimineringsgrunnlag: Etnisitet.<br />Lovanvendelse: Diskrimineringsloven § 4 jf. § 10<br />Saksnummer: 07/1245</strong></p>
<p><span>Les uttalelsen til politiet her.</span></p>
</section>
</section>
</article>

<p>Ombudet tok av eget initiativ om spørsmålet om politiets håndtering av situasjonen da en mann med somalisk opprinnelse ble slått ned i Sofienbergparken den 6. august 2007. Vitner kritiserte politiet for ikke å ha gjort nok for å ta gjerningsmannen, for å sikre akutt helsehjelp for fornærmede, og for at vitner til hendelsen ble for dårlig fulgt opp da de kontaktet politiet i etterkant av episoden.</p>

<!-- This site is optimized with the Yoast SEO plugin v22.9 - https://yoast.com/wordpress/plugins/seo/ -->
<title>Spørsmål om diskriminering fra politiet på grunn av etnisitet - Arkiv</title>
<meta name="robots" content="index, follow, max-snippet:-1, max-image-preview:large, max-video-preview:-1" />
<link rel="canonical" href="https://ldo.no/arkiv/klagesaker/2008-sporsmal-om-diskriminering-fra-politiet-pa-grunn-av-etnisitet/" />
<meta property="og:locale" content="nb_NO" />
<meta property="og:type" content="article" />
<meta property="og:title" content="Spørsmål om diskriminering fra politiet på grunn av etnisitet - Arkiv" />
<meta property="og:description" content="Ombudet tok av eget initiativ om spørsmålet om politiets håndtering av situasjonen da en mann med somalisk opprinnelse ble slått ned i Sofienbergparken den 6. august 2007. Vitner kritiserte politiet for ikke å ha gjort nok for å ta gjerningsmannen, for å sikre akutt helsehjelp for fornærmede, og for at vitner til hendelsen ble for dårlig fulgt opp da de kontaktet politiet i etterkant av episoden." />
<meta property="og:url" content="https://ldo.no/arkiv/klagesaker/2008-sporsmal-om-diskriminering-fra-politiet-pa-grunn-av-etnisitet/" />
<meta property="og:site_name" content="Arkiv" />
<meta name="twitter:card" content="summary_large_image" />
<meta name="twitter:label1" content="Ansl. lesetid" />
	<meta name="twitter:data1" content="1 minutt" />
<script type="application/ld+json" class="yoast-schema-graph">{"@context":"https://schema.org","@graph":[{"@type":"WebPage","@id":"https://ldo.no/arkiv/klagesaker/2008-sporsmal-om-diskriminering-fra-politiet-pa-grunn-av-etnisitet/","url":"https://ldo.no/arkiv/klagesaker/2008-sporsmal-om-diskriminering-fra-politiet-pa-grunn-av-etnisitet/","name":"Spørsmål om diskriminering fra politiet på grunn av etnisitet - Arkiv","isPartOf":{"@id":"https://ldo.no/arkiv/#website"},"datePublished":"2008-01-01T00:00:00+00:00","dateModified":"2008-01-01T00:00:00+00:00","breadcrumb":{"@id":"https://ldo.no/arkiv/klagesaker/2008-sporsmal-om-diskriminering-fra-politiet-pa-grunn-av-etnisitet/#breadcrumb"},"inLanguage":"nb-NO","potentialAction":[{"@type":"ReadAction","target":["https://ldo.no/arkiv/klagesaker/2008-sporsmal-om-diskriminering-fra-politiet-pa-grunn-av-etnisitet/"]}]},{"@type":"BreadcrumbList","@id":"https://ldo.no/arkiv/klagesaker/2008-sporsmal-om-diskriminering-fra-politiet-pa-grunn-av-etnisitet/#breadcrumb","itemListElement":[{"@type":"ListItem","position":1,"name":"Arkiv","item":"https://ldo.no/arkiv/"},{"@type":"ListItem","position":2,"name":"Klagesaker","item":"https://ldo.no/arkiv/?post-type=ldo-complaint"},{"@type":"ListItem","position":3,"name":"Spørsmål om diskriminering fra politiet på grunn av etnisitet"}]},{"@type":"WebSite","@id":"https://ldo.no/arkiv/#website","url":"https://ldo.no/arkiv/","name":"LDO Arkiv","description":"Dette er ombudets arkiv. Her finner du klagesaker som ombudet i sin tid behandlet fra 1996 til 2017. Klagesaker utover dette finner du på Diskrimineringsnemndas hjemmeside. På disse arkivsidene finner du også eldre høringssvar som strekker seg fra 2023 og tilbake til 2006. Nyere høringssvar finner du på Publikasjoner, som du kan besøke ved å klikke på menyknappen øverst i høyre hjørne.","publisher":{"@id":"https://ldo.no/arkiv/#organization"},"potentialAction":[{"@type":"SearchAction","target":{"@type":"EntryPoint","urlTemplate":"https://ldo.no/arkiv/?s={search_term_string}"},"query-input":"required name=search_term_string"}],"inLanguage":"nb-NO"},{"@type":"Organization","@id":"https://ldo.no/arkiv/#organization","name":"LDO Arkiv","url":"https://ldo.no/arkiv/","logo":{"@type":"ImageObject","inLanguage":"nb-NO","@id":"https://ldo.no/arkiv/#/schema/logo/image/","url":"https://ldo.no/content/uploads/sites/2/2025/05/Property-1Default.svg","contentUrl":"https://ldo.no/content/uploads/sites/2/2025/05/Property-1Default.svg","caption":"LDO Arkiv"},"image":{"@id":"https://ldo.no/arkiv/#/schema/logo/image/"}}]}</script>
<!-- / Yoast SEO plugin. -->

Spørsmål om diskriminering fra politiet på grunn av etnisitet - Arkiv

Ombudet tok av eget initiativ om spørsmålet om politiets håndtering av situasjonen da en mann med somalisk opprinnelse ble slått ned i Sofienbergparken den 6. august 2007. Vitner kritiserte politiet for ikke å ha gjort nok for å ta gjerningsmannen, for å sikre akutt helsehjelp for fornærmede, og for at vitner til hendelsen ble for dårlig fulgt opp da de kontaktet politiet i etterkant av episoden.

Dette er ombudets arkiv. Her finner du klagesaker som ombudet i sin tid behandlet fra 1996 til 2017. Klagesaker utover dette finner du på Diskrimineringsnemndas hjemmeside. På disse arkivsidene finner du også eldre høringssvar som strekker seg fra 2023 og tilbake til 2006. Nyere høringssvar finner du på Publikasjoner, som du kan besøke ved å klikke på menyknappen øverst i høyre hjørne.
