{"id":15829,"date":"2008-01-01T00:00:00","date_gmt":"2008-01-01T00:00:00","guid":{"rendered":"https:\/\/ldo.local\/arkiv\/klagesaker\/2008-kvinnelig-ansatt-diskriminert-pa-grunn-av-graviditetsrelatert-fravar\/"},"modified":"2008-01-01T00:00:00","modified_gmt":"2008-01-01T00:00:00","slug":"2008-kvinnelig-ansatt-diskriminert-pa-grunn-av-graviditetsrelatert-fravar","status":"publish","type":"ldo-complaint","link":"https:\/\/ldo.no\/arkiv\/klagesaker\/2008-kvinnelig-ansatt-diskriminert-pa-grunn-av-graviditetsrelatert-fravar\/","title":{"rendered":"Kvinnelig ansatt diskriminert p\u00e5 grunn av graviditetsrelatert frav\u00e6r"},"content":{"rendered":"<article class=\"base-article inside\">\n<header>\n<div class=\"row\">\n<div class=\"col-sm-12\">\n<\/div>\n<\/div>\n<h1>\nKvinnelig ansatt diskriminert p\u00e5 grunn av graviditetsrelatert frav\u00e6r<br \/>\n<\/h1>\n<\/header>\n<section>\n<section class=\"lead\">\nEn kvinnelig ansatt fikk ikke forlenget vikariatet sitt etter at hun opplyste om at hun var gravid, og begynte \u00e5 f\u00e5 frav\u00e6r i forbindelse med graviditeten.<br \/>\n<\/section>\n<section>\n<p>Kvinnen hadde v\u00e6rt mer eller mindre sammenhengende ansatt i over ett \u00e5r. Hun hadde i l\u00f8pet av tidsperioden f\u00e5tt hele 6 ulike vikariater\/kontrakter. I l\u00f8pet av den siste kontraktsperioden hadde hun begynt \u00e5 f\u00e5 b\u00e5de ryggproblemer og bekkenl\u00f8sning som en f\u00f8lge av graviditeten. <\/p>\n<p>Arbeidsgiveren valgte \u00e5 ikke tilby ytterlige vikariat til kvinnen. De benektet at dette hadde noe med graviditeten \u00e5 gj\u00f8re. \u00c5rsaken var i f\u00f8lge arbeidsgiveren at kvinnen i slutten av sin vikarperiode hadde begynt \u00e5 f\u00e5 et relativt h\u00f8yt frav\u00e6r. Arbeidsgiveren hadde ikke ut over kvinnens frav\u00e6r noe \u00e5 utsette p\u00e5 arbeidsprestasjonene til kvinnen.<\/p>\n<p>Likestillings- og diskrimineringsombudet fremhever i sin vurdering av saken at forskjellsbehandling som skyldes graviditetsrelatert frav\u00e6r faller inn under likestillingsloven forbud mot direkte forskjellsbehandling. Dette er ogs\u00e5 fastlagt i Likestillings- og diskrimineringsnemndas praksis.<\/p>\n<p>Kvinnen p\u00e5pekte at hennes frav\u00e6r skyldes graviditet. Arbeidsgiveren bestred ikke dette. Det var videre klart at arbeidsgiveren vektla kvinnens frav\u00e6r, ved vurderingen av om vikariatet skulle forlenges. Arbeidsgiveren klarte heller ikke \u00e5 sannsynliggj\u00f8re at det var andre grunner enn kvinnens graviditet som begrunnet opph\u00f8ret i ansettelsesforholdet.<\/p>\n<h2>Konklusjon:<\/h2>\n<p>Likestillings- og diskrimineringsombudet konkluderte med at arbeidsgiveren handlet i strid med forbudet mot direkte forskjellsbehandling p\u00e5 grunn av graviditet i likestillingsloven \u00a7 3 andre ledd, nr. 2, da selskapet avsluttet vikariatet.<br \/><span>Les hele uttalelsen her<\/span>.<\/p>\n<p><strong>Diskrimineringsgrunnlag: Kj\u00f8nn<br \/>Saksnummer: 08\/911<\/strong><br \/><strong>Lovanvendelse: Likestillingsloven \u00a7 4, jf. \u00a7 3 andre ledd, nr. 2<\/strong>.<\/p>\n<\/section>\n<\/section>\n<\/article>\n","protected":false},"excerpt":{"rendered":"<p>En kvinnelig ansatt fikk ikke forlenget vikariatet sitt etter at hun opplyste om at hun var gravid, og begynte \u00e5 f\u00e5 frav\u00e6r i forbindelse med graviditeten.<\/p>\n","protected":false},"template":"","meta":{"footnotes":""},"ldo-archive-year":[20],"class_list":["post-15829","ldo-complaint","type-ldo-complaint","status-publish","hentry","ldo-archive-year-20"],"yoast_head":"<!-- This site is optimized with the Yoast SEO plugin v22.9 - https:\/\/yoast.com\/wordpress\/plugins\/seo\/ -->\n<title>Kvinnelig ansatt diskriminert p\u00e5 grunn av graviditetsrelatert frav\u00e6r - Arkiv<\/title>\n<meta name=\"robots\" content=\"index, follow, max-snippet:-1, max-image-preview:large, max-video-preview:-1\" \/>\n<link rel=\"canonical\" href=\"https:\/\/ldo.no\/arkiv\/klagesaker\/2008-kvinnelig-ansatt-diskriminert-pa-grunn-av-graviditetsrelatert-fravar\/\" \/>\n<meta property=\"og:locale\" content=\"nb_NO\" \/>\n<meta property=\"og:type\" content=\"article\" \/>\n<meta property=\"og:title\" content=\"Kvinnelig ansatt diskriminert p\u00e5 grunn av graviditetsrelatert frav\u00e6r - Arkiv\" \/>\n<meta property=\"og:description\" content=\"En kvinnelig ansatt fikk ikke forlenget vikariatet sitt etter at hun opplyste om at hun var gravid, og begynte \u00e5 f\u00e5 frav\u00e6r i forbindelse med graviditeten.\" \/>\n<meta property=\"og:url\" content=\"https:\/\/ldo.no\/arkiv\/klagesaker\/2008-kvinnelig-ansatt-diskriminert-pa-grunn-av-graviditetsrelatert-fravar\/\" \/>\n<meta property=\"og:site_name\" content=\"Arkiv\" \/>\n<meta name=\"twitter:card\" content=\"summary_large_image\" \/>\n<meta name=\"twitter:label1\" content=\"Ansl. lesetid\" \/>\n\t<meta name=\"twitter:data1\" content=\"1 minutt\" \/>\n<script type=\"application\/ld+json\" class=\"yoast-schema-graph\">{\"@context\":\"https:\/\/schema.org\",\"@graph\":[{\"@type\":\"WebPage\",\"@id\":\"https:\/\/ldo.no\/arkiv\/klagesaker\/2008-kvinnelig-ansatt-diskriminert-pa-grunn-av-graviditetsrelatert-fravar\/\",\"url\":\"https:\/\/ldo.no\/arkiv\/klagesaker\/2008-kvinnelig-ansatt-diskriminert-pa-grunn-av-graviditetsrelatert-fravar\/\",\"name\":\"Kvinnelig ansatt diskriminert p\u00e5 grunn av graviditetsrelatert frav\u00e6r - Arkiv\",\"isPartOf\":{\"@id\":\"https:\/\/ldo.no\/arkiv\/#website\"},\"datePublished\":\"2008-01-01T00:00:00+00:00\",\"dateModified\":\"2008-01-01T00:00:00+00:00\",\"breadcrumb\":{\"@id\":\"https:\/\/ldo.no\/arkiv\/klagesaker\/2008-kvinnelig-ansatt-diskriminert-pa-grunn-av-graviditetsrelatert-fravar\/#breadcrumb\"},\"inLanguage\":\"nb-NO\",\"potentialAction\":[{\"@type\":\"ReadAction\",\"target\":[\"https:\/\/ldo.no\/arkiv\/klagesaker\/2008-kvinnelig-ansatt-diskriminert-pa-grunn-av-graviditetsrelatert-fravar\/\"]}]},{\"@type\":\"BreadcrumbList\",\"@id\":\"https:\/\/ldo.no\/arkiv\/klagesaker\/2008-kvinnelig-ansatt-diskriminert-pa-grunn-av-graviditetsrelatert-fravar\/#breadcrumb\",\"itemListElement\":[{\"@type\":\"ListItem\",\"position\":1,\"name\":\"Arkiv\",\"item\":\"https:\/\/ldo.no\/arkiv\/\"},{\"@type\":\"ListItem\",\"position\":2,\"name\":\"Klagesaker\",\"item\":\"https:\/\/ldo.no\/arkiv\/?post-type=ldo-complaint\"},{\"@type\":\"ListItem\",\"position\":3,\"name\":\"Kvinnelig ansatt diskriminert p\u00e5 grunn av graviditetsrelatert frav\u00e6r\"}]},{\"@type\":\"WebSite\",\"@id\":\"https:\/\/ldo.no\/arkiv\/#website\",\"url\":\"https:\/\/ldo.no\/arkiv\/\",\"name\":\"LDO Arkiv\",\"description\":\"Dette er ombudets arkiv. Her finner du klagesaker som ombudet i sin tid behandlet fra 1996 til 2017. Klagesaker utover dette finner du p\u00e5 Diskrimineringsnemndas hjemmeside. P\u00e5 disse arkivsidene finner du ogs\u00e5 eldre h\u00f8ringssvar som strekker seg fra 2023 og tilbake til 2006. Nyere h\u00f8ringssvar finner du p\u00e5 Publikasjoner, som du kan bes\u00f8ke ved \u00e5 klikke p\u00e5 menyknappen \u00f8verst i h\u00f8yre hj\u00f8rne.\",\"publisher\":{\"@id\":\"https:\/\/ldo.no\/arkiv\/#organization\"},\"potentialAction\":[{\"@type\":\"SearchAction\",\"target\":{\"@type\":\"EntryPoint\",\"urlTemplate\":\"https:\/\/ldo.no\/arkiv\/?s={search_term_string}\"},\"query-input\":\"required name=search_term_string\"}],\"inLanguage\":\"nb-NO\"},{\"@type\":\"Organization\",\"@id\":\"https:\/\/ldo.no\/arkiv\/#organization\",\"name\":\"LDO Arkiv\",\"url\":\"https:\/\/ldo.no\/arkiv\/\",\"logo\":{\"@type\":\"ImageObject\",\"inLanguage\":\"nb-NO\",\"@id\":\"https:\/\/ldo.no\/arkiv\/#\/schema\/logo\/image\/\",\"url\":\"https:\/\/ldo.no\/content\/uploads\/sites\/2\/2025\/05\/Property-1Default.svg\",\"contentUrl\":\"https:\/\/ldo.no\/content\/uploads\/sites\/2\/2025\/05\/Property-1Default.svg\",\"caption\":\"LDO Arkiv\"},\"image\":{\"@id\":\"https:\/\/ldo.no\/arkiv\/#\/schema\/logo\/image\/\"}}]}<\/script>\n<!-- \/ Yoast SEO plugin. -->","yoast_head_json":{"title":"Kvinnelig ansatt diskriminert p\u00e5 grunn av graviditetsrelatert frav\u00e6r - Arkiv","robots":{"index":"index","follow":"follow","max-snippet":"max-snippet:-1","max-image-preview":"max-image-preview:large","max-video-preview":"max-video-preview:-1"},"canonical":"https:\/\/ldo.no\/arkiv\/klagesaker\/2008-kvinnelig-ansatt-diskriminert-pa-grunn-av-graviditetsrelatert-fravar\/","og_locale":"nb_NO","og_type":"article","og_title":"Kvinnelig ansatt diskriminert p\u00e5 grunn av graviditetsrelatert frav\u00e6r - Arkiv","og_description":"En kvinnelig ansatt fikk ikke forlenget vikariatet sitt etter at hun opplyste om at hun var gravid, og begynte \u00e5 f\u00e5 frav\u00e6r i forbindelse med graviditeten.","og_url":"https:\/\/ldo.no\/arkiv\/klagesaker\/2008-kvinnelig-ansatt-diskriminert-pa-grunn-av-graviditetsrelatert-fravar\/","og_site_name":"Arkiv","twitter_card":"summary_large_image","twitter_misc":{"Ansl. lesetid":"1 minutt"},"schema":{"@context":"https:\/\/schema.org","@graph":[{"@type":"WebPage","@id":"https:\/\/ldo.no\/arkiv\/klagesaker\/2008-kvinnelig-ansatt-diskriminert-pa-grunn-av-graviditetsrelatert-fravar\/","url":"https:\/\/ldo.no\/arkiv\/klagesaker\/2008-kvinnelig-ansatt-diskriminert-pa-grunn-av-graviditetsrelatert-fravar\/","name":"Kvinnelig ansatt diskriminert p\u00e5 grunn av graviditetsrelatert frav\u00e6r - Arkiv","isPartOf":{"@id":"https:\/\/ldo.no\/arkiv\/#website"},"datePublished":"2008-01-01T00:00:00+00:00","dateModified":"2008-01-01T00:00:00+00:00","breadcrumb":{"@id":"https:\/\/ldo.no\/arkiv\/klagesaker\/2008-kvinnelig-ansatt-diskriminert-pa-grunn-av-graviditetsrelatert-fravar\/#breadcrumb"},"inLanguage":"nb-NO","potentialAction":[{"@type":"ReadAction","target":["https:\/\/ldo.no\/arkiv\/klagesaker\/2008-kvinnelig-ansatt-diskriminert-pa-grunn-av-graviditetsrelatert-fravar\/"]}]},{"@type":"BreadcrumbList","@id":"https:\/\/ldo.no\/arkiv\/klagesaker\/2008-kvinnelig-ansatt-diskriminert-pa-grunn-av-graviditetsrelatert-fravar\/#breadcrumb","itemListElement":[{"@type":"ListItem","position":1,"name":"Arkiv","item":"https:\/\/ldo.no\/arkiv\/"},{"@type":"ListItem","position":2,"name":"Klagesaker","item":"https:\/\/ldo.no\/arkiv\/?post-type=ldo-complaint"},{"@type":"ListItem","position":3,"name":"Kvinnelig ansatt diskriminert p\u00e5 grunn av graviditetsrelatert frav\u00e6r"}]},{"@type":"WebSite","@id":"https:\/\/ldo.no\/arkiv\/#website","url":"https:\/\/ldo.no\/arkiv\/","name":"LDO Arkiv","description":"Dette er ombudets arkiv. Her finner du klagesaker som ombudet i sin tid behandlet fra 1996 til 2017. Klagesaker utover dette finner du p\u00e5 Diskrimineringsnemndas hjemmeside. P\u00e5 disse arkivsidene finner du ogs\u00e5 eldre h\u00f8ringssvar som strekker seg fra 2023 og tilbake til 2006. Nyere h\u00f8ringssvar finner du p\u00e5 Publikasjoner, som du kan bes\u00f8ke ved \u00e5 klikke p\u00e5 menyknappen \u00f8verst i h\u00f8yre hj\u00f8rne.","publisher":{"@id":"https:\/\/ldo.no\/arkiv\/#organization"},"potentialAction":[{"@type":"SearchAction","target":{"@type":"EntryPoint","urlTemplate":"https:\/\/ldo.no\/arkiv\/?s={search_term_string}"},"query-input":"required name=search_term_string"}],"inLanguage":"nb-NO"},{"@type":"Organization","@id":"https:\/\/ldo.no\/arkiv\/#organization","name":"LDO Arkiv","url":"https:\/\/ldo.no\/arkiv\/","logo":{"@type":"ImageObject","inLanguage":"nb-NO","@id":"https:\/\/ldo.no\/arkiv\/#\/schema\/logo\/image\/","url":"https:\/\/ldo.no\/content\/uploads\/sites\/2\/2025\/05\/Property-1Default.svg","contentUrl":"https:\/\/ldo.no\/content\/uploads\/sites\/2\/2025\/05\/Property-1Default.svg","caption":"LDO Arkiv"},"image":{"@id":"https:\/\/ldo.no\/arkiv\/#\/schema\/logo\/image\/"}}]}},"_links":{"self":[{"href":"https:\/\/ldo.no\/arkiv\/wp-json\/wp\/v2\/ldo-complaint\/15829"}],"collection":[{"href":"https:\/\/ldo.no\/arkiv\/wp-json\/wp\/v2\/ldo-complaint"}],"about":[{"href":"https:\/\/ldo.no\/arkiv\/wp-json\/wp\/v2\/types\/ldo-complaint"}],"version-history":[{"count":0,"href":"https:\/\/ldo.no\/arkiv\/wp-json\/wp\/v2\/ldo-complaint\/15829\/revisions"}],"wp:attachment":[{"href":"https:\/\/ldo.no\/arkiv\/wp-json\/wp\/v2\/media?parent=15829"}],"wp:term":[{"taxonomy":"ldo-archive-year","embeddable":true,"href":"https:\/\/ldo.no\/arkiv\/wp-json\/wp\/v2\/ldo-archive-year?post=15829"}],"curies":[{"name":"wp","href":"https:\/\/api.w.org\/{rel}","templated":true}]}}

Kvinnelig ansatt diskriminert på grunn av graviditetsrelatert fravær

<article class="base-article inside">
<header>
<div class="row">
<div class="col-sm-12">
</div>
</div>
<h1>
Kvinnelig ansatt diskriminert på grunn av graviditetsrelatert fravær<br />
</h1>
</header>
<section>
<section class="lead">
En kvinnelig ansatt fikk ikke forlenget vikariatet sitt etter at hun opplyste om at hun var gravid, og begynte å få fravær i forbindelse med graviditeten.<br />
</section>
<section>
<p>Kvinnen hadde vært mer eller mindre sammenhengende ansatt i over ett år. Hun hadde i løpet av tidsperioden fått hele 6 ulike vikariater/kontrakter. I løpet av den siste kontraktsperioden hadde hun begynt å få både ryggproblemer og bekkenløsning som en følge av graviditeten. </p>
<p>Arbeidsgiveren valgte å ikke tilby ytterlige vikariat til kvinnen. De benektet at dette hadde noe med graviditeten å gjøre. Årsaken var i følge arbeidsgiveren at kvinnen i slutten av sin vikarperiode hadde begynt å få et relativt høyt fravær. Arbeidsgiveren hadde ikke ut over kvinnens fravær noe å utsette på arbeidsprestasjonene til kvinnen.</p>
<p>Likestillings- og diskrimineringsombudet fremhever i sin vurdering av saken at forskjellsbehandling som skyldes graviditetsrelatert fravær faller inn under likestillingsloven forbud mot direkte forskjellsbehandling. Dette er også fastlagt i Likestillings- og diskrimineringsnemndas praksis.</p>
<p>Kvinnen påpekte at hennes fravær skyldes graviditet. Arbeidsgiveren bestred ikke dette. Det var videre klart at arbeidsgiveren vektla kvinnens fravær, ved vurderingen av om vikariatet skulle forlenges. Arbeidsgiveren klarte heller ikke å sannsynliggjøre at det var andre grunner enn kvinnens graviditet som begrunnet opphøret i ansettelsesforholdet.</p>
<h2>Konklusjon:</h2>
<p>Likestillings- og diskrimineringsombudet konkluderte med at arbeidsgiveren handlet i strid med forbudet mot direkte forskjellsbehandling på grunn av graviditet i likestillingsloven § 3 andre ledd, nr. 2, da selskapet avsluttet vikariatet.<br /><span>Les hele uttalelsen her</span>.</p>
<p><strong>Diskrimineringsgrunnlag: Kjønn<br />Saksnummer: 08/911</strong><br /><strong>Lovanvendelse: Likestillingsloven § 4, jf. § 3 andre ledd, nr. 2</strong>.</p>
</section>
</section>
</article>

<p>En kvinnelig ansatt fikk ikke forlenget vikariatet sitt etter at hun opplyste om at hun var gravid, og begynte å få fravær i forbindelse med graviditeten.</p>

<!-- This site is optimized with the Yoast SEO plugin v22.9 - https://yoast.com/wordpress/plugins/seo/ -->
<title>Kvinnelig ansatt diskriminert på grunn av graviditetsrelatert fravær - Arkiv</title>
<meta name="robots" content="index, follow, max-snippet:-1, max-image-preview:large, max-video-preview:-1" />
<link rel="canonical" href="https://ldo.no/arkiv/klagesaker/2008-kvinnelig-ansatt-diskriminert-pa-grunn-av-graviditetsrelatert-fravar/" />
<meta property="og:locale" content="nb_NO" />
<meta property="og:type" content="article" />
<meta property="og:title" content="Kvinnelig ansatt diskriminert på grunn av graviditetsrelatert fravær - Arkiv" />
<meta property="og:description" content="En kvinnelig ansatt fikk ikke forlenget vikariatet sitt etter at hun opplyste om at hun var gravid, og begynte å få fravær i forbindelse med graviditeten." />
<meta property="og:url" content="https://ldo.no/arkiv/klagesaker/2008-kvinnelig-ansatt-diskriminert-pa-grunn-av-graviditetsrelatert-fravar/" />
<meta property="og:site_name" content="Arkiv" />
<meta name="twitter:card" content="summary_large_image" />
<meta name="twitter:label1" content="Ansl. lesetid" />
	<meta name="twitter:data1" content="1 minutt" />
<script type="application/ld+json" class="yoast-schema-graph">{"@context":"https://schema.org","@graph":[{"@type":"WebPage","@id":"https://ldo.no/arkiv/klagesaker/2008-kvinnelig-ansatt-diskriminert-pa-grunn-av-graviditetsrelatert-fravar/","url":"https://ldo.no/arkiv/klagesaker/2008-kvinnelig-ansatt-diskriminert-pa-grunn-av-graviditetsrelatert-fravar/","name":"Kvinnelig ansatt diskriminert på grunn av graviditetsrelatert fravær - Arkiv","isPartOf":{"@id":"https://ldo.no/arkiv/#website"},"datePublished":"2008-01-01T00:00:00+00:00","dateModified":"2008-01-01T00:00:00+00:00","breadcrumb":{"@id":"https://ldo.no/arkiv/klagesaker/2008-kvinnelig-ansatt-diskriminert-pa-grunn-av-graviditetsrelatert-fravar/#breadcrumb"},"inLanguage":"nb-NO","potentialAction":[{"@type":"ReadAction","target":["https://ldo.no/arkiv/klagesaker/2008-kvinnelig-ansatt-diskriminert-pa-grunn-av-graviditetsrelatert-fravar/"]}]},{"@type":"BreadcrumbList","@id":"https://ldo.no/arkiv/klagesaker/2008-kvinnelig-ansatt-diskriminert-pa-grunn-av-graviditetsrelatert-fravar/#breadcrumb","itemListElement":[{"@type":"ListItem","position":1,"name":"Arkiv","item":"https://ldo.no/arkiv/"},{"@type":"ListItem","position":2,"name":"Klagesaker","item":"https://ldo.no/arkiv/?post-type=ldo-complaint"},{"@type":"ListItem","position":3,"name":"Kvinnelig ansatt diskriminert på grunn av graviditetsrelatert fravær"}]},{"@type":"WebSite","@id":"https://ldo.no/arkiv/#website","url":"https://ldo.no/arkiv/","name":"LDO Arkiv","description":"Dette er ombudets arkiv. Her finner du klagesaker som ombudet i sin tid behandlet fra 1996 til 2017. Klagesaker utover dette finner du på Diskrimineringsnemndas hjemmeside. På disse arkivsidene finner du også eldre høringssvar som strekker seg fra 2023 og tilbake til 2006. Nyere høringssvar finner du på Publikasjoner, som du kan besøke ved å klikke på menyknappen øverst i høyre hjørne.","publisher":{"@id":"https://ldo.no/arkiv/#organization"},"potentialAction":[{"@type":"SearchAction","target":{"@type":"EntryPoint","urlTemplate":"https://ldo.no/arkiv/?s={search_term_string}"},"query-input":"required name=search_term_string"}],"inLanguage":"nb-NO"},{"@type":"Organization","@id":"https://ldo.no/arkiv/#organization","name":"LDO Arkiv","url":"https://ldo.no/arkiv/","logo":{"@type":"ImageObject","inLanguage":"nb-NO","@id":"https://ldo.no/arkiv/#/schema/logo/image/","url":"https://ldo.no/content/uploads/sites/2/2025/05/Property-1Default.svg","contentUrl":"https://ldo.no/content/uploads/sites/2/2025/05/Property-1Default.svg","caption":"LDO Arkiv"},"image":{"@id":"https://ldo.no/arkiv/#/schema/logo/image/"}}]}</script>
<!-- / Yoast SEO plugin. -->

Kvinnelig ansatt diskriminert på grunn av graviditetsrelatert fravær - Arkiv

En kvinnelig ansatt fikk ikke forlenget vikariatet sitt etter at hun opplyste om at hun var gravid, og begynte å få fravær i forbindelse med graviditeten.

Dette er ombudets arkiv. Her finner du klagesaker som ombudet i sin tid behandlet fra 1996 til 2017. Klagesaker utover dette finner du på Diskrimineringsnemndas hjemmeside. På disse arkivsidene finner du også eldre høringssvar som strekker seg fra 2023 og tilbake til 2006. Nyere høringssvar finner du på Publikasjoner, som du kan besøke ved å klikke på menyknappen øverst i høyre hjørne.
