{"id":15872,"date":"2005-01-01T00:00:00","date_gmt":"2005-01-01T00:00:00","guid":{"rendered":"https:\/\/ldo.local\/arkiv\/klagesaker\/2005-ansettelse-av-politistasjonssjeflensmann-mindretallsanke\/"},"modified":"2005-01-01T00:00:00","modified_gmt":"2005-01-01T00:00:00","slug":"2005-ansettelse-av-politistasjonssjeflensmann-mindretallsanke","status":"publish","type":"ldo-complaint","link":"https:\/\/ldo.no\/arkiv\/klagesaker\/2005-ansettelse-av-politistasjonssjeflensmann-mindretallsanke\/","title":{"rendered":"Ansettelse av politistasjonssjef\/lensmann &#8211; mindretallsanke"},"content":{"rendered":"<h1>Ansettelse av politistasjonssjef\/lensmann &#8211; mindretallsanke<\/h1>\n<article class=\"base-article inside\">\n<header>\n<div class=\"row\">\n<div class=\"col-sm-12\">\n<\/div>\n<\/div>\n<\/header>\n<section>\n<section class=\"lead\">\n<p>Mindretallet i et ansettelsesr\u00e5d henvendte seg til Likestillingsombudet vedr\u00f8rende ansettelse i stilling som politistasjonssjef\/lensmann. Anken var ikke begrunnet i likestillingshensyn, men siden det var uenigheter innad i ansettelsesr\u00e5det, ba det sentrale ansettelsesr\u00e5det om ombudets uttalelse f\u00f8r ansettelse ble gjort. Flertallet i ansettelsesr\u00e5det ville ansette en mann i stillingen, mens mindretallet \u00f8nsket \u00e5 ansette en kvinne. <\/p>\n<\/section>\n<section>\n<p>Likestillingsombudet konkluderte med at det ikke ville v\u00e6re i strid med likestillingsloven \u00e5 ansette mannen fremfor kvinnen. Flertallet og mindretallet i ansettelsesr\u00e5det la vekt p\u00e5 ulike kvalifikasjoner i forhold til hvem som ville v\u00e6re best kvalifisert til stillingen. Ombudet hadde ikke forutsetninger for \u00e5 ta stilling til hvilke kvalifikasjoner det var mest behov for ved politistasjonen, men konstaterte at det var ulike meninger om hvilke forhold som skulle tillegges st\u00f8rst vekt. Ombudet mente derfor det var vektleggingen av relevant og \u00f8nsket kompetanse, og ikke kj\u00f8nn, som gjorde at flertallet i ansettelsesr\u00e5det rangerte mannen fremfor kvinnen til stillingen som politistasjonssjef. Likestillingsombudet gjorde imidlertid ansettelsesr\u00e5det oppmerksom p\u00e5 muligheten til moderat kj\u00f8nnskvotering som f\u00f8lger av Hovedavtalen i staten og likestillingsloven \u00a7 3a.<\/p>\n<p>Saksnummer: 2005\/238<br \/>Emne: tilsetting, politi, mindretallsanke<br \/>Klager: eget tiltak<br \/>Lovanvendelse: \u00a7 4.0<\/p>\n<\/section>\n<\/section>\n<\/article>\n","protected":false},"excerpt":{"rendered":"<p>Mindretallet i et ansettelsesr\u00e5d henvendte seg til Likestillingsombudet vedr\u00f8rende ansettelse i stilling som politistasjonssjef\/lensmann. Anken var ikke begrunnet i likestillingshensyn, men siden det var uenigheter innad i ansettelsesr\u00e5det, ba det sentrale ansettelsesr\u00e5det om ombudets uttalelse f\u00f8r ansettelse ble gjort. Flertallet i ansettelsesr\u00e5det ville ansette en mann i stillingen, mens mindretallet \u00f8nsket \u00e5 ansette en kvinne.<\/p>\n","protected":false},"template":"","meta":{"footnotes":""},"ldo-archive-year":[17],"class_list":["post-15872","ldo-complaint","type-ldo-complaint","status-publish","hentry","ldo-archive-year-17"],"yoast_head":"<!-- This site is optimized with the Yoast SEO plugin v22.9 - https:\/\/yoast.com\/wordpress\/plugins\/seo\/ -->\n<title>Ansettelse av politistasjonssjef\/lensmann - mindretallsanke - Arkiv<\/title>\n<meta name=\"robots\" content=\"index, follow, max-snippet:-1, max-image-preview:large, max-video-preview:-1\" \/>\n<link rel=\"canonical\" href=\"https:\/\/ldo.no\/arkiv\/klagesaker\/2005-ansettelse-av-politistasjonssjeflensmann-mindretallsanke\/\" \/>\n<meta property=\"og:locale\" content=\"nb_NO\" \/>\n<meta property=\"og:type\" content=\"article\" \/>\n<meta property=\"og:title\" content=\"Ansettelse av politistasjonssjef\/lensmann - mindretallsanke - Arkiv\" \/>\n<meta property=\"og:description\" content=\"Mindretallet i et ansettelsesr\u00e5d henvendte seg til Likestillingsombudet vedr\u00f8rende ansettelse i stilling som politistasjonssjef\/lensmann. Anken var ikke begrunnet i likestillingshensyn, men siden det var uenigheter innad i ansettelsesr\u00e5det, ba det sentrale ansettelsesr\u00e5det om ombudets uttalelse f\u00f8r ansettelse ble gjort. Flertallet i ansettelsesr\u00e5det ville ansette en mann i stillingen, mens mindretallet \u00f8nsket \u00e5 ansette en kvinne.\" \/>\n<meta property=\"og:url\" content=\"https:\/\/ldo.no\/arkiv\/klagesaker\/2005-ansettelse-av-politistasjonssjeflensmann-mindretallsanke\/\" \/>\n<meta property=\"og:site_name\" content=\"Arkiv\" \/>\n<meta name=\"twitter:card\" content=\"summary_large_image\" \/>\n<meta name=\"twitter:label1\" content=\"Ansl. lesetid\" \/>\n\t<meta name=\"twitter:data1\" content=\"1 minutt\" \/>\n<script type=\"application\/ld+json\" class=\"yoast-schema-graph\">{\"@context\":\"https:\/\/schema.org\",\"@graph\":[{\"@type\":\"WebPage\",\"@id\":\"https:\/\/ldo.no\/arkiv\/klagesaker\/2005-ansettelse-av-politistasjonssjeflensmann-mindretallsanke\/\",\"url\":\"https:\/\/ldo.no\/arkiv\/klagesaker\/2005-ansettelse-av-politistasjonssjeflensmann-mindretallsanke\/\",\"name\":\"Ansettelse av politistasjonssjef\/lensmann - mindretallsanke - Arkiv\",\"isPartOf\":{\"@id\":\"https:\/\/ldo.no\/arkiv\/#website\"},\"datePublished\":\"2005-01-01T00:00:00+00:00\",\"dateModified\":\"2005-01-01T00:00:00+00:00\",\"breadcrumb\":{\"@id\":\"https:\/\/ldo.no\/arkiv\/klagesaker\/2005-ansettelse-av-politistasjonssjeflensmann-mindretallsanke\/#breadcrumb\"},\"inLanguage\":\"nb-NO\",\"potentialAction\":[{\"@type\":\"ReadAction\",\"target\":[\"https:\/\/ldo.no\/arkiv\/klagesaker\/2005-ansettelse-av-politistasjonssjeflensmann-mindretallsanke\/\"]}]},{\"@type\":\"BreadcrumbList\",\"@id\":\"https:\/\/ldo.no\/arkiv\/klagesaker\/2005-ansettelse-av-politistasjonssjeflensmann-mindretallsanke\/#breadcrumb\",\"itemListElement\":[{\"@type\":\"ListItem\",\"position\":1,\"name\":\"Arkiv\",\"item\":\"https:\/\/ldo.no\/arkiv\/\"},{\"@type\":\"ListItem\",\"position\":2,\"name\":\"Klagesaker\",\"item\":\"https:\/\/ldo.no\/arkiv\/?post-type=ldo-complaint\"},{\"@type\":\"ListItem\",\"position\":3,\"name\":\"Ansettelse av politistasjonssjef\/lensmann &#8211; mindretallsanke\"}]},{\"@type\":\"WebSite\",\"@id\":\"https:\/\/ldo.no\/arkiv\/#website\",\"url\":\"https:\/\/ldo.no\/arkiv\/\",\"name\":\"LDO Arkiv\",\"description\":\"Dette er ombudets arkiv. Her finner du klagesaker som ombudet i sin tid behandlet fra 1996 til 2017. Klagesaker utover dette finner du p\u00e5 Diskrimineringsnemndas hjemmeside. P\u00e5 disse arkivsidene finner du ogs\u00e5 eldre h\u00f8ringssvar som strekker seg fra 2023 og tilbake til 2006. Nyere h\u00f8ringssvar finner du p\u00e5 Publikasjoner, som du kan bes\u00f8ke ved \u00e5 klikke p\u00e5 menyknappen \u00f8verst i h\u00f8yre hj\u00f8rne.\",\"publisher\":{\"@id\":\"https:\/\/ldo.no\/arkiv\/#organization\"},\"potentialAction\":[{\"@type\":\"SearchAction\",\"target\":{\"@type\":\"EntryPoint\",\"urlTemplate\":\"https:\/\/ldo.no\/arkiv\/?s={search_term_string}\"},\"query-input\":\"required name=search_term_string\"}],\"inLanguage\":\"nb-NO\"},{\"@type\":\"Organization\",\"@id\":\"https:\/\/ldo.no\/arkiv\/#organization\",\"name\":\"LDO Arkiv\",\"url\":\"https:\/\/ldo.no\/arkiv\/\",\"logo\":{\"@type\":\"ImageObject\",\"inLanguage\":\"nb-NO\",\"@id\":\"https:\/\/ldo.no\/arkiv\/#\/schema\/logo\/image\/\",\"url\":\"https:\/\/ldo.no\/content\/uploads\/sites\/2\/2025\/05\/Property-1Default.svg\",\"contentUrl\":\"https:\/\/ldo.no\/content\/uploads\/sites\/2\/2025\/05\/Property-1Default.svg\",\"caption\":\"LDO Arkiv\"},\"image\":{\"@id\":\"https:\/\/ldo.no\/arkiv\/#\/schema\/logo\/image\/\"}}]}<\/script>\n<!-- \/ Yoast SEO plugin. -->","yoast_head_json":{"title":"Ansettelse av politistasjonssjef\/lensmann - mindretallsanke - Arkiv","robots":{"index":"index","follow":"follow","max-snippet":"max-snippet:-1","max-image-preview":"max-image-preview:large","max-video-preview":"max-video-preview:-1"},"canonical":"https:\/\/ldo.no\/arkiv\/klagesaker\/2005-ansettelse-av-politistasjonssjeflensmann-mindretallsanke\/","og_locale":"nb_NO","og_type":"article","og_title":"Ansettelse av politistasjonssjef\/lensmann - mindretallsanke - Arkiv","og_description":"Mindretallet i et ansettelsesr\u00e5d henvendte seg til Likestillingsombudet vedr\u00f8rende ansettelse i stilling som politistasjonssjef\/lensmann. Anken var ikke begrunnet i likestillingshensyn, men siden det var uenigheter innad i ansettelsesr\u00e5det, ba det sentrale ansettelsesr\u00e5det om ombudets uttalelse f\u00f8r ansettelse ble gjort. Flertallet i ansettelsesr\u00e5det ville ansette en mann i stillingen, mens mindretallet \u00f8nsket \u00e5 ansette en kvinne.","og_url":"https:\/\/ldo.no\/arkiv\/klagesaker\/2005-ansettelse-av-politistasjonssjeflensmann-mindretallsanke\/","og_site_name":"Arkiv","twitter_card":"summary_large_image","twitter_misc":{"Ansl. lesetid":"1 minutt"},"schema":{"@context":"https:\/\/schema.org","@graph":[{"@type":"WebPage","@id":"https:\/\/ldo.no\/arkiv\/klagesaker\/2005-ansettelse-av-politistasjonssjeflensmann-mindretallsanke\/","url":"https:\/\/ldo.no\/arkiv\/klagesaker\/2005-ansettelse-av-politistasjonssjeflensmann-mindretallsanke\/","name":"Ansettelse av politistasjonssjef\/lensmann - mindretallsanke - Arkiv","isPartOf":{"@id":"https:\/\/ldo.no\/arkiv\/#website"},"datePublished":"2005-01-01T00:00:00+00:00","dateModified":"2005-01-01T00:00:00+00:00","breadcrumb":{"@id":"https:\/\/ldo.no\/arkiv\/klagesaker\/2005-ansettelse-av-politistasjonssjeflensmann-mindretallsanke\/#breadcrumb"},"inLanguage":"nb-NO","potentialAction":[{"@type":"ReadAction","target":["https:\/\/ldo.no\/arkiv\/klagesaker\/2005-ansettelse-av-politistasjonssjeflensmann-mindretallsanke\/"]}]},{"@type":"BreadcrumbList","@id":"https:\/\/ldo.no\/arkiv\/klagesaker\/2005-ansettelse-av-politistasjonssjeflensmann-mindretallsanke\/#breadcrumb","itemListElement":[{"@type":"ListItem","position":1,"name":"Arkiv","item":"https:\/\/ldo.no\/arkiv\/"},{"@type":"ListItem","position":2,"name":"Klagesaker","item":"https:\/\/ldo.no\/arkiv\/?post-type=ldo-complaint"},{"@type":"ListItem","position":3,"name":"Ansettelse av politistasjonssjef\/lensmann &#8211; mindretallsanke"}]},{"@type":"WebSite","@id":"https:\/\/ldo.no\/arkiv\/#website","url":"https:\/\/ldo.no\/arkiv\/","name":"LDO Arkiv","description":"Dette er ombudets arkiv. Her finner du klagesaker som ombudet i sin tid behandlet fra 1996 til 2017. Klagesaker utover dette finner du p\u00e5 Diskrimineringsnemndas hjemmeside. P\u00e5 disse arkivsidene finner du ogs\u00e5 eldre h\u00f8ringssvar som strekker seg fra 2023 og tilbake til 2006. Nyere h\u00f8ringssvar finner du p\u00e5 Publikasjoner, som du kan bes\u00f8ke ved \u00e5 klikke p\u00e5 menyknappen \u00f8verst i h\u00f8yre hj\u00f8rne.","publisher":{"@id":"https:\/\/ldo.no\/arkiv\/#organization"},"potentialAction":[{"@type":"SearchAction","target":{"@type":"EntryPoint","urlTemplate":"https:\/\/ldo.no\/arkiv\/?s={search_term_string}"},"query-input":"required name=search_term_string"}],"inLanguage":"nb-NO"},{"@type":"Organization","@id":"https:\/\/ldo.no\/arkiv\/#organization","name":"LDO Arkiv","url":"https:\/\/ldo.no\/arkiv\/","logo":{"@type":"ImageObject","inLanguage":"nb-NO","@id":"https:\/\/ldo.no\/arkiv\/#\/schema\/logo\/image\/","url":"https:\/\/ldo.no\/content\/uploads\/sites\/2\/2025\/05\/Property-1Default.svg","contentUrl":"https:\/\/ldo.no\/content\/uploads\/sites\/2\/2025\/05\/Property-1Default.svg","caption":"LDO Arkiv"},"image":{"@id":"https:\/\/ldo.no\/arkiv\/#\/schema\/logo\/image\/"}}]}},"_links":{"self":[{"href":"https:\/\/ldo.no\/arkiv\/wp-json\/wp\/v2\/ldo-complaint\/15872"}],"collection":[{"href":"https:\/\/ldo.no\/arkiv\/wp-json\/wp\/v2\/ldo-complaint"}],"about":[{"href":"https:\/\/ldo.no\/arkiv\/wp-json\/wp\/v2\/types\/ldo-complaint"}],"version-history":[{"count":0,"href":"https:\/\/ldo.no\/arkiv\/wp-json\/wp\/v2\/ldo-complaint\/15872\/revisions"}],"wp:attachment":[{"href":"https:\/\/ldo.no\/arkiv\/wp-json\/wp\/v2\/media?parent=15872"}],"wp:term":[{"taxonomy":"ldo-archive-year","embeddable":true,"href":"https:\/\/ldo.no\/arkiv\/wp-json\/wp\/v2\/ldo-archive-year?post=15872"}],"curies":[{"name":"wp","href":"https:\/\/api.w.org\/{rel}","templated":true}]}}

<h1>Ansettelse av politistasjonssjef/lensmann &#8211; mindretallsanke</h1>
<article class="base-article inside">
<header>
<div class="row">
<div class="col-sm-12">
</div>
</div>
</header>
<section>
<section class="lead">
<p>Mindretallet i et ansettelsesråd henvendte seg til Likestillingsombudet vedrørende ansettelse i stilling som politistasjonssjef/lensmann. Anken var ikke begrunnet i likestillingshensyn, men siden det var uenigheter innad i ansettelsesrådet, ba det sentrale ansettelsesrådet om ombudets uttalelse før ansettelse ble gjort. Flertallet i ansettelsesrådet ville ansette en mann i stillingen, mens mindretallet ønsket å ansette en kvinne. </p>
</section>
<section>
<p>Likestillingsombudet konkluderte med at det ikke ville være i strid med likestillingsloven å ansette mannen fremfor kvinnen. Flertallet og mindretallet i ansettelsesrådet la vekt på ulike kvalifikasjoner i forhold til hvem som ville være best kvalifisert til stillingen. Ombudet hadde ikke forutsetninger for å ta stilling til hvilke kvalifikasjoner det var mest behov for ved politistasjonen, men konstaterte at det var ulike meninger om hvilke forhold som skulle tillegges størst vekt. Ombudet mente derfor det var vektleggingen av relevant og ønsket kompetanse, og ikke kjønn, som gjorde at flertallet i ansettelsesrådet rangerte mannen fremfor kvinnen til stillingen som politistasjonssjef. Likestillingsombudet gjorde imidlertid ansettelsesrådet oppmerksom på muligheten til moderat kjønnskvotering som følger av Hovedavtalen i staten og likestillingsloven § 3a.</p>
<p>Saksnummer: 2005/238<br />Emne: tilsetting, politi, mindretallsanke<br />Klager: eget tiltak<br />Lovanvendelse: § 4.0</p>
</section>
</section>
</article>

<p>Mindretallet i et ansettelsesråd henvendte seg til Likestillingsombudet vedrørende ansettelse i stilling som politistasjonssjef/lensmann. Anken var ikke begrunnet i likestillingshensyn, men siden det var uenigheter innad i ansettelsesrådet, ba det sentrale ansettelsesrådet om ombudets uttalelse før ansettelse ble gjort. Flertallet i ansettelsesrådet ville ansette en mann i stillingen, mens mindretallet ønsket å ansette en kvinne.</p>

<!-- This site is optimized with the Yoast SEO plugin v22.9 - https://yoast.com/wordpress/plugins/seo/ -->
<title>Ansettelse av politistasjonssjef/lensmann - mindretallsanke - Arkiv</title>
<meta name="robots" content="index, follow, max-snippet:-1, max-image-preview:large, max-video-preview:-1" />
<link rel="canonical" href="https://ldo.no/arkiv/klagesaker/2005-ansettelse-av-politistasjonssjeflensmann-mindretallsanke/" />
<meta property="og:locale" content="nb_NO" />
<meta property="og:type" content="article" />
<meta property="og:title" content="Ansettelse av politistasjonssjef/lensmann - mindretallsanke - Arkiv" />
<meta property="og:description" content="Mindretallet i et ansettelsesråd henvendte seg til Likestillingsombudet vedrørende ansettelse i stilling som politistasjonssjef/lensmann. Anken var ikke begrunnet i likestillingshensyn, men siden det var uenigheter innad i ansettelsesrådet, ba det sentrale ansettelsesrådet om ombudets uttalelse før ansettelse ble gjort. Flertallet i ansettelsesrådet ville ansette en mann i stillingen, mens mindretallet ønsket å ansette en kvinne." />
<meta property="og:url" content="https://ldo.no/arkiv/klagesaker/2005-ansettelse-av-politistasjonssjeflensmann-mindretallsanke/" />
<meta property="og:site_name" content="Arkiv" />
<meta name="twitter:card" content="summary_large_image" />
<meta name="twitter:label1" content="Ansl. lesetid" />
	<meta name="twitter:data1" content="1 minutt" />
<script type="application/ld+json" class="yoast-schema-graph">{"@context":"https://schema.org","@graph":[{"@type":"WebPage","@id":"https://ldo.no/arkiv/klagesaker/2005-ansettelse-av-politistasjonssjeflensmann-mindretallsanke/","url":"https://ldo.no/arkiv/klagesaker/2005-ansettelse-av-politistasjonssjeflensmann-mindretallsanke/","name":"Ansettelse av politistasjonssjef/lensmann - mindretallsanke - Arkiv","isPartOf":{"@id":"https://ldo.no/arkiv/#website"},"datePublished":"2005-01-01T00:00:00+00:00","dateModified":"2005-01-01T00:00:00+00:00","breadcrumb":{"@id":"https://ldo.no/arkiv/klagesaker/2005-ansettelse-av-politistasjonssjeflensmann-mindretallsanke/#breadcrumb"},"inLanguage":"nb-NO","potentialAction":[{"@type":"ReadAction","target":["https://ldo.no/arkiv/klagesaker/2005-ansettelse-av-politistasjonssjeflensmann-mindretallsanke/"]}]},{"@type":"BreadcrumbList","@id":"https://ldo.no/arkiv/klagesaker/2005-ansettelse-av-politistasjonssjeflensmann-mindretallsanke/#breadcrumb","itemListElement":[{"@type":"ListItem","position":1,"name":"Arkiv","item":"https://ldo.no/arkiv/"},{"@type":"ListItem","position":2,"name":"Klagesaker","item":"https://ldo.no/arkiv/?post-type=ldo-complaint"},{"@type":"ListItem","position":3,"name":"Ansettelse av politistasjonssjef/lensmann &#8211; mindretallsanke"}]},{"@type":"WebSite","@id":"https://ldo.no/arkiv/#website","url":"https://ldo.no/arkiv/","name":"LDO Arkiv","description":"Dette er ombudets arkiv. Her finner du klagesaker som ombudet i sin tid behandlet fra 1996 til 2017. Klagesaker utover dette finner du på Diskrimineringsnemndas hjemmeside. På disse arkivsidene finner du også eldre høringssvar som strekker seg fra 2023 og tilbake til 2006. Nyere høringssvar finner du på Publikasjoner, som du kan besøke ved å klikke på menyknappen øverst i høyre hjørne.","publisher":{"@id":"https://ldo.no/arkiv/#organization"},"potentialAction":[{"@type":"SearchAction","target":{"@type":"EntryPoint","urlTemplate":"https://ldo.no/arkiv/?s={search_term_string}"},"query-input":"required name=search_term_string"}],"inLanguage":"nb-NO"},{"@type":"Organization","@id":"https://ldo.no/arkiv/#organization","name":"LDO Arkiv","url":"https://ldo.no/arkiv/","logo":{"@type":"ImageObject","inLanguage":"nb-NO","@id":"https://ldo.no/arkiv/#/schema/logo/image/","url":"https://ldo.no/content/uploads/sites/2/2025/05/Property-1Default.svg","contentUrl":"https://ldo.no/content/uploads/sites/2/2025/05/Property-1Default.svg","caption":"LDO Arkiv"},"image":{"@id":"https://ldo.no/arkiv/#/schema/logo/image/"}}]}</script>
<!-- / Yoast SEO plugin. -->

Mindretallet i et ansettelsesråd henvendte seg til Likestillingsombudet vedrørende ansettelse i stilling som politistasjonssjef/lensmann. Anken var ikke begrunnet i likestillingshensyn, men siden det var uenigheter innad i ansettelsesrådet, ba det sentrale ansettelsesrådet om ombudets uttalelse før ansettelse ble gjort. Flertallet i ansettelsesrådet ville ansette en mann i stillingen, mens mindretallet ønsket å ansette en kvinne.

Dette er ombudets arkiv. Her finner du klagesaker som ombudet i sin tid behandlet fra 1996 til 2017. Klagesaker utover dette finner du på Diskrimineringsnemndas hjemmeside. På disse arkivsidene finner du også eldre høringssvar som strekker seg fra 2023 og tilbake til 2006. Nyere høringssvar finner du på Publikasjoner, som du kan besøke ved å klikke på menyknappen øverst i høyre hjørne.
