{"id":15968,"date":"2002-01-01T00:00:00","date_gmt":"2002-01-01T00:00:00","guid":{"rendered":"https:\/\/ldo.local\/arkiv\/klagesaker\/2002-fodselspermisjon-ga-ikke-fradrag-i-krav-til-praksis\/"},"modified":"2002-01-01T00:00:00","modified_gmt":"2002-01-01T00:00:00","slug":"2002-fodselspermisjon-ga-ikke-fradrag-i-krav-til-praksis","status":"publish","type":"ldo-complaint","link":"https:\/\/ldo.no\/arkiv\/klagesaker\/2002-fodselspermisjon-ga-ikke-fradrag-i-krav-til-praksis\/","title":{"rendered":"F\u00f8dselspermisjon ga ikke fradrag i krav til praksis"},"content":{"rendered":"<h1>F\u00f8dselspermisjon ga ikke fradrag i krav til praksis<\/h1>\n<article class=\"base-article inside\">\n<header>\n<div class=\"row\">\n<div class=\"col-sm-12\">\n<\/div>\n<\/div>\n<\/header>\n<section>\n<section class=\"lead\">\n<p>Arbeidstakere i f\u00f8dselspermisjon fikk ikke godkjent permisjonstiden som farmas\u00f8ytisk praksis for \u00e5 f\u00e5 driftskonsesjon. Klager \u00f8nsket at f\u00f8dselspermisjonstiden skulle godskrives som praksistid. <\/p>\n<\/section>\n<section>\n<p>I apotekloven stilles det krav til to \u00e5rs &laquo;farmas\u00f8ytisk praksis&raquo; for \u00e5 f\u00e5 driftskonsesjon. Statens legemiddelverk p\u00e5pekte at det var en forutsetning at praksisen var relatert til en stilling der man kunne utnytte sin farmas\u00f8ytiske kompetanse. Det var avgj\u00f8rende at arbeidstakeren faktisk hadde v\u00e6rt til stede og opparbeidet seg denne kompetansen. <\/p>\n<p>Likestillingsombudet konkluderte med at det ikke var i strid med likestillingsloven at f\u00f8dselspermisjonen ikke ble godskrevet som praksistid. Praksiskravet skulle sikre at driftkonsesjon\u00e6rene hadde de erfaringer og ferdigheter som ble ansett som n\u00f8dvendige for en som skulle drive apotek. Kravene som ble stilt til kvalitet og sikkerhet i denne virksomheten talte for at praksisen m\u00e5tte v\u00e6re relevant i forhold til det \u00e5 f\u00e5 driftskonsesjon og det var avgj\u00f8rende at arbeidstakeren faktisk hadde v\u00e6rt til stede og opparbeidet seg denne kompetansen. Likestilingsombudet mente dette var en forst\u00e5lig og akseptabel begrunnelse.<\/p>\n<p>Saksnummer: 2002\/078<br \/>Emne: Driftskonsesjon<br \/>Klager: kvinne<br \/>Lovanvendelse: \u00a7 3.2<\/p>\n<\/section>\n<\/section>\n<\/article>\n","protected":false},"excerpt":{"rendered":"<p>Arbeidstakere i f\u00f8dselspermisjon fikk ikke godkjent permisjonstiden som farmas\u00f8ytisk praksis for \u00e5 f\u00e5 driftskonsesjon. Klager \u00f8nsket at f\u00f8dselspermisjonstiden skulle godskrives som praksistid.<\/p>\n","protected":false},"template":"","meta":{"footnotes":""},"ldo-archive-year":[14],"class_list":["post-15968","ldo-complaint","type-ldo-complaint","status-publish","hentry","ldo-archive-year-14"],"yoast_head":"<!-- This site is optimized with the Yoast SEO plugin v22.9 - https:\/\/yoast.com\/wordpress\/plugins\/seo\/ -->\n<title>F\u00f8dselspermisjon ga ikke fradrag i krav til praksis - Arkiv<\/title>\n<meta name=\"robots\" content=\"index, follow, max-snippet:-1, max-image-preview:large, max-video-preview:-1\" \/>\n<link rel=\"canonical\" href=\"https:\/\/ldo.no\/arkiv\/klagesaker\/2002-fodselspermisjon-ga-ikke-fradrag-i-krav-til-praksis\/\" \/>\n<meta property=\"og:locale\" content=\"nb_NO\" \/>\n<meta property=\"og:type\" content=\"article\" \/>\n<meta property=\"og:title\" content=\"F\u00f8dselspermisjon ga ikke fradrag i krav til praksis - Arkiv\" \/>\n<meta property=\"og:description\" content=\"Arbeidstakere i f\u00f8dselspermisjon fikk ikke godkjent permisjonstiden som farmas\u00f8ytisk praksis for \u00e5 f\u00e5 driftskonsesjon. Klager \u00f8nsket at f\u00f8dselspermisjonstiden skulle godskrives som praksistid.\" \/>\n<meta property=\"og:url\" content=\"https:\/\/ldo.no\/arkiv\/klagesaker\/2002-fodselspermisjon-ga-ikke-fradrag-i-krav-til-praksis\/\" \/>\n<meta property=\"og:site_name\" content=\"Arkiv\" \/>\n<meta name=\"twitter:card\" content=\"summary_large_image\" \/>\n<meta name=\"twitter:label1\" content=\"Ansl. lesetid\" \/>\n\t<meta name=\"twitter:data1\" content=\"1 minutt\" \/>\n<script type=\"application\/ld+json\" class=\"yoast-schema-graph\">{\"@context\":\"https:\/\/schema.org\",\"@graph\":[{\"@type\":\"WebPage\",\"@id\":\"https:\/\/ldo.no\/arkiv\/klagesaker\/2002-fodselspermisjon-ga-ikke-fradrag-i-krav-til-praksis\/\",\"url\":\"https:\/\/ldo.no\/arkiv\/klagesaker\/2002-fodselspermisjon-ga-ikke-fradrag-i-krav-til-praksis\/\",\"name\":\"F\u00f8dselspermisjon ga ikke fradrag i krav til praksis - Arkiv\",\"isPartOf\":{\"@id\":\"https:\/\/ldo.no\/arkiv\/#website\"},\"datePublished\":\"2002-01-01T00:00:00+00:00\",\"dateModified\":\"2002-01-01T00:00:00+00:00\",\"breadcrumb\":{\"@id\":\"https:\/\/ldo.no\/arkiv\/klagesaker\/2002-fodselspermisjon-ga-ikke-fradrag-i-krav-til-praksis\/#breadcrumb\"},\"inLanguage\":\"nb-NO\",\"potentialAction\":[{\"@type\":\"ReadAction\",\"target\":[\"https:\/\/ldo.no\/arkiv\/klagesaker\/2002-fodselspermisjon-ga-ikke-fradrag-i-krav-til-praksis\/\"]}]},{\"@type\":\"BreadcrumbList\",\"@id\":\"https:\/\/ldo.no\/arkiv\/klagesaker\/2002-fodselspermisjon-ga-ikke-fradrag-i-krav-til-praksis\/#breadcrumb\",\"itemListElement\":[{\"@type\":\"ListItem\",\"position\":1,\"name\":\"Arkiv\",\"item\":\"https:\/\/ldo.no\/arkiv\/\"},{\"@type\":\"ListItem\",\"position\":2,\"name\":\"Klagesaker\",\"item\":\"https:\/\/ldo.no\/arkiv\/?post-type=ldo-complaint\"},{\"@type\":\"ListItem\",\"position\":3,\"name\":\"F\u00f8dselspermisjon ga ikke fradrag i krav til praksis\"}]},{\"@type\":\"WebSite\",\"@id\":\"https:\/\/ldo.no\/arkiv\/#website\",\"url\":\"https:\/\/ldo.no\/arkiv\/\",\"name\":\"LDO Arkiv\",\"description\":\"Dette er ombudets arkiv. Her finner du klagesaker som ombudet i sin tid behandlet fra 1996 til 2017. Klagesaker utover dette finner du p\u00e5 Diskrimineringsnemndas hjemmeside. P\u00e5 disse arkivsidene finner du ogs\u00e5 eldre h\u00f8ringssvar som strekker seg fra 2023 og tilbake til 2006. Nyere h\u00f8ringssvar finner du p\u00e5 Publikasjoner, som du kan bes\u00f8ke ved \u00e5 klikke p\u00e5 menyknappen \u00f8verst i h\u00f8yre hj\u00f8rne.\",\"publisher\":{\"@id\":\"https:\/\/ldo.no\/arkiv\/#organization\"},\"potentialAction\":[{\"@type\":\"SearchAction\",\"target\":{\"@type\":\"EntryPoint\",\"urlTemplate\":\"https:\/\/ldo.no\/arkiv\/?s={search_term_string}\"},\"query-input\":\"required name=search_term_string\"}],\"inLanguage\":\"nb-NO\"},{\"@type\":\"Organization\",\"@id\":\"https:\/\/ldo.no\/arkiv\/#organization\",\"name\":\"LDO Arkiv\",\"url\":\"https:\/\/ldo.no\/arkiv\/\",\"logo\":{\"@type\":\"ImageObject\",\"inLanguage\":\"nb-NO\",\"@id\":\"https:\/\/ldo.no\/arkiv\/#\/schema\/logo\/image\/\",\"url\":\"https:\/\/ldo.no\/content\/uploads\/sites\/2\/2025\/05\/Property-1Default.svg\",\"contentUrl\":\"https:\/\/ldo.no\/content\/uploads\/sites\/2\/2025\/05\/Property-1Default.svg\",\"caption\":\"LDO Arkiv\"},\"image\":{\"@id\":\"https:\/\/ldo.no\/arkiv\/#\/schema\/logo\/image\/\"}}]}<\/script>\n<!-- \/ Yoast SEO plugin. -->","yoast_head_json":{"title":"F\u00f8dselspermisjon ga ikke fradrag i krav til praksis - Arkiv","robots":{"index":"index","follow":"follow","max-snippet":"max-snippet:-1","max-image-preview":"max-image-preview:large","max-video-preview":"max-video-preview:-1"},"canonical":"https:\/\/ldo.no\/arkiv\/klagesaker\/2002-fodselspermisjon-ga-ikke-fradrag-i-krav-til-praksis\/","og_locale":"nb_NO","og_type":"article","og_title":"F\u00f8dselspermisjon ga ikke fradrag i krav til praksis - Arkiv","og_description":"Arbeidstakere i f\u00f8dselspermisjon fikk ikke godkjent permisjonstiden som farmas\u00f8ytisk praksis for \u00e5 f\u00e5 driftskonsesjon. Klager \u00f8nsket at f\u00f8dselspermisjonstiden skulle godskrives som praksistid.","og_url":"https:\/\/ldo.no\/arkiv\/klagesaker\/2002-fodselspermisjon-ga-ikke-fradrag-i-krav-til-praksis\/","og_site_name":"Arkiv","twitter_card":"summary_large_image","twitter_misc":{"Ansl. lesetid":"1 minutt"},"schema":{"@context":"https:\/\/schema.org","@graph":[{"@type":"WebPage","@id":"https:\/\/ldo.no\/arkiv\/klagesaker\/2002-fodselspermisjon-ga-ikke-fradrag-i-krav-til-praksis\/","url":"https:\/\/ldo.no\/arkiv\/klagesaker\/2002-fodselspermisjon-ga-ikke-fradrag-i-krav-til-praksis\/","name":"F\u00f8dselspermisjon ga ikke fradrag i krav til praksis - Arkiv","isPartOf":{"@id":"https:\/\/ldo.no\/arkiv\/#website"},"datePublished":"2002-01-01T00:00:00+00:00","dateModified":"2002-01-01T00:00:00+00:00","breadcrumb":{"@id":"https:\/\/ldo.no\/arkiv\/klagesaker\/2002-fodselspermisjon-ga-ikke-fradrag-i-krav-til-praksis\/#breadcrumb"},"inLanguage":"nb-NO","potentialAction":[{"@type":"ReadAction","target":["https:\/\/ldo.no\/arkiv\/klagesaker\/2002-fodselspermisjon-ga-ikke-fradrag-i-krav-til-praksis\/"]}]},{"@type":"BreadcrumbList","@id":"https:\/\/ldo.no\/arkiv\/klagesaker\/2002-fodselspermisjon-ga-ikke-fradrag-i-krav-til-praksis\/#breadcrumb","itemListElement":[{"@type":"ListItem","position":1,"name":"Arkiv","item":"https:\/\/ldo.no\/arkiv\/"},{"@type":"ListItem","position":2,"name":"Klagesaker","item":"https:\/\/ldo.no\/arkiv\/?post-type=ldo-complaint"},{"@type":"ListItem","position":3,"name":"F\u00f8dselspermisjon ga ikke fradrag i krav til praksis"}]},{"@type":"WebSite","@id":"https:\/\/ldo.no\/arkiv\/#website","url":"https:\/\/ldo.no\/arkiv\/","name":"LDO Arkiv","description":"Dette er ombudets arkiv. Her finner du klagesaker som ombudet i sin tid behandlet fra 1996 til 2017. Klagesaker utover dette finner du p\u00e5 Diskrimineringsnemndas hjemmeside. P\u00e5 disse arkivsidene finner du ogs\u00e5 eldre h\u00f8ringssvar som strekker seg fra 2023 og tilbake til 2006. Nyere h\u00f8ringssvar finner du p\u00e5 Publikasjoner, som du kan bes\u00f8ke ved \u00e5 klikke p\u00e5 menyknappen \u00f8verst i h\u00f8yre hj\u00f8rne.","publisher":{"@id":"https:\/\/ldo.no\/arkiv\/#organization"},"potentialAction":[{"@type":"SearchAction","target":{"@type":"EntryPoint","urlTemplate":"https:\/\/ldo.no\/arkiv\/?s={search_term_string}"},"query-input":"required name=search_term_string"}],"inLanguage":"nb-NO"},{"@type":"Organization","@id":"https:\/\/ldo.no\/arkiv\/#organization","name":"LDO Arkiv","url":"https:\/\/ldo.no\/arkiv\/","logo":{"@type":"ImageObject","inLanguage":"nb-NO","@id":"https:\/\/ldo.no\/arkiv\/#\/schema\/logo\/image\/","url":"https:\/\/ldo.no\/content\/uploads\/sites\/2\/2025\/05\/Property-1Default.svg","contentUrl":"https:\/\/ldo.no\/content\/uploads\/sites\/2\/2025\/05\/Property-1Default.svg","caption":"LDO Arkiv"},"image":{"@id":"https:\/\/ldo.no\/arkiv\/#\/schema\/logo\/image\/"}}]}},"_links":{"self":[{"href":"https:\/\/ldo.no\/arkiv\/wp-json\/wp\/v2\/ldo-complaint\/15968"}],"collection":[{"href":"https:\/\/ldo.no\/arkiv\/wp-json\/wp\/v2\/ldo-complaint"}],"about":[{"href":"https:\/\/ldo.no\/arkiv\/wp-json\/wp\/v2\/types\/ldo-complaint"}],"version-history":[{"count":0,"href":"https:\/\/ldo.no\/arkiv\/wp-json\/wp\/v2\/ldo-complaint\/15968\/revisions"}],"wp:attachment":[{"href":"https:\/\/ldo.no\/arkiv\/wp-json\/wp\/v2\/media?parent=15968"}],"wp:term":[{"taxonomy":"ldo-archive-year","embeddable":true,"href":"https:\/\/ldo.no\/arkiv\/wp-json\/wp\/v2\/ldo-archive-year?post=15968"}],"curies":[{"name":"wp","href":"https:\/\/api.w.org\/{rel}","templated":true}]}}

Fødselspermisjon ga ikke fradrag i krav til praksis

<h1>Fødselspermisjon ga ikke fradrag i krav til praksis</h1>
<article class="base-article inside">
<header>
<div class="row">
<div class="col-sm-12">
</div>
</div>
</header>
<section>
<section class="lead">
<p>Arbeidstakere i fødselspermisjon fikk ikke godkjent permisjonstiden som farmasøytisk praksis for å få driftskonsesjon. Klager ønsket at fødselspermisjonstiden skulle godskrives som praksistid. </p>
</section>
<section>
<p>I apotekloven stilles det krav til to års &laquo;farmasøytisk praksis&raquo; for å få driftskonsesjon. Statens legemiddelverk påpekte at det var en forutsetning at praksisen var relatert til en stilling der man kunne utnytte sin farmasøytiske kompetanse. Det var avgjørende at arbeidstakeren faktisk hadde vært til stede og opparbeidet seg denne kompetansen. </p>
<p>Likestillingsombudet konkluderte med at det ikke var i strid med likestillingsloven at fødselspermisjonen ikke ble godskrevet som praksistid. Praksiskravet skulle sikre at driftkonsesjonærene hadde de erfaringer og ferdigheter som ble ansett som nødvendige for en som skulle drive apotek. Kravene som ble stilt til kvalitet og sikkerhet i denne virksomheten talte for at praksisen måtte være relevant i forhold til det å få driftskonsesjon og det var avgjørende at arbeidstakeren faktisk hadde vært til stede og opparbeidet seg denne kompetansen. Likestilingsombudet mente dette var en forstålig og akseptabel begrunnelse.</p>
<p>Saksnummer: 2002/078<br />Emne: Driftskonsesjon<br />Klager: kvinne<br />Lovanvendelse: § 3.2</p>
</section>
</section>
</article>

<p>Arbeidstakere i fødselspermisjon fikk ikke godkjent permisjonstiden som farmasøytisk praksis for å få driftskonsesjon. Klager ønsket at fødselspermisjonstiden skulle godskrives som praksistid.</p>

<!-- This site is optimized with the Yoast SEO plugin v22.9 - https://yoast.com/wordpress/plugins/seo/ -->
<title>Fødselspermisjon ga ikke fradrag i krav til praksis - Arkiv</title>
<meta name="robots" content="index, follow, max-snippet:-1, max-image-preview:large, max-video-preview:-1" />
<link rel="canonical" href="https://ldo.no/arkiv/klagesaker/2002-fodselspermisjon-ga-ikke-fradrag-i-krav-til-praksis/" />
<meta property="og:locale" content="nb_NO" />
<meta property="og:type" content="article" />
<meta property="og:title" content="Fødselspermisjon ga ikke fradrag i krav til praksis - Arkiv" />
<meta property="og:description" content="Arbeidstakere i fødselspermisjon fikk ikke godkjent permisjonstiden som farmasøytisk praksis for å få driftskonsesjon. Klager ønsket at fødselspermisjonstiden skulle godskrives som praksistid." />
<meta property="og:url" content="https://ldo.no/arkiv/klagesaker/2002-fodselspermisjon-ga-ikke-fradrag-i-krav-til-praksis/" />
<meta property="og:site_name" content="Arkiv" />
<meta name="twitter:card" content="summary_large_image" />
<meta name="twitter:label1" content="Ansl. lesetid" />
	<meta name="twitter:data1" content="1 minutt" />
<script type="application/ld+json" class="yoast-schema-graph">{"@context":"https://schema.org","@graph":[{"@type":"WebPage","@id":"https://ldo.no/arkiv/klagesaker/2002-fodselspermisjon-ga-ikke-fradrag-i-krav-til-praksis/","url":"https://ldo.no/arkiv/klagesaker/2002-fodselspermisjon-ga-ikke-fradrag-i-krav-til-praksis/","name":"Fødselspermisjon ga ikke fradrag i krav til praksis - Arkiv","isPartOf":{"@id":"https://ldo.no/arkiv/#website"},"datePublished":"2002-01-01T00:00:00+00:00","dateModified":"2002-01-01T00:00:00+00:00","breadcrumb":{"@id":"https://ldo.no/arkiv/klagesaker/2002-fodselspermisjon-ga-ikke-fradrag-i-krav-til-praksis/#breadcrumb"},"inLanguage":"nb-NO","potentialAction":[{"@type":"ReadAction","target":["https://ldo.no/arkiv/klagesaker/2002-fodselspermisjon-ga-ikke-fradrag-i-krav-til-praksis/"]}]},{"@type":"BreadcrumbList","@id":"https://ldo.no/arkiv/klagesaker/2002-fodselspermisjon-ga-ikke-fradrag-i-krav-til-praksis/#breadcrumb","itemListElement":[{"@type":"ListItem","position":1,"name":"Arkiv","item":"https://ldo.no/arkiv/"},{"@type":"ListItem","position":2,"name":"Klagesaker","item":"https://ldo.no/arkiv/?post-type=ldo-complaint"},{"@type":"ListItem","position":3,"name":"Fødselspermisjon ga ikke fradrag i krav til praksis"}]},{"@type":"WebSite","@id":"https://ldo.no/arkiv/#website","url":"https://ldo.no/arkiv/","name":"LDO Arkiv","description":"Dette er ombudets arkiv. Her finner du klagesaker som ombudet i sin tid behandlet fra 1996 til 2017. Klagesaker utover dette finner du på Diskrimineringsnemndas hjemmeside. På disse arkivsidene finner du også eldre høringssvar som strekker seg fra 2023 og tilbake til 2006. Nyere høringssvar finner du på Publikasjoner, som du kan besøke ved å klikke på menyknappen øverst i høyre hjørne.","publisher":{"@id":"https://ldo.no/arkiv/#organization"},"potentialAction":[{"@type":"SearchAction","target":{"@type":"EntryPoint","urlTemplate":"https://ldo.no/arkiv/?s={search_term_string}"},"query-input":"required name=search_term_string"}],"inLanguage":"nb-NO"},{"@type":"Organization","@id":"https://ldo.no/arkiv/#organization","name":"LDO Arkiv","url":"https://ldo.no/arkiv/","logo":{"@type":"ImageObject","inLanguage":"nb-NO","@id":"https://ldo.no/arkiv/#/schema/logo/image/","url":"https://ldo.no/content/uploads/sites/2/2025/05/Property-1Default.svg","contentUrl":"https://ldo.no/content/uploads/sites/2/2025/05/Property-1Default.svg","caption":"LDO Arkiv"},"image":{"@id":"https://ldo.no/arkiv/#/schema/logo/image/"}}]}</script>
<!-- / Yoast SEO plugin. -->

Fødselspermisjon ga ikke fradrag i krav til praksis - Arkiv

Arbeidstakere i fødselspermisjon fikk ikke godkjent permisjonstiden som farmasøytisk praksis for å få driftskonsesjon. Klager ønsket at fødselspermisjonstiden skulle godskrives som praksistid.

Dette er ombudets arkiv. Her finner du klagesaker som ombudet i sin tid behandlet fra 1996 til 2017. Klagesaker utover dette finner du på Diskrimineringsnemndas hjemmeside. På disse arkivsidene finner du også eldre høringssvar som strekker seg fra 2023 og tilbake til 2006. Nyere høringssvar finner du på Publikasjoner, som du kan besøke ved å klikke på menyknappen øverst i høyre hjørne.
