{"id":15983,"date":"2002-01-01T00:00:00","date_gmt":"2002-01-01T00:00:00","guid":{"rendered":"https:\/\/ldo.local\/arkiv\/klagesaker\/2002-regjeringens-tiltak-for-styrking-av-minoriteters-yrkesdeltakelse\/"},"modified":"2002-01-01T00:00:00","modified_gmt":"2002-01-01T00:00:00","slug":"2002-regjeringens-tiltak-for-styrking-av-minoriteters-yrkesdeltakelse","status":"publish","type":"ldo-complaint","link":"https:\/\/ldo.no\/arkiv\/klagesaker\/2002-regjeringens-tiltak-for-styrking-av-minoriteters-yrkesdeltakelse\/","title":{"rendered":"Regjeringens tiltak for styrking av minoriteters yrkesdeltakelse"},"content":{"rendered":"<h1>Regjeringens tiltak for styrking av minoriteters yrkesdeltakelse<\/h1>\n<article class=\"base-article inside\">\n<header>\n<div class=\"row\">\n<div class=\"col-sm-12\">\n<\/div>\n<\/div>\n<\/header>\n<section>\n<section class=\"lead\">\n<p>Som ett av tiltakene i Regjeringens handlingsplan mot rasisme og diskriminering, p\u00e5la Regjeringen statlige virksomheter \u00e5 innkalle minst en s\u00f8ker med innvandrerbakgrunn til intervju for hver stilling som ble utlyst. Forutsetningen var at s\u00f8keren var kvalifisert til stillingen. <\/p>\n<\/section>\n<section>\n<p>P\u00e5 bakgrunn av dette p\u00e5legget henvendte Likestillingsombudet seg til Arbeids- og Administrasjonsdepartementet og p\u00e5pekte at tilsvarende instruks ikke var blitt gitt p\u00e5 likestillingsomr\u00e5det. Mannsdominerte bedrifter har for eksempel aldri f\u00e5tt p\u00e5legg om \u00e5 innkalle minst en kvinne til intervju. Etter Ombudets syn ville en slik instruks v\u00e6rt nyttig ogs\u00e5 p\u00e5 likestillingsomr\u00e5det. Ombudet ba derfor departementet om \u00e5 vurdere dette, og viste i denne sammenheng til aktivitetsplikten i likestillingsloven \u00a7 1a, som inneb\u00e6rer at offentlige myndigheter p\u00e5legges \u00e5 arbeide aktivt, m\u00e5lrettet og planmessig for likestilling mellom kj\u00f8nnene p\u00e5 alle samfunnsomr\u00e5der. Alle arbeidsgivere har en tilsvarende aktivitetsplikt innenfor sin virksomhet. <\/p>\n<p>Departementet svarte at man allerede arbeider m\u00e5lrettet p\u00e5 flere omr\u00e5der innenfor det likestillingspolitiske feltet i statlig sektor. Det ble i denne sammenheng fremhevet tre omr\u00e5der, likel\u00f8nnsf\u00f8ringene i Hovedtariffavtalen i staten, arbeidet med \u00e5 \u00f8ke andelen kvinner i lederstillinger i staten og et nytt punkt i Hovedavtalen som omfatter mangfold i virksomhetenes personalsammensetning. Departementet ans\u00e5 det ikke hensiktsmessig \u00e5 innf\u00f8re ytterligere tiltak p\u00e5 dav\u00e6rende tidspunkt, men ville f\u00f8lge utviklingen n\u00f8ye n\u00e5r det gjelder kvinne- og mannsdominerte arbeidsplasser innenfor statlig sektor.<\/p>\n<p>Saksnummer: 2002\/293<br \/>Emne: instruks, innkalling, intervju, minoriteter, innvandrer<br \/>Klager: eget tiltak<br \/>Lovanvendelse: \u00a7 3.3<\/p>\n<\/section>\n<\/section>\n<\/article>\n","protected":false},"excerpt":{"rendered":"<p>Som ett av tiltakene i Regjeringens handlingsplan mot rasisme og diskriminering, p\u00e5la Regjeringen statlige virksomheter \u00e5 innkalle minst en s\u00f8ker med innvandrerbakgrunn til intervju for hver stilling som ble utlyst. Forutsetningen var at s\u00f8keren var kvalifisert til stillingen.<\/p>\n","protected":false},"template":"","meta":{"footnotes":""},"ldo-archive-year":[14],"class_list":["post-15983","ldo-complaint","type-ldo-complaint","status-publish","hentry","ldo-archive-year-14"],"yoast_head":"<!-- This site is optimized with the Yoast SEO plugin v22.9 - https:\/\/yoast.com\/wordpress\/plugins\/seo\/ -->\n<title>Regjeringens tiltak for styrking av minoriteters yrkesdeltakelse - Arkiv<\/title>\n<meta name=\"robots\" content=\"index, follow, max-snippet:-1, max-image-preview:large, max-video-preview:-1\" \/>\n<link rel=\"canonical\" href=\"https:\/\/ldo.no\/arkiv\/klagesaker\/2002-regjeringens-tiltak-for-styrking-av-minoriteters-yrkesdeltakelse\/\" \/>\n<meta property=\"og:locale\" content=\"nb_NO\" \/>\n<meta property=\"og:type\" content=\"article\" \/>\n<meta property=\"og:title\" content=\"Regjeringens tiltak for styrking av minoriteters yrkesdeltakelse - Arkiv\" \/>\n<meta property=\"og:description\" content=\"Som ett av tiltakene i Regjeringens handlingsplan mot rasisme og diskriminering, p\u00e5la Regjeringen statlige virksomheter \u00e5 innkalle minst en s\u00f8ker med innvandrerbakgrunn til intervju for hver stilling som ble utlyst. Forutsetningen var at s\u00f8keren var kvalifisert til stillingen.\" \/>\n<meta property=\"og:url\" content=\"https:\/\/ldo.no\/arkiv\/klagesaker\/2002-regjeringens-tiltak-for-styrking-av-minoriteters-yrkesdeltakelse\/\" \/>\n<meta property=\"og:site_name\" content=\"Arkiv\" \/>\n<meta name=\"twitter:card\" content=\"summary_large_image\" \/>\n<meta name=\"twitter:label1\" content=\"Ansl. lesetid\" \/>\n\t<meta name=\"twitter:data1\" content=\"1 minutt\" \/>\n<script type=\"application\/ld+json\" class=\"yoast-schema-graph\">{\"@context\":\"https:\/\/schema.org\",\"@graph\":[{\"@type\":\"WebPage\",\"@id\":\"https:\/\/ldo.no\/arkiv\/klagesaker\/2002-regjeringens-tiltak-for-styrking-av-minoriteters-yrkesdeltakelse\/\",\"url\":\"https:\/\/ldo.no\/arkiv\/klagesaker\/2002-regjeringens-tiltak-for-styrking-av-minoriteters-yrkesdeltakelse\/\",\"name\":\"Regjeringens tiltak for styrking av minoriteters yrkesdeltakelse - Arkiv\",\"isPartOf\":{\"@id\":\"https:\/\/ldo.no\/arkiv\/#website\"},\"datePublished\":\"2002-01-01T00:00:00+00:00\",\"dateModified\":\"2002-01-01T00:00:00+00:00\",\"breadcrumb\":{\"@id\":\"https:\/\/ldo.no\/arkiv\/klagesaker\/2002-regjeringens-tiltak-for-styrking-av-minoriteters-yrkesdeltakelse\/#breadcrumb\"},\"inLanguage\":\"nb-NO\",\"potentialAction\":[{\"@type\":\"ReadAction\",\"target\":[\"https:\/\/ldo.no\/arkiv\/klagesaker\/2002-regjeringens-tiltak-for-styrking-av-minoriteters-yrkesdeltakelse\/\"]}]},{\"@type\":\"BreadcrumbList\",\"@id\":\"https:\/\/ldo.no\/arkiv\/klagesaker\/2002-regjeringens-tiltak-for-styrking-av-minoriteters-yrkesdeltakelse\/#breadcrumb\",\"itemListElement\":[{\"@type\":\"ListItem\",\"position\":1,\"name\":\"Arkiv\",\"item\":\"https:\/\/ldo.no\/arkiv\/\"},{\"@type\":\"ListItem\",\"position\":2,\"name\":\"Klagesaker\",\"item\":\"https:\/\/ldo.no\/arkiv\/?post-type=ldo-complaint\"},{\"@type\":\"ListItem\",\"position\":3,\"name\":\"Regjeringens tiltak for styrking av minoriteters yrkesdeltakelse\"}]},{\"@type\":\"WebSite\",\"@id\":\"https:\/\/ldo.no\/arkiv\/#website\",\"url\":\"https:\/\/ldo.no\/arkiv\/\",\"name\":\"LDO Arkiv\",\"description\":\"Dette er ombudets arkiv. Her finner du klagesaker som ombudet i sin tid behandlet fra 1996 til 2017. Klagesaker utover dette finner du p\u00e5 Diskrimineringsnemndas hjemmeside. P\u00e5 disse arkivsidene finner du ogs\u00e5 eldre h\u00f8ringssvar som strekker seg fra 2023 og tilbake til 2006. Nyere h\u00f8ringssvar finner du p\u00e5 Publikasjoner, som du kan bes\u00f8ke ved \u00e5 klikke p\u00e5 menyknappen \u00f8verst i h\u00f8yre hj\u00f8rne.\",\"publisher\":{\"@id\":\"https:\/\/ldo.no\/arkiv\/#organization\"},\"potentialAction\":[{\"@type\":\"SearchAction\",\"target\":{\"@type\":\"EntryPoint\",\"urlTemplate\":\"https:\/\/ldo.no\/arkiv\/?s={search_term_string}\"},\"query-input\":\"required name=search_term_string\"}],\"inLanguage\":\"nb-NO\"},{\"@type\":\"Organization\",\"@id\":\"https:\/\/ldo.no\/arkiv\/#organization\",\"name\":\"LDO Arkiv\",\"url\":\"https:\/\/ldo.no\/arkiv\/\",\"logo\":{\"@type\":\"ImageObject\",\"inLanguage\":\"nb-NO\",\"@id\":\"https:\/\/ldo.no\/arkiv\/#\/schema\/logo\/image\/\",\"url\":\"https:\/\/ldo.no\/content\/uploads\/sites\/2\/2025\/05\/Property-1Default.svg\",\"contentUrl\":\"https:\/\/ldo.no\/content\/uploads\/sites\/2\/2025\/05\/Property-1Default.svg\",\"caption\":\"LDO Arkiv\"},\"image\":{\"@id\":\"https:\/\/ldo.no\/arkiv\/#\/schema\/logo\/image\/\"}}]}<\/script>\n<!-- \/ Yoast SEO plugin. -->","yoast_head_json":{"title":"Regjeringens tiltak for styrking av minoriteters yrkesdeltakelse - Arkiv","robots":{"index":"index","follow":"follow","max-snippet":"max-snippet:-1","max-image-preview":"max-image-preview:large","max-video-preview":"max-video-preview:-1"},"canonical":"https:\/\/ldo.no\/arkiv\/klagesaker\/2002-regjeringens-tiltak-for-styrking-av-minoriteters-yrkesdeltakelse\/","og_locale":"nb_NO","og_type":"article","og_title":"Regjeringens tiltak for styrking av minoriteters yrkesdeltakelse - Arkiv","og_description":"Som ett av tiltakene i Regjeringens handlingsplan mot rasisme og diskriminering, p\u00e5la Regjeringen statlige virksomheter \u00e5 innkalle minst en s\u00f8ker med innvandrerbakgrunn til intervju for hver stilling som ble utlyst. Forutsetningen var at s\u00f8keren var kvalifisert til stillingen.","og_url":"https:\/\/ldo.no\/arkiv\/klagesaker\/2002-regjeringens-tiltak-for-styrking-av-minoriteters-yrkesdeltakelse\/","og_site_name":"Arkiv","twitter_card":"summary_large_image","twitter_misc":{"Ansl. lesetid":"1 minutt"},"schema":{"@context":"https:\/\/schema.org","@graph":[{"@type":"WebPage","@id":"https:\/\/ldo.no\/arkiv\/klagesaker\/2002-regjeringens-tiltak-for-styrking-av-minoriteters-yrkesdeltakelse\/","url":"https:\/\/ldo.no\/arkiv\/klagesaker\/2002-regjeringens-tiltak-for-styrking-av-minoriteters-yrkesdeltakelse\/","name":"Regjeringens tiltak for styrking av minoriteters yrkesdeltakelse - Arkiv","isPartOf":{"@id":"https:\/\/ldo.no\/arkiv\/#website"},"datePublished":"2002-01-01T00:00:00+00:00","dateModified":"2002-01-01T00:00:00+00:00","breadcrumb":{"@id":"https:\/\/ldo.no\/arkiv\/klagesaker\/2002-regjeringens-tiltak-for-styrking-av-minoriteters-yrkesdeltakelse\/#breadcrumb"},"inLanguage":"nb-NO","potentialAction":[{"@type":"ReadAction","target":["https:\/\/ldo.no\/arkiv\/klagesaker\/2002-regjeringens-tiltak-for-styrking-av-minoriteters-yrkesdeltakelse\/"]}]},{"@type":"BreadcrumbList","@id":"https:\/\/ldo.no\/arkiv\/klagesaker\/2002-regjeringens-tiltak-for-styrking-av-minoriteters-yrkesdeltakelse\/#breadcrumb","itemListElement":[{"@type":"ListItem","position":1,"name":"Arkiv","item":"https:\/\/ldo.no\/arkiv\/"},{"@type":"ListItem","position":2,"name":"Klagesaker","item":"https:\/\/ldo.no\/arkiv\/?post-type=ldo-complaint"},{"@type":"ListItem","position":3,"name":"Regjeringens tiltak for styrking av minoriteters yrkesdeltakelse"}]},{"@type":"WebSite","@id":"https:\/\/ldo.no\/arkiv\/#website","url":"https:\/\/ldo.no\/arkiv\/","name":"LDO Arkiv","description":"Dette er ombudets arkiv. Her finner du klagesaker som ombudet i sin tid behandlet fra 1996 til 2017. Klagesaker utover dette finner du p\u00e5 Diskrimineringsnemndas hjemmeside. P\u00e5 disse arkivsidene finner du ogs\u00e5 eldre h\u00f8ringssvar som strekker seg fra 2023 og tilbake til 2006. Nyere h\u00f8ringssvar finner du p\u00e5 Publikasjoner, som du kan bes\u00f8ke ved \u00e5 klikke p\u00e5 menyknappen \u00f8verst i h\u00f8yre hj\u00f8rne.","publisher":{"@id":"https:\/\/ldo.no\/arkiv\/#organization"},"potentialAction":[{"@type":"SearchAction","target":{"@type":"EntryPoint","urlTemplate":"https:\/\/ldo.no\/arkiv\/?s={search_term_string}"},"query-input":"required name=search_term_string"}],"inLanguage":"nb-NO"},{"@type":"Organization","@id":"https:\/\/ldo.no\/arkiv\/#organization","name":"LDO Arkiv","url":"https:\/\/ldo.no\/arkiv\/","logo":{"@type":"ImageObject","inLanguage":"nb-NO","@id":"https:\/\/ldo.no\/arkiv\/#\/schema\/logo\/image\/","url":"https:\/\/ldo.no\/content\/uploads\/sites\/2\/2025\/05\/Property-1Default.svg","contentUrl":"https:\/\/ldo.no\/content\/uploads\/sites\/2\/2025\/05\/Property-1Default.svg","caption":"LDO Arkiv"},"image":{"@id":"https:\/\/ldo.no\/arkiv\/#\/schema\/logo\/image\/"}}]}},"_links":{"self":[{"href":"https:\/\/ldo.no\/arkiv\/wp-json\/wp\/v2\/ldo-complaint\/15983"}],"collection":[{"href":"https:\/\/ldo.no\/arkiv\/wp-json\/wp\/v2\/ldo-complaint"}],"about":[{"href":"https:\/\/ldo.no\/arkiv\/wp-json\/wp\/v2\/types\/ldo-complaint"}],"version-history":[{"count":0,"href":"https:\/\/ldo.no\/arkiv\/wp-json\/wp\/v2\/ldo-complaint\/15983\/revisions"}],"wp:attachment":[{"href":"https:\/\/ldo.no\/arkiv\/wp-json\/wp\/v2\/media?parent=15983"}],"wp:term":[{"taxonomy":"ldo-archive-year","embeddable":true,"href":"https:\/\/ldo.no\/arkiv\/wp-json\/wp\/v2\/ldo-archive-year?post=15983"}],"curies":[{"name":"wp","href":"https:\/\/api.w.org\/{rel}","templated":true}]}}

<h1>Regjeringens tiltak for styrking av minoriteters yrkesdeltakelse</h1>
<article class="base-article inside">
<header>
<div class="row">
<div class="col-sm-12">
</div>
</div>
</header>
<section>
<section class="lead">
<p>Som ett av tiltakene i Regjeringens handlingsplan mot rasisme og diskriminering, påla Regjeringen statlige virksomheter å innkalle minst en søker med innvandrerbakgrunn til intervju for hver stilling som ble utlyst. Forutsetningen var at søkeren var kvalifisert til stillingen. </p>
</section>
<section>
<p>På bakgrunn av dette pålegget henvendte Likestillingsombudet seg til Arbeids- og Administrasjonsdepartementet og påpekte at tilsvarende instruks ikke var blitt gitt på likestillingsområdet. Mannsdominerte bedrifter har for eksempel aldri fått pålegg om å innkalle minst en kvinne til intervju. Etter Ombudets syn ville en slik instruks vært nyttig også på likestillingsområdet. Ombudet ba derfor departementet om å vurdere dette, og viste i denne sammenheng til aktivitetsplikten i likestillingsloven § 1a, som innebærer at offentlige myndigheter pålegges å arbeide aktivt, målrettet og planmessig for likestilling mellom kjønnene på alle samfunnsområder. Alle arbeidsgivere har en tilsvarende aktivitetsplikt innenfor sin virksomhet. </p>
<p>Departementet svarte at man allerede arbeider målrettet på flere områder innenfor det likestillingspolitiske feltet i statlig sektor. Det ble i denne sammenheng fremhevet tre områder, likelønnsføringene i Hovedtariffavtalen i staten, arbeidet med å øke andelen kvinner i lederstillinger i staten og et nytt punkt i Hovedavtalen som omfatter mangfold i virksomhetenes personalsammensetning. Departementet anså det ikke hensiktsmessig å innføre ytterligere tiltak på daværende tidspunkt, men ville følge utviklingen nøye når det gjelder kvinne- og mannsdominerte arbeidsplasser innenfor statlig sektor.</p>
<p>Saksnummer: 2002/293<br />Emne: instruks, innkalling, intervju, minoriteter, innvandrer<br />Klager: eget tiltak<br />Lovanvendelse: § 3.3</p>
</section>
</section>
</article>

<p>Som ett av tiltakene i Regjeringens handlingsplan mot rasisme og diskriminering, påla Regjeringen statlige virksomheter å innkalle minst en søker med innvandrerbakgrunn til intervju for hver stilling som ble utlyst. Forutsetningen var at søkeren var kvalifisert til stillingen.</p>

<!-- This site is optimized with the Yoast SEO plugin v22.9 - https://yoast.com/wordpress/plugins/seo/ -->
<title>Regjeringens tiltak for styrking av minoriteters yrkesdeltakelse - Arkiv</title>
<meta name="robots" content="index, follow, max-snippet:-1, max-image-preview:large, max-video-preview:-1" />
<link rel="canonical" href="https://ldo.no/arkiv/klagesaker/2002-regjeringens-tiltak-for-styrking-av-minoriteters-yrkesdeltakelse/" />
<meta property="og:locale" content="nb_NO" />
<meta property="og:type" content="article" />
<meta property="og:title" content="Regjeringens tiltak for styrking av minoriteters yrkesdeltakelse - Arkiv" />
<meta property="og:description" content="Som ett av tiltakene i Regjeringens handlingsplan mot rasisme og diskriminering, påla Regjeringen statlige virksomheter å innkalle minst en søker med innvandrerbakgrunn til intervju for hver stilling som ble utlyst. Forutsetningen var at søkeren var kvalifisert til stillingen." />
<meta property="og:url" content="https://ldo.no/arkiv/klagesaker/2002-regjeringens-tiltak-for-styrking-av-minoriteters-yrkesdeltakelse/" />
<meta property="og:site_name" content="Arkiv" />
<meta name="twitter:card" content="summary_large_image" />
<meta name="twitter:label1" content="Ansl. lesetid" />
	<meta name="twitter:data1" content="1 minutt" />
<script type="application/ld+json" class="yoast-schema-graph">{"@context":"https://schema.org","@graph":[{"@type":"WebPage","@id":"https://ldo.no/arkiv/klagesaker/2002-regjeringens-tiltak-for-styrking-av-minoriteters-yrkesdeltakelse/","url":"https://ldo.no/arkiv/klagesaker/2002-regjeringens-tiltak-for-styrking-av-minoriteters-yrkesdeltakelse/","name":"Regjeringens tiltak for styrking av minoriteters yrkesdeltakelse - Arkiv","isPartOf":{"@id":"https://ldo.no/arkiv/#website"},"datePublished":"2002-01-01T00:00:00+00:00","dateModified":"2002-01-01T00:00:00+00:00","breadcrumb":{"@id":"https://ldo.no/arkiv/klagesaker/2002-regjeringens-tiltak-for-styrking-av-minoriteters-yrkesdeltakelse/#breadcrumb"},"inLanguage":"nb-NO","potentialAction":[{"@type":"ReadAction","target":["https://ldo.no/arkiv/klagesaker/2002-regjeringens-tiltak-for-styrking-av-minoriteters-yrkesdeltakelse/"]}]},{"@type":"BreadcrumbList","@id":"https://ldo.no/arkiv/klagesaker/2002-regjeringens-tiltak-for-styrking-av-minoriteters-yrkesdeltakelse/#breadcrumb","itemListElement":[{"@type":"ListItem","position":1,"name":"Arkiv","item":"https://ldo.no/arkiv/"},{"@type":"ListItem","position":2,"name":"Klagesaker","item":"https://ldo.no/arkiv/?post-type=ldo-complaint"},{"@type":"ListItem","position":3,"name":"Regjeringens tiltak for styrking av minoriteters yrkesdeltakelse"}]},{"@type":"WebSite","@id":"https://ldo.no/arkiv/#website","url":"https://ldo.no/arkiv/","name":"LDO Arkiv","description":"Dette er ombudets arkiv. Her finner du klagesaker som ombudet i sin tid behandlet fra 1996 til 2017. Klagesaker utover dette finner du på Diskrimineringsnemndas hjemmeside. På disse arkivsidene finner du også eldre høringssvar som strekker seg fra 2023 og tilbake til 2006. Nyere høringssvar finner du på Publikasjoner, som du kan besøke ved å klikke på menyknappen øverst i høyre hjørne.","publisher":{"@id":"https://ldo.no/arkiv/#organization"},"potentialAction":[{"@type":"SearchAction","target":{"@type":"EntryPoint","urlTemplate":"https://ldo.no/arkiv/?s={search_term_string}"},"query-input":"required name=search_term_string"}],"inLanguage":"nb-NO"},{"@type":"Organization","@id":"https://ldo.no/arkiv/#organization","name":"LDO Arkiv","url":"https://ldo.no/arkiv/","logo":{"@type":"ImageObject","inLanguage":"nb-NO","@id":"https://ldo.no/arkiv/#/schema/logo/image/","url":"https://ldo.no/content/uploads/sites/2/2025/05/Property-1Default.svg","contentUrl":"https://ldo.no/content/uploads/sites/2/2025/05/Property-1Default.svg","caption":"LDO Arkiv"},"image":{"@id":"https://ldo.no/arkiv/#/schema/logo/image/"}}]}</script>
<!-- / Yoast SEO plugin. -->

Som ett av tiltakene i Regjeringens handlingsplan mot rasisme og diskriminering, påla Regjeringen statlige virksomheter å innkalle minst en søker med innvandrerbakgrunn til intervju for hver stilling som ble utlyst. Forutsetningen var at søkeren var kvalifisert til stillingen.

Dette er ombudets arkiv. Her finner du klagesaker som ombudet i sin tid behandlet fra 1996 til 2017. Klagesaker utover dette finner du på Diskrimineringsnemndas hjemmeside. På disse arkivsidene finner du også eldre høringssvar som strekker seg fra 2023 og tilbake til 2006. Nyere høringssvar finner du på Publikasjoner, som du kan besøke ved å klikke på menyknappen øverst i høyre hjørne.
