{"id":16048,"date":"2003-01-01T00:00:00","date_gmt":"2003-01-01T00:00:00","guid":{"rendered":"https:\/\/ldo.local\/arkiv\/klagesaker\/2003-fodselspermisjon-og-vikar\/"},"modified":"2003-01-01T00:00:00","modified_gmt":"2003-01-01T00:00:00","slug":"2003-fodselspermisjon-og-vikar","status":"publish","type":"ldo-complaint","link":"https:\/\/ldo.no\/arkiv\/klagesaker\/2003-fodselspermisjon-og-vikar\/","title":{"rendered":"F\u00f8dselspermisjon og vikar"},"content":{"rendered":"<h1>F\u00f8dselspermisjon og vikar<\/h1>\n<article class=\"base-article inside\">\n<header>\n<div class=\"row\">\n<div class=\"col-sm-12\">\n<\/div>\n<\/div>\n<\/header>\n<section>\n<section class=\"lead\">\n<p>En kvinne henvendte seg til Likestillingsombudet for \u00e5 sp\u00f8rre om hun kunne kreve at det ansettes vikar i hennes stilling mens hun var i permisjon. <\/p>\n<\/section>\n<section>\n<p>Til dette opplyste Likestillingsombudet at det i utgangspunktet ikke vil v\u00e6re i strid med likestillingsloven at en arbeidsgiver velger \u00e5 ikke ansette en vikar i stillingen n\u00e5r noen skal ut i permisjon. Dette er en beslutning som ligger innenfor arbeidsgivers styringsrett. Ombudet p\u00e5pekte imidlertid at valget om \u00e5 ikke ansette vikar ikke skal f\u00e5 negative konesekvenser for den som er ute i permisjon. Man har krav p\u00e5 \u00e5 komme tilbake til en stilling med samme l\u00f8nn og p\u00e5 samme niv\u00e5 som tidligere. I tillegg skal arbeidsoppgavene i hovedsak v\u00e6re likeverdige med de tidligere arbeidsoppgavene, b\u00e5de n\u00e5r det gjelder innhold og ansvar.<\/p>\n<p>Saksnummer: 2003\/427<br \/>Emne: f\u00f8dselspermisjon, vikar<br \/>Klager: kvinne<br \/>Lovanvendelse: \u00a7 3.0<\/p>\n<\/section>\n<\/section>\n<\/article>\n","protected":false},"excerpt":{"rendered":"<p>En kvinne henvendte seg til Likestillingsombudet for \u00e5 sp\u00f8rre om hun kunne kreve at det ansettes vikar i hennes stilling mens hun var i permisjon.<\/p>\n","protected":false},"template":"","meta":{"footnotes":""},"ldo-archive-year":[15],"class_list":["post-16048","ldo-complaint","type-ldo-complaint","status-publish","hentry","ldo-archive-year-15"],"yoast_head":"<!-- This site is optimized with the Yoast SEO plugin v22.9 - https:\/\/yoast.com\/wordpress\/plugins\/seo\/ -->\n<title>F\u00f8dselspermisjon og vikar - Arkiv<\/title>\n<meta name=\"robots\" content=\"index, follow, max-snippet:-1, max-image-preview:large, max-video-preview:-1\" \/>\n<link rel=\"canonical\" href=\"https:\/\/ldo.no\/arkiv\/klagesaker\/2003-fodselspermisjon-og-vikar\/\" \/>\n<meta property=\"og:locale\" content=\"nb_NO\" \/>\n<meta property=\"og:type\" content=\"article\" \/>\n<meta property=\"og:title\" content=\"F\u00f8dselspermisjon og vikar - Arkiv\" \/>\n<meta property=\"og:description\" content=\"En kvinne henvendte seg til Likestillingsombudet for \u00e5 sp\u00f8rre om hun kunne kreve at det ansettes vikar i hennes stilling mens hun var i permisjon.\" \/>\n<meta property=\"og:url\" content=\"https:\/\/ldo.no\/arkiv\/klagesaker\/2003-fodselspermisjon-og-vikar\/\" \/>\n<meta property=\"og:site_name\" content=\"Arkiv\" \/>\n<meta name=\"twitter:card\" content=\"summary_large_image\" \/>\n<meta name=\"twitter:label1\" content=\"Ansl. lesetid\" \/>\n\t<meta name=\"twitter:data1\" content=\"1 minutt\" \/>\n<script type=\"application\/ld+json\" class=\"yoast-schema-graph\">{\"@context\":\"https:\/\/schema.org\",\"@graph\":[{\"@type\":\"WebPage\",\"@id\":\"https:\/\/ldo.no\/arkiv\/klagesaker\/2003-fodselspermisjon-og-vikar\/\",\"url\":\"https:\/\/ldo.no\/arkiv\/klagesaker\/2003-fodselspermisjon-og-vikar\/\",\"name\":\"F\u00f8dselspermisjon og vikar - Arkiv\",\"isPartOf\":{\"@id\":\"https:\/\/ldo.no\/arkiv\/#website\"},\"datePublished\":\"2003-01-01T00:00:00+00:00\",\"dateModified\":\"2003-01-01T00:00:00+00:00\",\"breadcrumb\":{\"@id\":\"https:\/\/ldo.no\/arkiv\/klagesaker\/2003-fodselspermisjon-og-vikar\/#breadcrumb\"},\"inLanguage\":\"nb-NO\",\"potentialAction\":[{\"@type\":\"ReadAction\",\"target\":[\"https:\/\/ldo.no\/arkiv\/klagesaker\/2003-fodselspermisjon-og-vikar\/\"]}]},{\"@type\":\"BreadcrumbList\",\"@id\":\"https:\/\/ldo.no\/arkiv\/klagesaker\/2003-fodselspermisjon-og-vikar\/#breadcrumb\",\"itemListElement\":[{\"@type\":\"ListItem\",\"position\":1,\"name\":\"Arkiv\",\"item\":\"https:\/\/ldo.no\/arkiv\/\"},{\"@type\":\"ListItem\",\"position\":2,\"name\":\"Klagesaker\",\"item\":\"https:\/\/ldo.no\/arkiv\/?post-type=ldo-complaint\"},{\"@type\":\"ListItem\",\"position\":3,\"name\":\"F\u00f8dselspermisjon og vikar\"}]},{\"@type\":\"WebSite\",\"@id\":\"https:\/\/ldo.no\/arkiv\/#website\",\"url\":\"https:\/\/ldo.no\/arkiv\/\",\"name\":\"LDO Arkiv\",\"description\":\"Dette er ombudets arkiv. Her finner du klagesaker som ombudet i sin tid behandlet fra 1996 til 2017. Klagesaker utover dette finner du p\u00e5 Diskrimineringsnemndas hjemmeside. P\u00e5 disse arkivsidene finner du ogs\u00e5 eldre h\u00f8ringssvar som strekker seg fra 2023 og tilbake til 2006. Nyere h\u00f8ringssvar finner du p\u00e5 Publikasjoner, som du kan bes\u00f8ke ved \u00e5 klikke p\u00e5 menyknappen \u00f8verst i h\u00f8yre hj\u00f8rne.\",\"publisher\":{\"@id\":\"https:\/\/ldo.no\/arkiv\/#organization\"},\"potentialAction\":[{\"@type\":\"SearchAction\",\"target\":{\"@type\":\"EntryPoint\",\"urlTemplate\":\"https:\/\/ldo.no\/arkiv\/?s={search_term_string}\"},\"query-input\":\"required name=search_term_string\"}],\"inLanguage\":\"nb-NO\"},{\"@type\":\"Organization\",\"@id\":\"https:\/\/ldo.no\/arkiv\/#organization\",\"name\":\"LDO Arkiv\",\"url\":\"https:\/\/ldo.no\/arkiv\/\",\"logo\":{\"@type\":\"ImageObject\",\"inLanguage\":\"nb-NO\",\"@id\":\"https:\/\/ldo.no\/arkiv\/#\/schema\/logo\/image\/\",\"url\":\"https:\/\/ldo.no\/content\/uploads\/sites\/2\/2025\/05\/Property-1Default.svg\",\"contentUrl\":\"https:\/\/ldo.no\/content\/uploads\/sites\/2\/2025\/05\/Property-1Default.svg\",\"caption\":\"LDO Arkiv\"},\"image\":{\"@id\":\"https:\/\/ldo.no\/arkiv\/#\/schema\/logo\/image\/\"}}]}<\/script>\n<!-- \/ Yoast SEO plugin. -->","yoast_head_json":{"title":"F\u00f8dselspermisjon og vikar - Arkiv","robots":{"index":"index","follow":"follow","max-snippet":"max-snippet:-1","max-image-preview":"max-image-preview:large","max-video-preview":"max-video-preview:-1"},"canonical":"https:\/\/ldo.no\/arkiv\/klagesaker\/2003-fodselspermisjon-og-vikar\/","og_locale":"nb_NO","og_type":"article","og_title":"F\u00f8dselspermisjon og vikar - Arkiv","og_description":"En kvinne henvendte seg til Likestillingsombudet for \u00e5 sp\u00f8rre om hun kunne kreve at det ansettes vikar i hennes stilling mens hun var i permisjon.","og_url":"https:\/\/ldo.no\/arkiv\/klagesaker\/2003-fodselspermisjon-og-vikar\/","og_site_name":"Arkiv","twitter_card":"summary_large_image","twitter_misc":{"Ansl. lesetid":"1 minutt"},"schema":{"@context":"https:\/\/schema.org","@graph":[{"@type":"WebPage","@id":"https:\/\/ldo.no\/arkiv\/klagesaker\/2003-fodselspermisjon-og-vikar\/","url":"https:\/\/ldo.no\/arkiv\/klagesaker\/2003-fodselspermisjon-og-vikar\/","name":"F\u00f8dselspermisjon og vikar - Arkiv","isPartOf":{"@id":"https:\/\/ldo.no\/arkiv\/#website"},"datePublished":"2003-01-01T00:00:00+00:00","dateModified":"2003-01-01T00:00:00+00:00","breadcrumb":{"@id":"https:\/\/ldo.no\/arkiv\/klagesaker\/2003-fodselspermisjon-og-vikar\/#breadcrumb"},"inLanguage":"nb-NO","potentialAction":[{"@type":"ReadAction","target":["https:\/\/ldo.no\/arkiv\/klagesaker\/2003-fodselspermisjon-og-vikar\/"]}]},{"@type":"BreadcrumbList","@id":"https:\/\/ldo.no\/arkiv\/klagesaker\/2003-fodselspermisjon-og-vikar\/#breadcrumb","itemListElement":[{"@type":"ListItem","position":1,"name":"Arkiv","item":"https:\/\/ldo.no\/arkiv\/"},{"@type":"ListItem","position":2,"name":"Klagesaker","item":"https:\/\/ldo.no\/arkiv\/?post-type=ldo-complaint"},{"@type":"ListItem","position":3,"name":"F\u00f8dselspermisjon og vikar"}]},{"@type":"WebSite","@id":"https:\/\/ldo.no\/arkiv\/#website","url":"https:\/\/ldo.no\/arkiv\/","name":"LDO Arkiv","description":"Dette er ombudets arkiv. Her finner du klagesaker som ombudet i sin tid behandlet fra 1996 til 2017. Klagesaker utover dette finner du p\u00e5 Diskrimineringsnemndas hjemmeside. P\u00e5 disse arkivsidene finner du ogs\u00e5 eldre h\u00f8ringssvar som strekker seg fra 2023 og tilbake til 2006. Nyere h\u00f8ringssvar finner du p\u00e5 Publikasjoner, som du kan bes\u00f8ke ved \u00e5 klikke p\u00e5 menyknappen \u00f8verst i h\u00f8yre hj\u00f8rne.","publisher":{"@id":"https:\/\/ldo.no\/arkiv\/#organization"},"potentialAction":[{"@type":"SearchAction","target":{"@type":"EntryPoint","urlTemplate":"https:\/\/ldo.no\/arkiv\/?s={search_term_string}"},"query-input":"required name=search_term_string"}],"inLanguage":"nb-NO"},{"@type":"Organization","@id":"https:\/\/ldo.no\/arkiv\/#organization","name":"LDO Arkiv","url":"https:\/\/ldo.no\/arkiv\/","logo":{"@type":"ImageObject","inLanguage":"nb-NO","@id":"https:\/\/ldo.no\/arkiv\/#\/schema\/logo\/image\/","url":"https:\/\/ldo.no\/content\/uploads\/sites\/2\/2025\/05\/Property-1Default.svg","contentUrl":"https:\/\/ldo.no\/content\/uploads\/sites\/2\/2025\/05\/Property-1Default.svg","caption":"LDO Arkiv"},"image":{"@id":"https:\/\/ldo.no\/arkiv\/#\/schema\/logo\/image\/"}}]}},"_links":{"self":[{"href":"https:\/\/ldo.no\/arkiv\/wp-json\/wp\/v2\/ldo-complaint\/16048"}],"collection":[{"href":"https:\/\/ldo.no\/arkiv\/wp-json\/wp\/v2\/ldo-complaint"}],"about":[{"href":"https:\/\/ldo.no\/arkiv\/wp-json\/wp\/v2\/types\/ldo-complaint"}],"version-history":[{"count":0,"href":"https:\/\/ldo.no\/arkiv\/wp-json\/wp\/v2\/ldo-complaint\/16048\/revisions"}],"wp:attachment":[{"href":"https:\/\/ldo.no\/arkiv\/wp-json\/wp\/v2\/media?parent=16048"}],"wp:term":[{"taxonomy":"ldo-archive-year","embeddable":true,"href":"https:\/\/ldo.no\/arkiv\/wp-json\/wp\/v2\/ldo-archive-year?post=16048"}],"curies":[{"name":"wp","href":"https:\/\/api.w.org\/{rel}","templated":true}]}}

Fødselspermisjon og vikar

<h1>Fødselspermisjon og vikar</h1>
<article class="base-article inside">
<header>
<div class="row">
<div class="col-sm-12">
</div>
</div>
</header>
<section>
<section class="lead">
<p>En kvinne henvendte seg til Likestillingsombudet for å spørre om hun kunne kreve at det ansettes vikar i hennes stilling mens hun var i permisjon. </p>
</section>
<section>
<p>Til dette opplyste Likestillingsombudet at det i utgangspunktet ikke vil være i strid med likestillingsloven at en arbeidsgiver velger å ikke ansette en vikar i stillingen når noen skal ut i permisjon. Dette er en beslutning som ligger innenfor arbeidsgivers styringsrett. Ombudet påpekte imidlertid at valget om å ikke ansette vikar ikke skal få negative konesekvenser for den som er ute i permisjon. Man har krav på å komme tilbake til en stilling med samme lønn og på samme nivå som tidligere. I tillegg skal arbeidsoppgavene i hovedsak være likeverdige med de tidligere arbeidsoppgavene, både når det gjelder innhold og ansvar.</p>
<p>Saksnummer: 2003/427<br />Emne: fødselspermisjon, vikar<br />Klager: kvinne<br />Lovanvendelse: § 3.0</p>
</section>
</section>
</article>

<p>En kvinne henvendte seg til Likestillingsombudet for å spørre om hun kunne kreve at det ansettes vikar i hennes stilling mens hun var i permisjon.</p>

<!-- This site is optimized with the Yoast SEO plugin v22.9 - https://yoast.com/wordpress/plugins/seo/ -->
<title>Fødselspermisjon og vikar - Arkiv</title>
<meta name="robots" content="index, follow, max-snippet:-1, max-image-preview:large, max-video-preview:-1" />
<link rel="canonical" href="https://ldo.no/arkiv/klagesaker/2003-fodselspermisjon-og-vikar/" />
<meta property="og:locale" content="nb_NO" />
<meta property="og:type" content="article" />
<meta property="og:title" content="Fødselspermisjon og vikar - Arkiv" />
<meta property="og:description" content="En kvinne henvendte seg til Likestillingsombudet for å spørre om hun kunne kreve at det ansettes vikar i hennes stilling mens hun var i permisjon." />
<meta property="og:url" content="https://ldo.no/arkiv/klagesaker/2003-fodselspermisjon-og-vikar/" />
<meta property="og:site_name" content="Arkiv" />
<meta name="twitter:card" content="summary_large_image" />
<meta name="twitter:label1" content="Ansl. lesetid" />
	<meta name="twitter:data1" content="1 minutt" />
<script type="application/ld+json" class="yoast-schema-graph">{"@context":"https://schema.org","@graph":[{"@type":"WebPage","@id":"https://ldo.no/arkiv/klagesaker/2003-fodselspermisjon-og-vikar/","url":"https://ldo.no/arkiv/klagesaker/2003-fodselspermisjon-og-vikar/","name":"Fødselspermisjon og vikar - Arkiv","isPartOf":{"@id":"https://ldo.no/arkiv/#website"},"datePublished":"2003-01-01T00:00:00+00:00","dateModified":"2003-01-01T00:00:00+00:00","breadcrumb":{"@id":"https://ldo.no/arkiv/klagesaker/2003-fodselspermisjon-og-vikar/#breadcrumb"},"inLanguage":"nb-NO","potentialAction":[{"@type":"ReadAction","target":["https://ldo.no/arkiv/klagesaker/2003-fodselspermisjon-og-vikar/"]}]},{"@type":"BreadcrumbList","@id":"https://ldo.no/arkiv/klagesaker/2003-fodselspermisjon-og-vikar/#breadcrumb","itemListElement":[{"@type":"ListItem","position":1,"name":"Arkiv","item":"https://ldo.no/arkiv/"},{"@type":"ListItem","position":2,"name":"Klagesaker","item":"https://ldo.no/arkiv/?post-type=ldo-complaint"},{"@type":"ListItem","position":3,"name":"Fødselspermisjon og vikar"}]},{"@type":"WebSite","@id":"https://ldo.no/arkiv/#website","url":"https://ldo.no/arkiv/","name":"LDO Arkiv","description":"Dette er ombudets arkiv. Her finner du klagesaker som ombudet i sin tid behandlet fra 1996 til 2017. Klagesaker utover dette finner du på Diskrimineringsnemndas hjemmeside. På disse arkivsidene finner du også eldre høringssvar som strekker seg fra 2023 og tilbake til 2006. Nyere høringssvar finner du på Publikasjoner, som du kan besøke ved å klikke på menyknappen øverst i høyre hjørne.","publisher":{"@id":"https://ldo.no/arkiv/#organization"},"potentialAction":[{"@type":"SearchAction","target":{"@type":"EntryPoint","urlTemplate":"https://ldo.no/arkiv/?s={search_term_string}"},"query-input":"required name=search_term_string"}],"inLanguage":"nb-NO"},{"@type":"Organization","@id":"https://ldo.no/arkiv/#organization","name":"LDO Arkiv","url":"https://ldo.no/arkiv/","logo":{"@type":"ImageObject","inLanguage":"nb-NO","@id":"https://ldo.no/arkiv/#/schema/logo/image/","url":"https://ldo.no/content/uploads/sites/2/2025/05/Property-1Default.svg","contentUrl":"https://ldo.no/content/uploads/sites/2/2025/05/Property-1Default.svg","caption":"LDO Arkiv"},"image":{"@id":"https://ldo.no/arkiv/#/schema/logo/image/"}}]}</script>
<!-- / Yoast SEO plugin. -->

Fødselspermisjon og vikar - Arkiv

En kvinne henvendte seg til Likestillingsombudet for å spørre om hun kunne kreve at det ansettes vikar i hennes stilling mens hun var i permisjon.

Dette er ombudets arkiv. Her finner du klagesaker som ombudet i sin tid behandlet fra 1996 til 2017. Klagesaker utover dette finner du på Diskrimineringsnemndas hjemmeside. På disse arkivsidene finner du også eldre høringssvar som strekker seg fra 2023 og tilbake til 2006. Nyere høringssvar finner du på Publikasjoner, som du kan besøke ved å klikke på menyknappen øverst i høyre hjørne.
