{"id":16052,"date":"2003-01-01T00:00:00","date_gmt":"2003-01-01T00:00:00","guid":{"rendered":"https:\/\/ldo.local\/arkiv\/klagesaker\/2003-ansettelse-av-avdelingsdirektor-mindretallsanke\/"},"modified":"2003-01-01T00:00:00","modified_gmt":"2003-01-01T00:00:00","slug":"2003-ansettelse-av-avdelingsdirektor-mindretallsanke","status":"publish","type":"ldo-complaint","link":"https:\/\/ldo.no\/arkiv\/klagesaker\/2003-ansettelse-av-avdelingsdirektor-mindretallsanke\/","title":{"rendered":"Ansettelse av avdelingsdirekt\u00f8r-mindretallsanke"},"content":{"rendered":"<h1>Ansettelse av avdelingsdirekt\u00f8r-mindretallsanke<\/h1>\n<article class=\"base-article inside\">\n<header>\n<div class=\"row\">\n<div class=\"col-sm-12\">\n<\/div>\n<\/div>\n<\/header>\n<section>\n<section class=\"lead\">\n<p>Flertallet i ansettelsesr\u00e5det \u00f8nsket \u00e5 ansette en mann i stilling som avdelingsdirekt\u00f8r, mens mindretallet mente det kunne v\u00e6re i strid med likestillingsloven \u00e5 ikke ansette en kvinnelig s\u00f8ker. Mindretallet i et tilsettingsr\u00e5d anket derfor ansettelsessaken inn for Likestillingsombudet, jfr forskrift til tjenestemannsloven \u00a7 10. Denne bestemmelsen medf\u00f8rer at ansettelse ikke kan foretas f\u00f8r Likestillingsombudet har avgitt en uttalelse i saken. <\/p>\n<\/section>\n<section>\n<p>For \u00e5 unders\u00f8ke om det er lagt vekt p\u00e5 kj\u00f8nn ved ansettelsen, foretar Ombudet f\u00f8rst en sammenligning av s\u00f8kernes formelle kvalifikasjoner (utdannelse og erfaring). Etter Ombudets mening stilte den mannlige og kvinnelige s\u00f8keren tiln\u00e6rmet likt n\u00e5r det gjaldt utdannelse, mens mannen var en sterkere kandidat n\u00e5r det gjaldt erfaring. Mannen fremsto derfor som noe bedre formelt kvalifisert. Flertallet i tilsettingsr\u00e5det mente i tillegg at mannen var vesentlig bedre kvalifisert i forhold til personlige egenskaper. Kandidatenes personlige egenskaper var blitt m\u00e5lt ut fra tester. Kvinnen scoret h\u00f8yere enn mannen p\u00e5 den ene testen, mens mannen kom best ut i den andre. Ombudet mente derfor at kandidatene fremsto som noks\u00e5 like ogs\u00e5 p\u00e5 dette punktet. <\/p>\n<p>Da mannen hadde mest relevant erfaring, og dermed fremsto som best kvalifisert totalt sett, konkluderte Ombudet med at det ikke ville v\u00e6re i strid med likestillingslovens diskrimineringsforbud \u00e5 ansette den mannlige kandidaten. Likevel oppfordret Ombudet arbeidsgiver til \u00e5 vurdere om det var grunnlag for \u00e5 benytte moderat kvotering til fordel for kvinnen, all den tid kandidatene var s\u00e5pass like. Likestillingsombudet viste i denne sammenheng til arbeidsgivers plikt til \u00e5 arbeide for likestilling, jfr likestillingsloven \u00a7 1a.<\/p>\n<p>Saksnummer: 2003\/100<br \/>Emne: mindretallsanke, ansettelse, avdelingsdirekt\u00f8r, aktivitetsplikt<br \/>Klager: kvinne<br \/>Lovanvendelse: \u00a7 3.0, \u00a7 4.2<\/p>\n<\/section>\n<\/section>\n<\/article>\n","protected":false},"excerpt":{"rendered":"<p>Flertallet i ansettelsesr\u00e5det \u00f8nsket \u00e5 ansette en mann i stilling som avdelingsdirekt\u00f8r, mens mindretallet mente det kunne v\u00e6re i strid med likestillingsloven \u00e5 ikke ansette en kvinnelig s\u00f8ker. Mindretallet i et tilsettingsr\u00e5d anket derfor ansettelsessaken inn for Likestillingsombudet, jfr forskrift til tjenestemannsloven \u00a7 10. Denne bestemmelsen medf\u00f8rer at ansettelse ikke kan foretas f\u00f8r Likestillingsombudet har avgitt en uttalelse i saken.<\/p>\n","protected":false},"template":"","meta":{"footnotes":""},"ldo-archive-year":[15],"class_list":["post-16052","ldo-complaint","type-ldo-complaint","status-publish","hentry","ldo-archive-year-15"],"yoast_head":"<!-- This site is optimized with the Yoast SEO plugin v22.9 - https:\/\/yoast.com\/wordpress\/plugins\/seo\/ -->\n<title>Ansettelse av avdelingsdirekt\u00f8r-mindretallsanke - Arkiv<\/title>\n<meta name=\"robots\" content=\"index, follow, max-snippet:-1, max-image-preview:large, max-video-preview:-1\" \/>\n<link rel=\"canonical\" href=\"https:\/\/ldo.no\/arkiv\/klagesaker\/2003-ansettelse-av-avdelingsdirektor-mindretallsanke\/\" \/>\n<meta property=\"og:locale\" content=\"nb_NO\" \/>\n<meta property=\"og:type\" content=\"article\" \/>\n<meta property=\"og:title\" content=\"Ansettelse av avdelingsdirekt\u00f8r-mindretallsanke - Arkiv\" \/>\n<meta property=\"og:description\" content=\"Flertallet i ansettelsesr\u00e5det \u00f8nsket \u00e5 ansette en mann i stilling som avdelingsdirekt\u00f8r, mens mindretallet mente det kunne v\u00e6re i strid med likestillingsloven \u00e5 ikke ansette en kvinnelig s\u00f8ker. Mindretallet i et tilsettingsr\u00e5d anket derfor ansettelsessaken inn for Likestillingsombudet, jfr forskrift til tjenestemannsloven \u00a7 10. Denne bestemmelsen medf\u00f8rer at ansettelse ikke kan foretas f\u00f8r Likestillingsombudet har avgitt en uttalelse i saken.\" \/>\n<meta property=\"og:url\" content=\"https:\/\/ldo.no\/arkiv\/klagesaker\/2003-ansettelse-av-avdelingsdirektor-mindretallsanke\/\" \/>\n<meta property=\"og:site_name\" content=\"Arkiv\" \/>\n<meta name=\"twitter:card\" content=\"summary_large_image\" \/>\n<meta name=\"twitter:label1\" content=\"Ansl. lesetid\" \/>\n\t<meta name=\"twitter:data1\" content=\"1 minutt\" \/>\n<script type=\"application\/ld+json\" class=\"yoast-schema-graph\">{\"@context\":\"https:\/\/schema.org\",\"@graph\":[{\"@type\":\"WebPage\",\"@id\":\"https:\/\/ldo.no\/arkiv\/klagesaker\/2003-ansettelse-av-avdelingsdirektor-mindretallsanke\/\",\"url\":\"https:\/\/ldo.no\/arkiv\/klagesaker\/2003-ansettelse-av-avdelingsdirektor-mindretallsanke\/\",\"name\":\"Ansettelse av avdelingsdirekt\u00f8r-mindretallsanke - Arkiv\",\"isPartOf\":{\"@id\":\"https:\/\/ldo.no\/arkiv\/#website\"},\"datePublished\":\"2003-01-01T00:00:00+00:00\",\"dateModified\":\"2003-01-01T00:00:00+00:00\",\"breadcrumb\":{\"@id\":\"https:\/\/ldo.no\/arkiv\/klagesaker\/2003-ansettelse-av-avdelingsdirektor-mindretallsanke\/#breadcrumb\"},\"inLanguage\":\"nb-NO\",\"potentialAction\":[{\"@type\":\"ReadAction\",\"target\":[\"https:\/\/ldo.no\/arkiv\/klagesaker\/2003-ansettelse-av-avdelingsdirektor-mindretallsanke\/\"]}]},{\"@type\":\"BreadcrumbList\",\"@id\":\"https:\/\/ldo.no\/arkiv\/klagesaker\/2003-ansettelse-av-avdelingsdirektor-mindretallsanke\/#breadcrumb\",\"itemListElement\":[{\"@type\":\"ListItem\",\"position\":1,\"name\":\"Arkiv\",\"item\":\"https:\/\/ldo.no\/arkiv\/\"},{\"@type\":\"ListItem\",\"position\":2,\"name\":\"Klagesaker\",\"item\":\"https:\/\/ldo.no\/arkiv\/?post-type=ldo-complaint\"},{\"@type\":\"ListItem\",\"position\":3,\"name\":\"Ansettelse av avdelingsdirekt\u00f8r-mindretallsanke\"}]},{\"@type\":\"WebSite\",\"@id\":\"https:\/\/ldo.no\/arkiv\/#website\",\"url\":\"https:\/\/ldo.no\/arkiv\/\",\"name\":\"LDO Arkiv\",\"description\":\"Dette er ombudets arkiv. Her finner du klagesaker som ombudet i sin tid behandlet fra 1996 til 2017. Klagesaker utover dette finner du p\u00e5 Diskrimineringsnemndas hjemmeside. P\u00e5 disse arkivsidene finner du ogs\u00e5 eldre h\u00f8ringssvar som strekker seg fra 2023 og tilbake til 2006. Nyere h\u00f8ringssvar finner du p\u00e5 Publikasjoner, som du kan bes\u00f8ke ved \u00e5 klikke p\u00e5 menyknappen \u00f8verst i h\u00f8yre hj\u00f8rne.\",\"publisher\":{\"@id\":\"https:\/\/ldo.no\/arkiv\/#organization\"},\"potentialAction\":[{\"@type\":\"SearchAction\",\"target\":{\"@type\":\"EntryPoint\",\"urlTemplate\":\"https:\/\/ldo.no\/arkiv\/?s={search_term_string}\"},\"query-input\":\"required name=search_term_string\"}],\"inLanguage\":\"nb-NO\"},{\"@type\":\"Organization\",\"@id\":\"https:\/\/ldo.no\/arkiv\/#organization\",\"name\":\"LDO Arkiv\",\"url\":\"https:\/\/ldo.no\/arkiv\/\",\"logo\":{\"@type\":\"ImageObject\",\"inLanguage\":\"nb-NO\",\"@id\":\"https:\/\/ldo.no\/arkiv\/#\/schema\/logo\/image\/\",\"url\":\"https:\/\/ldo.no\/content\/uploads\/sites\/2\/2025\/05\/Property-1Default.svg\",\"contentUrl\":\"https:\/\/ldo.no\/content\/uploads\/sites\/2\/2025\/05\/Property-1Default.svg\",\"caption\":\"LDO Arkiv\"},\"image\":{\"@id\":\"https:\/\/ldo.no\/arkiv\/#\/schema\/logo\/image\/\"}}]}<\/script>\n<!-- \/ Yoast SEO plugin. -->","yoast_head_json":{"title":"Ansettelse av avdelingsdirekt\u00f8r-mindretallsanke - Arkiv","robots":{"index":"index","follow":"follow","max-snippet":"max-snippet:-1","max-image-preview":"max-image-preview:large","max-video-preview":"max-video-preview:-1"},"canonical":"https:\/\/ldo.no\/arkiv\/klagesaker\/2003-ansettelse-av-avdelingsdirektor-mindretallsanke\/","og_locale":"nb_NO","og_type":"article","og_title":"Ansettelse av avdelingsdirekt\u00f8r-mindretallsanke - Arkiv","og_description":"Flertallet i ansettelsesr\u00e5det \u00f8nsket \u00e5 ansette en mann i stilling som avdelingsdirekt\u00f8r, mens mindretallet mente det kunne v\u00e6re i strid med likestillingsloven \u00e5 ikke ansette en kvinnelig s\u00f8ker. Mindretallet i et tilsettingsr\u00e5d anket derfor ansettelsessaken inn for Likestillingsombudet, jfr forskrift til tjenestemannsloven \u00a7 10. Denne bestemmelsen medf\u00f8rer at ansettelse ikke kan foretas f\u00f8r Likestillingsombudet har avgitt en uttalelse i saken.","og_url":"https:\/\/ldo.no\/arkiv\/klagesaker\/2003-ansettelse-av-avdelingsdirektor-mindretallsanke\/","og_site_name":"Arkiv","twitter_card":"summary_large_image","twitter_misc":{"Ansl. lesetid":"1 minutt"},"schema":{"@context":"https:\/\/schema.org","@graph":[{"@type":"WebPage","@id":"https:\/\/ldo.no\/arkiv\/klagesaker\/2003-ansettelse-av-avdelingsdirektor-mindretallsanke\/","url":"https:\/\/ldo.no\/arkiv\/klagesaker\/2003-ansettelse-av-avdelingsdirektor-mindretallsanke\/","name":"Ansettelse av avdelingsdirekt\u00f8r-mindretallsanke - Arkiv","isPartOf":{"@id":"https:\/\/ldo.no\/arkiv\/#website"},"datePublished":"2003-01-01T00:00:00+00:00","dateModified":"2003-01-01T00:00:00+00:00","breadcrumb":{"@id":"https:\/\/ldo.no\/arkiv\/klagesaker\/2003-ansettelse-av-avdelingsdirektor-mindretallsanke\/#breadcrumb"},"inLanguage":"nb-NO","potentialAction":[{"@type":"ReadAction","target":["https:\/\/ldo.no\/arkiv\/klagesaker\/2003-ansettelse-av-avdelingsdirektor-mindretallsanke\/"]}]},{"@type":"BreadcrumbList","@id":"https:\/\/ldo.no\/arkiv\/klagesaker\/2003-ansettelse-av-avdelingsdirektor-mindretallsanke\/#breadcrumb","itemListElement":[{"@type":"ListItem","position":1,"name":"Arkiv","item":"https:\/\/ldo.no\/arkiv\/"},{"@type":"ListItem","position":2,"name":"Klagesaker","item":"https:\/\/ldo.no\/arkiv\/?post-type=ldo-complaint"},{"@type":"ListItem","position":3,"name":"Ansettelse av avdelingsdirekt\u00f8r-mindretallsanke"}]},{"@type":"WebSite","@id":"https:\/\/ldo.no\/arkiv\/#website","url":"https:\/\/ldo.no\/arkiv\/","name":"LDO Arkiv","description":"Dette er ombudets arkiv. Her finner du klagesaker som ombudet i sin tid behandlet fra 1996 til 2017. Klagesaker utover dette finner du p\u00e5 Diskrimineringsnemndas hjemmeside. P\u00e5 disse arkivsidene finner du ogs\u00e5 eldre h\u00f8ringssvar som strekker seg fra 2023 og tilbake til 2006. Nyere h\u00f8ringssvar finner du p\u00e5 Publikasjoner, som du kan bes\u00f8ke ved \u00e5 klikke p\u00e5 menyknappen \u00f8verst i h\u00f8yre hj\u00f8rne.","publisher":{"@id":"https:\/\/ldo.no\/arkiv\/#organization"},"potentialAction":[{"@type":"SearchAction","target":{"@type":"EntryPoint","urlTemplate":"https:\/\/ldo.no\/arkiv\/?s={search_term_string}"},"query-input":"required name=search_term_string"}],"inLanguage":"nb-NO"},{"@type":"Organization","@id":"https:\/\/ldo.no\/arkiv\/#organization","name":"LDO Arkiv","url":"https:\/\/ldo.no\/arkiv\/","logo":{"@type":"ImageObject","inLanguage":"nb-NO","@id":"https:\/\/ldo.no\/arkiv\/#\/schema\/logo\/image\/","url":"https:\/\/ldo.no\/content\/uploads\/sites\/2\/2025\/05\/Property-1Default.svg","contentUrl":"https:\/\/ldo.no\/content\/uploads\/sites\/2\/2025\/05\/Property-1Default.svg","caption":"LDO Arkiv"},"image":{"@id":"https:\/\/ldo.no\/arkiv\/#\/schema\/logo\/image\/"}}]}},"_links":{"self":[{"href":"https:\/\/ldo.no\/arkiv\/wp-json\/wp\/v2\/ldo-complaint\/16052"}],"collection":[{"href":"https:\/\/ldo.no\/arkiv\/wp-json\/wp\/v2\/ldo-complaint"}],"about":[{"href":"https:\/\/ldo.no\/arkiv\/wp-json\/wp\/v2\/types\/ldo-complaint"}],"version-history":[{"count":0,"href":"https:\/\/ldo.no\/arkiv\/wp-json\/wp\/v2\/ldo-complaint\/16052\/revisions"}],"wp:attachment":[{"href":"https:\/\/ldo.no\/arkiv\/wp-json\/wp\/v2\/media?parent=16052"}],"wp:term":[{"taxonomy":"ldo-archive-year","embeddable":true,"href":"https:\/\/ldo.no\/arkiv\/wp-json\/wp\/v2\/ldo-archive-year?post=16052"}],"curies":[{"name":"wp","href":"https:\/\/api.w.org\/{rel}","templated":true}]}}

Ansettelse av avdelingsdirektør-mindretallsanke

<h1>Ansettelse av avdelingsdirektør-mindretallsanke</h1>
<article class="base-article inside">
<header>
<div class="row">
<div class="col-sm-12">
</div>
</div>
</header>
<section>
<section class="lead">
<p>Flertallet i ansettelsesrådet ønsket å ansette en mann i stilling som avdelingsdirektør, mens mindretallet mente det kunne være i strid med likestillingsloven å ikke ansette en kvinnelig søker. Mindretallet i et tilsettingsråd anket derfor ansettelsessaken inn for Likestillingsombudet, jfr forskrift til tjenestemannsloven § 10. Denne bestemmelsen medfører at ansettelse ikke kan foretas før Likestillingsombudet har avgitt en uttalelse i saken. </p>
</section>
<section>
<p>For å undersøke om det er lagt vekt på kjønn ved ansettelsen, foretar Ombudet først en sammenligning av søkernes formelle kvalifikasjoner (utdannelse og erfaring). Etter Ombudets mening stilte den mannlige og kvinnelige søkeren tilnærmet likt når det gjaldt utdannelse, mens mannen var en sterkere kandidat når det gjaldt erfaring. Mannen fremsto derfor som noe bedre formelt kvalifisert. Flertallet i tilsettingsrådet mente i tillegg at mannen var vesentlig bedre kvalifisert i forhold til personlige egenskaper. Kandidatenes personlige egenskaper var blitt målt ut fra tester. Kvinnen scoret høyere enn mannen på den ene testen, mens mannen kom best ut i den andre. Ombudet mente derfor at kandidatene fremsto som nokså like også på dette punktet. </p>
<p>Da mannen hadde mest relevant erfaring, og dermed fremsto som best kvalifisert totalt sett, konkluderte Ombudet med at det ikke ville være i strid med likestillingslovens diskrimineringsforbud å ansette den mannlige kandidaten. Likevel oppfordret Ombudet arbeidsgiver til å vurdere om det var grunnlag for å benytte moderat kvotering til fordel for kvinnen, all den tid kandidatene var såpass like. Likestillingsombudet viste i denne sammenheng til arbeidsgivers plikt til å arbeide for likestilling, jfr likestillingsloven § 1a.</p>
<p>Saksnummer: 2003/100<br />Emne: mindretallsanke, ansettelse, avdelingsdirektør, aktivitetsplikt<br />Klager: kvinne<br />Lovanvendelse: § 3.0, § 4.2</p>
</section>
</section>
</article>

<p>Flertallet i ansettelsesrådet ønsket å ansette en mann i stilling som avdelingsdirektør, mens mindretallet mente det kunne være i strid med likestillingsloven å ikke ansette en kvinnelig søker. Mindretallet i et tilsettingsråd anket derfor ansettelsessaken inn for Likestillingsombudet, jfr forskrift til tjenestemannsloven § 10. Denne bestemmelsen medfører at ansettelse ikke kan foretas før Likestillingsombudet har avgitt en uttalelse i saken.</p>

<!-- This site is optimized with the Yoast SEO plugin v22.9 - https://yoast.com/wordpress/plugins/seo/ -->
<title>Ansettelse av avdelingsdirektør-mindretallsanke - Arkiv</title>
<meta name="robots" content="index, follow, max-snippet:-1, max-image-preview:large, max-video-preview:-1" />
<link rel="canonical" href="https://ldo.no/arkiv/klagesaker/2003-ansettelse-av-avdelingsdirektor-mindretallsanke/" />
<meta property="og:locale" content="nb_NO" />
<meta property="og:type" content="article" />
<meta property="og:title" content="Ansettelse av avdelingsdirektør-mindretallsanke - Arkiv" />
<meta property="og:description" content="Flertallet i ansettelsesrådet ønsket å ansette en mann i stilling som avdelingsdirektør, mens mindretallet mente det kunne være i strid med likestillingsloven å ikke ansette en kvinnelig søker. Mindretallet i et tilsettingsråd anket derfor ansettelsessaken inn for Likestillingsombudet, jfr forskrift til tjenestemannsloven § 10. Denne bestemmelsen medfører at ansettelse ikke kan foretas før Likestillingsombudet har avgitt en uttalelse i saken." />
<meta property="og:url" content="https://ldo.no/arkiv/klagesaker/2003-ansettelse-av-avdelingsdirektor-mindretallsanke/" />
<meta property="og:site_name" content="Arkiv" />
<meta name="twitter:card" content="summary_large_image" />
<meta name="twitter:label1" content="Ansl. lesetid" />
	<meta name="twitter:data1" content="1 minutt" />
<script type="application/ld+json" class="yoast-schema-graph">{"@context":"https://schema.org","@graph":[{"@type":"WebPage","@id":"https://ldo.no/arkiv/klagesaker/2003-ansettelse-av-avdelingsdirektor-mindretallsanke/","url":"https://ldo.no/arkiv/klagesaker/2003-ansettelse-av-avdelingsdirektor-mindretallsanke/","name":"Ansettelse av avdelingsdirektør-mindretallsanke - Arkiv","isPartOf":{"@id":"https://ldo.no/arkiv/#website"},"datePublished":"2003-01-01T00:00:00+00:00","dateModified":"2003-01-01T00:00:00+00:00","breadcrumb":{"@id":"https://ldo.no/arkiv/klagesaker/2003-ansettelse-av-avdelingsdirektor-mindretallsanke/#breadcrumb"},"inLanguage":"nb-NO","potentialAction":[{"@type":"ReadAction","target":["https://ldo.no/arkiv/klagesaker/2003-ansettelse-av-avdelingsdirektor-mindretallsanke/"]}]},{"@type":"BreadcrumbList","@id":"https://ldo.no/arkiv/klagesaker/2003-ansettelse-av-avdelingsdirektor-mindretallsanke/#breadcrumb","itemListElement":[{"@type":"ListItem","position":1,"name":"Arkiv","item":"https://ldo.no/arkiv/"},{"@type":"ListItem","position":2,"name":"Klagesaker","item":"https://ldo.no/arkiv/?post-type=ldo-complaint"},{"@type":"ListItem","position":3,"name":"Ansettelse av avdelingsdirektør-mindretallsanke"}]},{"@type":"WebSite","@id":"https://ldo.no/arkiv/#website","url":"https://ldo.no/arkiv/","name":"LDO Arkiv","description":"Dette er ombudets arkiv. Her finner du klagesaker som ombudet i sin tid behandlet fra 1996 til 2017. Klagesaker utover dette finner du på Diskrimineringsnemndas hjemmeside. På disse arkivsidene finner du også eldre høringssvar som strekker seg fra 2023 og tilbake til 2006. Nyere høringssvar finner du på Publikasjoner, som du kan besøke ved å klikke på menyknappen øverst i høyre hjørne.","publisher":{"@id":"https://ldo.no/arkiv/#organization"},"potentialAction":[{"@type":"SearchAction","target":{"@type":"EntryPoint","urlTemplate":"https://ldo.no/arkiv/?s={search_term_string}"},"query-input":"required name=search_term_string"}],"inLanguage":"nb-NO"},{"@type":"Organization","@id":"https://ldo.no/arkiv/#organization","name":"LDO Arkiv","url":"https://ldo.no/arkiv/","logo":{"@type":"ImageObject","inLanguage":"nb-NO","@id":"https://ldo.no/arkiv/#/schema/logo/image/","url":"https://ldo.no/content/uploads/sites/2/2025/05/Property-1Default.svg","contentUrl":"https://ldo.no/content/uploads/sites/2/2025/05/Property-1Default.svg","caption":"LDO Arkiv"},"image":{"@id":"https://ldo.no/arkiv/#/schema/logo/image/"}}]}</script>
<!-- / Yoast SEO plugin. -->

Ansettelse av avdelingsdirektør-mindretallsanke - Arkiv

Flertallet i ansettelsesrådet ønsket å ansette en mann i stilling som avdelingsdirektør, mens mindretallet mente det kunne være i strid med likestillingsloven å ikke ansette en kvinnelig søker. Mindretallet i et tilsettingsråd anket derfor ansettelsessaken inn for Likestillingsombudet, jfr forskrift til tjenestemannsloven § 10. Denne bestemmelsen medfører at ansettelse ikke kan foretas før Likestillingsombudet har avgitt en uttalelse i saken.

Dette er ombudets arkiv. Her finner du klagesaker som ombudet i sin tid behandlet fra 1996 til 2017. Klagesaker utover dette finner du på Diskrimineringsnemndas hjemmeside. På disse arkivsidene finner du også eldre høringssvar som strekker seg fra 2023 og tilbake til 2006. Nyere høringssvar finner du på Publikasjoner, som du kan besøke ved å klikke på menyknappen øverst i høyre hjørne.
