{"id":16074,"date":"2003-01-01T00:00:00","date_gmt":"2003-01-01T00:00:00","guid":{"rendered":"https:\/\/ldo.local\/arkiv\/klagesaker\/2003-verneplikt-og-uttak-av-tidskonto\/"},"modified":"2003-01-01T00:00:00","modified_gmt":"2003-01-01T00:00:00","slug":"2003-verneplikt-og-uttak-av-tidskonto","status":"publish","type":"ldo-complaint","link":"https:\/\/ldo.no\/arkiv\/klagesaker\/2003-verneplikt-og-uttak-av-tidskonto\/","title":{"rendered":"Verneplikt og uttak av tidskonto"},"content":{"rendered":"<h1>Verneplikt og uttak av tidskonto<\/h1>\n<article class=\"base-article inside\">\n<header>\n<div class=\"row\">\n<div class=\"col-sm-12\">\n<\/div>\n<\/div>\n<\/header>\n<section>\n<section class=\"lead\">\n<p>Fedre som avtjener siviltjeneste f\u00e5r ikke permisjon for uttak av f\u00f8dselspermisjon ved tidskonto. Det kan bli gitt anledning til \u00e5 ta ut tidskontoen, men da vil tjenesten bli forlenget tilsvarende. Man f\u00e5r imidlertid permisjon for uttak av sammenhengende fedrekvote uten at tjenesten blir forlenget tilsvarende. En mann reagerte p\u00e5 denne praksisen og henvendte seg derfor til Likestillingsombudet. <\/p>\n<\/section>\n<section>\n<p>Ved \u00e5 innvilge fri en dag i uken med tilsvarende forlengelse av tjeneste, har Siviltjenesteadministrasjonen lagt til rette for at far kan ha mulighet til \u00e5 ta omsorg for barnet samtidig med avtjening av verneplikten. Ombudet kunne derfor vanskelig si at Siviladministrasjonene hadde handlet i strid med likestillingsloven. Ombudet \u00f8nsket likevel \u00e5 p\u00e5peke overfor Siviltjenesteadministrasjonen at det er en meget sentral likestillingsmessig m\u00e5lsetting at menn og kvinner skal ha like plikter, rettigheter og reelle muligheter til \u00e5 ta omsorg for sine barn. I denne sammenheng viste Ombudet til aktivitetsplikten i likestillingsloven \u00a7 1a, og mente at man burde kunne legge til rette for at fedre kan ta ut permisjon over lengre tidsrom, og i alle fall f\u00e5 samme fritak for tjeneste som om man valgte fedrekvote p\u00e5 vanlig vis. <\/p>\n<p>Siviltjenesteadministrasjonen oversendte Ombudet brev til Justisdepartementet for vurdering. If\u00f8lge svaret fra departementet, \u00f8nsket man ikke \u00e5 legge til rette for at man skal kunne ta ut f\u00f8dselspermisjon som tidskonto uten \u00e5 f\u00e5 forlenget tjenestetid. Begrunnelsen var at man ikke \u00f8nsket \u00e5 gj\u00f8re forskjell p\u00e5 sivilt og milit\u00e6rt vernepliktige. Departementet var imidlertid opptatt av at man skulle kunne tilpasse gjeldende regelverk s\u00e5 langt det i praksis er gjennomf\u00f8rbart. Ombudet opprettholdt sine synspunkter, men hadde forst\u00e5else for departementets argument om likebehandling.<\/p>\n<p>Saksnummer: 2003\/322<br \/>Emne: siviltjeneste, tidskonto, f\u00f8dselspermisjon, verneplikt<br \/>Klager: mann<br \/>Lovanvendelse: \u00a7 3.0<\/p>\n<\/section>\n<\/section>\n<\/article>\n","protected":false},"excerpt":{"rendered":"<p>Fedre som avtjener siviltjeneste f\u00e5r ikke permisjon for uttak av f\u00f8dselspermisjon ved tidskonto. Det kan bli gitt anledning til \u00e5 ta ut tidskontoen, men da vil tjenesten bli forlenget tilsvarende. Man f\u00e5r imidlertid permisjon for uttak av sammenhengende fedrekvote uten at tjenesten blir forlenget tilsvarende. En mann reagerte p\u00e5 denne praksisen og henvendte seg derfor til Likestillingsombudet.<\/p>\n","protected":false},"template":"","meta":{"footnotes":""},"ldo-archive-year":[15],"class_list":["post-16074","ldo-complaint","type-ldo-complaint","status-publish","hentry","ldo-archive-year-15"],"yoast_head":"<!-- This site is optimized with the Yoast SEO plugin v22.9 - https:\/\/yoast.com\/wordpress\/plugins\/seo\/ -->\n<title>Verneplikt og uttak av tidskonto - Arkiv<\/title>\n<meta name=\"robots\" content=\"index, follow, max-snippet:-1, max-image-preview:large, max-video-preview:-1\" \/>\n<link rel=\"canonical\" href=\"https:\/\/ldo.no\/arkiv\/klagesaker\/2003-verneplikt-og-uttak-av-tidskonto\/\" \/>\n<meta property=\"og:locale\" content=\"nb_NO\" \/>\n<meta property=\"og:type\" content=\"article\" \/>\n<meta property=\"og:title\" content=\"Verneplikt og uttak av tidskonto - Arkiv\" \/>\n<meta property=\"og:description\" content=\"Fedre som avtjener siviltjeneste f\u00e5r ikke permisjon for uttak av f\u00f8dselspermisjon ved tidskonto. Det kan bli gitt anledning til \u00e5 ta ut tidskontoen, men da vil tjenesten bli forlenget tilsvarende. Man f\u00e5r imidlertid permisjon for uttak av sammenhengende fedrekvote uten at tjenesten blir forlenget tilsvarende. En mann reagerte p\u00e5 denne praksisen og henvendte seg derfor til Likestillingsombudet.\" \/>\n<meta property=\"og:url\" content=\"https:\/\/ldo.no\/arkiv\/klagesaker\/2003-verneplikt-og-uttak-av-tidskonto\/\" \/>\n<meta property=\"og:site_name\" content=\"Arkiv\" \/>\n<meta name=\"twitter:card\" content=\"summary_large_image\" \/>\n<meta name=\"twitter:label1\" content=\"Ansl. lesetid\" \/>\n\t<meta name=\"twitter:data1\" content=\"1 minutt\" \/>\n<script type=\"application\/ld+json\" class=\"yoast-schema-graph\">{\"@context\":\"https:\/\/schema.org\",\"@graph\":[{\"@type\":\"WebPage\",\"@id\":\"https:\/\/ldo.no\/arkiv\/klagesaker\/2003-verneplikt-og-uttak-av-tidskonto\/\",\"url\":\"https:\/\/ldo.no\/arkiv\/klagesaker\/2003-verneplikt-og-uttak-av-tidskonto\/\",\"name\":\"Verneplikt og uttak av tidskonto - Arkiv\",\"isPartOf\":{\"@id\":\"https:\/\/ldo.no\/arkiv\/#website\"},\"datePublished\":\"2003-01-01T00:00:00+00:00\",\"dateModified\":\"2003-01-01T00:00:00+00:00\",\"breadcrumb\":{\"@id\":\"https:\/\/ldo.no\/arkiv\/klagesaker\/2003-verneplikt-og-uttak-av-tidskonto\/#breadcrumb\"},\"inLanguage\":\"nb-NO\",\"potentialAction\":[{\"@type\":\"ReadAction\",\"target\":[\"https:\/\/ldo.no\/arkiv\/klagesaker\/2003-verneplikt-og-uttak-av-tidskonto\/\"]}]},{\"@type\":\"BreadcrumbList\",\"@id\":\"https:\/\/ldo.no\/arkiv\/klagesaker\/2003-verneplikt-og-uttak-av-tidskonto\/#breadcrumb\",\"itemListElement\":[{\"@type\":\"ListItem\",\"position\":1,\"name\":\"Arkiv\",\"item\":\"https:\/\/ldo.no\/arkiv\/\"},{\"@type\":\"ListItem\",\"position\":2,\"name\":\"Klagesaker\",\"item\":\"https:\/\/ldo.no\/arkiv\/?post-type=ldo-complaint\"},{\"@type\":\"ListItem\",\"position\":3,\"name\":\"Verneplikt og uttak av tidskonto\"}]},{\"@type\":\"WebSite\",\"@id\":\"https:\/\/ldo.no\/arkiv\/#website\",\"url\":\"https:\/\/ldo.no\/arkiv\/\",\"name\":\"LDO Arkiv\",\"description\":\"Dette er ombudets arkiv. Her finner du klagesaker som ombudet i sin tid behandlet fra 1996 til 2017. Klagesaker utover dette finner du p\u00e5 Diskrimineringsnemndas hjemmeside. P\u00e5 disse arkivsidene finner du ogs\u00e5 eldre h\u00f8ringssvar som strekker seg fra 2023 og tilbake til 2006. Nyere h\u00f8ringssvar finner du p\u00e5 Publikasjoner, som du kan bes\u00f8ke ved \u00e5 klikke p\u00e5 menyknappen \u00f8verst i h\u00f8yre hj\u00f8rne.\",\"publisher\":{\"@id\":\"https:\/\/ldo.no\/arkiv\/#organization\"},\"potentialAction\":[{\"@type\":\"SearchAction\",\"target\":{\"@type\":\"EntryPoint\",\"urlTemplate\":\"https:\/\/ldo.no\/arkiv\/?s={search_term_string}\"},\"query-input\":\"required name=search_term_string\"}],\"inLanguage\":\"nb-NO\"},{\"@type\":\"Organization\",\"@id\":\"https:\/\/ldo.no\/arkiv\/#organization\",\"name\":\"LDO Arkiv\",\"url\":\"https:\/\/ldo.no\/arkiv\/\",\"logo\":{\"@type\":\"ImageObject\",\"inLanguage\":\"nb-NO\",\"@id\":\"https:\/\/ldo.no\/arkiv\/#\/schema\/logo\/image\/\",\"url\":\"https:\/\/ldo.no\/content\/uploads\/sites\/2\/2025\/05\/Property-1Default.svg\",\"contentUrl\":\"https:\/\/ldo.no\/content\/uploads\/sites\/2\/2025\/05\/Property-1Default.svg\",\"caption\":\"LDO Arkiv\"},\"image\":{\"@id\":\"https:\/\/ldo.no\/arkiv\/#\/schema\/logo\/image\/\"}}]}<\/script>\n<!-- \/ Yoast SEO plugin. -->","yoast_head_json":{"title":"Verneplikt og uttak av tidskonto - Arkiv","robots":{"index":"index","follow":"follow","max-snippet":"max-snippet:-1","max-image-preview":"max-image-preview:large","max-video-preview":"max-video-preview:-1"},"canonical":"https:\/\/ldo.no\/arkiv\/klagesaker\/2003-verneplikt-og-uttak-av-tidskonto\/","og_locale":"nb_NO","og_type":"article","og_title":"Verneplikt og uttak av tidskonto - Arkiv","og_description":"Fedre som avtjener siviltjeneste f\u00e5r ikke permisjon for uttak av f\u00f8dselspermisjon ved tidskonto. Det kan bli gitt anledning til \u00e5 ta ut tidskontoen, men da vil tjenesten bli forlenget tilsvarende. Man f\u00e5r imidlertid permisjon for uttak av sammenhengende fedrekvote uten at tjenesten blir forlenget tilsvarende. En mann reagerte p\u00e5 denne praksisen og henvendte seg derfor til Likestillingsombudet.","og_url":"https:\/\/ldo.no\/arkiv\/klagesaker\/2003-verneplikt-og-uttak-av-tidskonto\/","og_site_name":"Arkiv","twitter_card":"summary_large_image","twitter_misc":{"Ansl. lesetid":"1 minutt"},"schema":{"@context":"https:\/\/schema.org","@graph":[{"@type":"WebPage","@id":"https:\/\/ldo.no\/arkiv\/klagesaker\/2003-verneplikt-og-uttak-av-tidskonto\/","url":"https:\/\/ldo.no\/arkiv\/klagesaker\/2003-verneplikt-og-uttak-av-tidskonto\/","name":"Verneplikt og uttak av tidskonto - Arkiv","isPartOf":{"@id":"https:\/\/ldo.no\/arkiv\/#website"},"datePublished":"2003-01-01T00:00:00+00:00","dateModified":"2003-01-01T00:00:00+00:00","breadcrumb":{"@id":"https:\/\/ldo.no\/arkiv\/klagesaker\/2003-verneplikt-og-uttak-av-tidskonto\/#breadcrumb"},"inLanguage":"nb-NO","potentialAction":[{"@type":"ReadAction","target":["https:\/\/ldo.no\/arkiv\/klagesaker\/2003-verneplikt-og-uttak-av-tidskonto\/"]}]},{"@type":"BreadcrumbList","@id":"https:\/\/ldo.no\/arkiv\/klagesaker\/2003-verneplikt-og-uttak-av-tidskonto\/#breadcrumb","itemListElement":[{"@type":"ListItem","position":1,"name":"Arkiv","item":"https:\/\/ldo.no\/arkiv\/"},{"@type":"ListItem","position":2,"name":"Klagesaker","item":"https:\/\/ldo.no\/arkiv\/?post-type=ldo-complaint"},{"@type":"ListItem","position":3,"name":"Verneplikt og uttak av tidskonto"}]},{"@type":"WebSite","@id":"https:\/\/ldo.no\/arkiv\/#website","url":"https:\/\/ldo.no\/arkiv\/","name":"LDO Arkiv","description":"Dette er ombudets arkiv. Her finner du klagesaker som ombudet i sin tid behandlet fra 1996 til 2017. Klagesaker utover dette finner du p\u00e5 Diskrimineringsnemndas hjemmeside. P\u00e5 disse arkivsidene finner du ogs\u00e5 eldre h\u00f8ringssvar som strekker seg fra 2023 og tilbake til 2006. Nyere h\u00f8ringssvar finner du p\u00e5 Publikasjoner, som du kan bes\u00f8ke ved \u00e5 klikke p\u00e5 menyknappen \u00f8verst i h\u00f8yre hj\u00f8rne.","publisher":{"@id":"https:\/\/ldo.no\/arkiv\/#organization"},"potentialAction":[{"@type":"SearchAction","target":{"@type":"EntryPoint","urlTemplate":"https:\/\/ldo.no\/arkiv\/?s={search_term_string}"},"query-input":"required name=search_term_string"}],"inLanguage":"nb-NO"},{"@type":"Organization","@id":"https:\/\/ldo.no\/arkiv\/#organization","name":"LDO Arkiv","url":"https:\/\/ldo.no\/arkiv\/","logo":{"@type":"ImageObject","inLanguage":"nb-NO","@id":"https:\/\/ldo.no\/arkiv\/#\/schema\/logo\/image\/","url":"https:\/\/ldo.no\/content\/uploads\/sites\/2\/2025\/05\/Property-1Default.svg","contentUrl":"https:\/\/ldo.no\/content\/uploads\/sites\/2\/2025\/05\/Property-1Default.svg","caption":"LDO Arkiv"},"image":{"@id":"https:\/\/ldo.no\/arkiv\/#\/schema\/logo\/image\/"}}]}},"_links":{"self":[{"href":"https:\/\/ldo.no\/arkiv\/wp-json\/wp\/v2\/ldo-complaint\/16074"}],"collection":[{"href":"https:\/\/ldo.no\/arkiv\/wp-json\/wp\/v2\/ldo-complaint"}],"about":[{"href":"https:\/\/ldo.no\/arkiv\/wp-json\/wp\/v2\/types\/ldo-complaint"}],"version-history":[{"count":0,"href":"https:\/\/ldo.no\/arkiv\/wp-json\/wp\/v2\/ldo-complaint\/16074\/revisions"}],"wp:attachment":[{"href":"https:\/\/ldo.no\/arkiv\/wp-json\/wp\/v2\/media?parent=16074"}],"wp:term":[{"taxonomy":"ldo-archive-year","embeddable":true,"href":"https:\/\/ldo.no\/arkiv\/wp-json\/wp\/v2\/ldo-archive-year?post=16074"}],"curies":[{"name":"wp","href":"https:\/\/api.w.org\/{rel}","templated":true}]}}

<h1>Verneplikt og uttak av tidskonto</h1>
<article class="base-article inside">
<header>
<div class="row">
<div class="col-sm-12">
</div>
</div>
</header>
<section>
<section class="lead">
<p>Fedre som avtjener siviltjeneste får ikke permisjon for uttak av fødselspermisjon ved tidskonto. Det kan bli gitt anledning til å ta ut tidskontoen, men da vil tjenesten bli forlenget tilsvarende. Man får imidlertid permisjon for uttak av sammenhengende fedrekvote uten at tjenesten blir forlenget tilsvarende. En mann reagerte på denne praksisen og henvendte seg derfor til Likestillingsombudet. </p>
</section>
<section>
<p>Ved å innvilge fri en dag i uken med tilsvarende forlengelse av tjeneste, har Siviltjenesteadministrasjonen lagt til rette for at far kan ha mulighet til å ta omsorg for barnet samtidig med avtjening av verneplikten. Ombudet kunne derfor vanskelig si at Siviladministrasjonene hadde handlet i strid med likestillingsloven. Ombudet ønsket likevel å påpeke overfor Siviltjenesteadministrasjonen at det er en meget sentral likestillingsmessig målsetting at menn og kvinner skal ha like plikter, rettigheter og reelle muligheter til å ta omsorg for sine barn. I denne sammenheng viste Ombudet til aktivitetsplikten i likestillingsloven § 1a, og mente at man burde kunne legge til rette for at fedre kan ta ut permisjon over lengre tidsrom, og i alle fall få samme fritak for tjeneste som om man valgte fedrekvote på vanlig vis. </p>
<p>Siviltjenesteadministrasjonen oversendte Ombudet brev til Justisdepartementet for vurdering. Ifølge svaret fra departementet, ønsket man ikke å legge til rette for at man skal kunne ta ut fødselspermisjon som tidskonto uten å få forlenget tjenestetid. Begrunnelsen var at man ikke ønsket å gjøre forskjell på sivilt og militært vernepliktige. Departementet var imidlertid opptatt av at man skulle kunne tilpasse gjeldende regelverk så langt det i praksis er gjennomførbart. Ombudet opprettholdt sine synspunkter, men hadde forståelse for departementets argument om likebehandling.</p>
<p>Saksnummer: 2003/322<br />Emne: siviltjeneste, tidskonto, fødselspermisjon, verneplikt<br />Klager: mann<br />Lovanvendelse: § 3.0</p>
</section>
</section>
</article>

<p>Fedre som avtjener siviltjeneste får ikke permisjon for uttak av fødselspermisjon ved tidskonto. Det kan bli gitt anledning til å ta ut tidskontoen, men da vil tjenesten bli forlenget tilsvarende. Man får imidlertid permisjon for uttak av sammenhengende fedrekvote uten at tjenesten blir forlenget tilsvarende. En mann reagerte på denne praksisen og henvendte seg derfor til Likestillingsombudet.</p>

<!-- This site is optimized with the Yoast SEO plugin v22.9 - https://yoast.com/wordpress/plugins/seo/ -->
<title>Verneplikt og uttak av tidskonto - Arkiv</title>
<meta name="robots" content="index, follow, max-snippet:-1, max-image-preview:large, max-video-preview:-1" />
<link rel="canonical" href="https://ldo.no/arkiv/klagesaker/2003-verneplikt-og-uttak-av-tidskonto/" />
<meta property="og:locale" content="nb_NO" />
<meta property="og:type" content="article" />
<meta property="og:title" content="Verneplikt og uttak av tidskonto - Arkiv" />
<meta property="og:description" content="Fedre som avtjener siviltjeneste får ikke permisjon for uttak av fødselspermisjon ved tidskonto. Det kan bli gitt anledning til å ta ut tidskontoen, men da vil tjenesten bli forlenget tilsvarende. Man får imidlertid permisjon for uttak av sammenhengende fedrekvote uten at tjenesten blir forlenget tilsvarende. En mann reagerte på denne praksisen og henvendte seg derfor til Likestillingsombudet." />
<meta property="og:url" content="https://ldo.no/arkiv/klagesaker/2003-verneplikt-og-uttak-av-tidskonto/" />
<meta property="og:site_name" content="Arkiv" />
<meta name="twitter:card" content="summary_large_image" />
<meta name="twitter:label1" content="Ansl. lesetid" />
	<meta name="twitter:data1" content="1 minutt" />
<script type="application/ld+json" class="yoast-schema-graph">{"@context":"https://schema.org","@graph":[{"@type":"WebPage","@id":"https://ldo.no/arkiv/klagesaker/2003-verneplikt-og-uttak-av-tidskonto/","url":"https://ldo.no/arkiv/klagesaker/2003-verneplikt-og-uttak-av-tidskonto/","name":"Verneplikt og uttak av tidskonto - Arkiv","isPartOf":{"@id":"https://ldo.no/arkiv/#website"},"datePublished":"2003-01-01T00:00:00+00:00","dateModified":"2003-01-01T00:00:00+00:00","breadcrumb":{"@id":"https://ldo.no/arkiv/klagesaker/2003-verneplikt-og-uttak-av-tidskonto/#breadcrumb"},"inLanguage":"nb-NO","potentialAction":[{"@type":"ReadAction","target":["https://ldo.no/arkiv/klagesaker/2003-verneplikt-og-uttak-av-tidskonto/"]}]},{"@type":"BreadcrumbList","@id":"https://ldo.no/arkiv/klagesaker/2003-verneplikt-og-uttak-av-tidskonto/#breadcrumb","itemListElement":[{"@type":"ListItem","position":1,"name":"Arkiv","item":"https://ldo.no/arkiv/"},{"@type":"ListItem","position":2,"name":"Klagesaker","item":"https://ldo.no/arkiv/?post-type=ldo-complaint"},{"@type":"ListItem","position":3,"name":"Verneplikt og uttak av tidskonto"}]},{"@type":"WebSite","@id":"https://ldo.no/arkiv/#website","url":"https://ldo.no/arkiv/","name":"LDO Arkiv","description":"Dette er ombudets arkiv. Her finner du klagesaker som ombudet i sin tid behandlet fra 1996 til 2017. Klagesaker utover dette finner du på Diskrimineringsnemndas hjemmeside. På disse arkivsidene finner du også eldre høringssvar som strekker seg fra 2023 og tilbake til 2006. Nyere høringssvar finner du på Publikasjoner, som du kan besøke ved å klikke på menyknappen øverst i høyre hjørne.","publisher":{"@id":"https://ldo.no/arkiv/#organization"},"potentialAction":[{"@type":"SearchAction","target":{"@type":"EntryPoint","urlTemplate":"https://ldo.no/arkiv/?s={search_term_string}"},"query-input":"required name=search_term_string"}],"inLanguage":"nb-NO"},{"@type":"Organization","@id":"https://ldo.no/arkiv/#organization","name":"LDO Arkiv","url":"https://ldo.no/arkiv/","logo":{"@type":"ImageObject","inLanguage":"nb-NO","@id":"https://ldo.no/arkiv/#/schema/logo/image/","url":"https://ldo.no/content/uploads/sites/2/2025/05/Property-1Default.svg","contentUrl":"https://ldo.no/content/uploads/sites/2/2025/05/Property-1Default.svg","caption":"LDO Arkiv"},"image":{"@id":"https://ldo.no/arkiv/#/schema/logo/image/"}}]}</script>
<!-- / Yoast SEO plugin. -->

Fedre som avtjener siviltjeneste får ikke permisjon for uttak av fødselspermisjon ved tidskonto. Det kan bli gitt anledning til å ta ut tidskontoen, men da vil tjenesten bli forlenget tilsvarende. Man får imidlertid permisjon for uttak av sammenhengende fedrekvote uten at tjenesten blir forlenget tilsvarende. En mann reagerte på denne praksisen og henvendte seg derfor til Likestillingsombudet.

Dette er ombudets arkiv. Her finner du klagesaker som ombudet i sin tid behandlet fra 1996 til 2017. Klagesaker utover dette finner du på Diskrimineringsnemndas hjemmeside. På disse arkivsidene finner du også eldre høringssvar som strekker seg fra 2023 og tilbake til 2006. Nyere høringssvar finner du på Publikasjoner, som du kan besøke ved å klikke på menyknappen øverst i høyre hjørne.
