{"id":16134,"date":"2004-01-01T00:00:00","date_gmt":"2004-01-01T00:00:00","guid":{"rendered":"https:\/\/ldo.local\/arkiv\/klagesaker\/2004-ansettelse-av-daglig-leder-innkalling-til-intervju\/"},"modified":"2004-01-01T00:00:00","modified_gmt":"2004-01-01T00:00:00","slug":"2004-ansettelse-av-daglig-leder-innkalling-til-intervju","status":"publish","type":"ldo-complaint","link":"https:\/\/ldo.no\/arkiv\/klagesaker\/2004-ansettelse-av-daglig-leder-innkalling-til-intervju\/","title":{"rendered":"Ansettelse av daglig leder &#8211; innkalling til intervju"},"content":{"rendered":"<h1>Ansettelse av daglig leder &#8211; innkalling til intervju<\/h1>\n<article class=\"base-article inside\">\n<header>\n<div class=\"row\">\n<div class=\"col-sm-12\">\n<\/div>\n<\/div>\n<\/header>\n<section>\n<section class=\"lead\">\n<p>En kvinne klaget til Likestillingsombudet fordi hun mente seg forbig\u00e5tt p\u00e5 grunn av kj\u00f8nn ved ansettelse i stilling som daglig leder. Det var to s\u00f8kere til stillingen, kvinnen og en mannlig s\u00f8ker. Kvinnen ble ikke innkalt til intervju, og hun mente seg bedre kvalifisert enn mannen som ble ansatt. <\/p>\n<\/section>\n<section>\n<p>Likestillingsombudet la til grunn at begge s\u00f8kere var kvalifisert til stillingen. At kvinnen likevel ikke ble innkalt til intervju, kunne derfor v\u00e6re et forhold som ga grunn til \u00e5 tro at det hadde skjedd en forskjellsbehandling. Kvinnen satt imidlertid i styret til selskapet som utlyste stillingen, og den ansettende myndighet hadde derfor god kjennskap til henne allerede. Ombudet kunne derfor ikke se at det forel\u00e5 holdepunkter for at det var kj\u00f8nn som var utslagsgivende for at kvinnen ikke ble innkalt til intervju. Mannen ble alt i alt vurdert som en bedre kvalifisert s\u00f8ker enn kvinnen, noe Ombudet ikke hadde noen holdepunkter for \u00e5 kritisere.<\/p>\n<p>Saksnummer: 2004\/274<br \/>Emne: intervju, ansettelse, daglig leder<br \/>Klager: kvinne<br \/>Lovanvendelse: \u00a7 4.0<\/p>\n<\/section>\n<\/section>\n<\/article>\n","protected":false},"excerpt":{"rendered":"<p>En kvinne klaget til Likestillingsombudet fordi hun mente seg forbig\u00e5tt p\u00e5 grunn av kj\u00f8nn ved ansettelse i stilling som daglig leder. Det var to s\u00f8kere til stillingen, kvinnen og en mannlig s\u00f8ker. Kvinnen ble ikke innkalt til intervju, og hun mente seg bedre kvalifisert enn mannen som ble ansatt.<\/p>\n","protected":false},"template":"","meta":{"footnotes":""},"ldo-archive-year":[16],"class_list":["post-16134","ldo-complaint","type-ldo-complaint","status-publish","hentry","ldo-archive-year-16"],"yoast_head":"<!-- This site is optimized with the Yoast SEO plugin v22.9 - https:\/\/yoast.com\/wordpress\/plugins\/seo\/ -->\n<title>Ansettelse av daglig leder - innkalling til intervju - Arkiv<\/title>\n<meta name=\"robots\" content=\"index, follow, max-snippet:-1, max-image-preview:large, max-video-preview:-1\" \/>\n<link rel=\"canonical\" href=\"https:\/\/ldo.no\/arkiv\/klagesaker\/2004-ansettelse-av-daglig-leder-innkalling-til-intervju\/\" \/>\n<meta property=\"og:locale\" content=\"nb_NO\" \/>\n<meta property=\"og:type\" content=\"article\" \/>\n<meta property=\"og:title\" content=\"Ansettelse av daglig leder - innkalling til intervju - Arkiv\" \/>\n<meta property=\"og:description\" content=\"En kvinne klaget til Likestillingsombudet fordi hun mente seg forbig\u00e5tt p\u00e5 grunn av kj\u00f8nn ved ansettelse i stilling som daglig leder. Det var to s\u00f8kere til stillingen, kvinnen og en mannlig s\u00f8ker. Kvinnen ble ikke innkalt til intervju, og hun mente seg bedre kvalifisert enn mannen som ble ansatt.\" \/>\n<meta property=\"og:url\" content=\"https:\/\/ldo.no\/arkiv\/klagesaker\/2004-ansettelse-av-daglig-leder-innkalling-til-intervju\/\" \/>\n<meta property=\"og:site_name\" content=\"Arkiv\" \/>\n<meta name=\"twitter:card\" content=\"summary_large_image\" \/>\n<meta name=\"twitter:label1\" content=\"Ansl. lesetid\" \/>\n\t<meta name=\"twitter:data1\" content=\"1 minutt\" \/>\n<script type=\"application\/ld+json\" class=\"yoast-schema-graph\">{\"@context\":\"https:\/\/schema.org\",\"@graph\":[{\"@type\":\"WebPage\",\"@id\":\"https:\/\/ldo.no\/arkiv\/klagesaker\/2004-ansettelse-av-daglig-leder-innkalling-til-intervju\/\",\"url\":\"https:\/\/ldo.no\/arkiv\/klagesaker\/2004-ansettelse-av-daglig-leder-innkalling-til-intervju\/\",\"name\":\"Ansettelse av daglig leder - innkalling til intervju - Arkiv\",\"isPartOf\":{\"@id\":\"https:\/\/ldo.no\/arkiv\/#website\"},\"datePublished\":\"2004-01-01T00:00:00+00:00\",\"dateModified\":\"2004-01-01T00:00:00+00:00\",\"breadcrumb\":{\"@id\":\"https:\/\/ldo.no\/arkiv\/klagesaker\/2004-ansettelse-av-daglig-leder-innkalling-til-intervju\/#breadcrumb\"},\"inLanguage\":\"nb-NO\",\"potentialAction\":[{\"@type\":\"ReadAction\",\"target\":[\"https:\/\/ldo.no\/arkiv\/klagesaker\/2004-ansettelse-av-daglig-leder-innkalling-til-intervju\/\"]}]},{\"@type\":\"BreadcrumbList\",\"@id\":\"https:\/\/ldo.no\/arkiv\/klagesaker\/2004-ansettelse-av-daglig-leder-innkalling-til-intervju\/#breadcrumb\",\"itemListElement\":[{\"@type\":\"ListItem\",\"position\":1,\"name\":\"Arkiv\",\"item\":\"https:\/\/ldo.no\/arkiv\/\"},{\"@type\":\"ListItem\",\"position\":2,\"name\":\"Klagesaker\",\"item\":\"https:\/\/ldo.no\/arkiv\/?post-type=ldo-complaint\"},{\"@type\":\"ListItem\",\"position\":3,\"name\":\"Ansettelse av daglig leder &#8211; innkalling til intervju\"}]},{\"@type\":\"WebSite\",\"@id\":\"https:\/\/ldo.no\/arkiv\/#website\",\"url\":\"https:\/\/ldo.no\/arkiv\/\",\"name\":\"LDO Arkiv\",\"description\":\"Dette er ombudets arkiv. Her finner du klagesaker som ombudet i sin tid behandlet fra 1996 til 2017. Klagesaker utover dette finner du p\u00e5 Diskrimineringsnemndas hjemmeside. P\u00e5 disse arkivsidene finner du ogs\u00e5 eldre h\u00f8ringssvar som strekker seg fra 2023 og tilbake til 2006. Nyere h\u00f8ringssvar finner du p\u00e5 Publikasjoner, som du kan bes\u00f8ke ved \u00e5 klikke p\u00e5 menyknappen \u00f8verst i h\u00f8yre hj\u00f8rne.\",\"publisher\":{\"@id\":\"https:\/\/ldo.no\/arkiv\/#organization\"},\"potentialAction\":[{\"@type\":\"SearchAction\",\"target\":{\"@type\":\"EntryPoint\",\"urlTemplate\":\"https:\/\/ldo.no\/arkiv\/?s={search_term_string}\"},\"query-input\":\"required name=search_term_string\"}],\"inLanguage\":\"nb-NO\"},{\"@type\":\"Organization\",\"@id\":\"https:\/\/ldo.no\/arkiv\/#organization\",\"name\":\"LDO Arkiv\",\"url\":\"https:\/\/ldo.no\/arkiv\/\",\"logo\":{\"@type\":\"ImageObject\",\"inLanguage\":\"nb-NO\",\"@id\":\"https:\/\/ldo.no\/arkiv\/#\/schema\/logo\/image\/\",\"url\":\"https:\/\/ldo.no\/content\/uploads\/sites\/2\/2025\/05\/Property-1Default.svg\",\"contentUrl\":\"https:\/\/ldo.no\/content\/uploads\/sites\/2\/2025\/05\/Property-1Default.svg\",\"caption\":\"LDO Arkiv\"},\"image\":{\"@id\":\"https:\/\/ldo.no\/arkiv\/#\/schema\/logo\/image\/\"}}]}<\/script>\n<!-- \/ Yoast SEO plugin. -->","yoast_head_json":{"title":"Ansettelse av daglig leder - innkalling til intervju - Arkiv","robots":{"index":"index","follow":"follow","max-snippet":"max-snippet:-1","max-image-preview":"max-image-preview:large","max-video-preview":"max-video-preview:-1"},"canonical":"https:\/\/ldo.no\/arkiv\/klagesaker\/2004-ansettelse-av-daglig-leder-innkalling-til-intervju\/","og_locale":"nb_NO","og_type":"article","og_title":"Ansettelse av daglig leder - innkalling til intervju - Arkiv","og_description":"En kvinne klaget til Likestillingsombudet fordi hun mente seg forbig\u00e5tt p\u00e5 grunn av kj\u00f8nn ved ansettelse i stilling som daglig leder. Det var to s\u00f8kere til stillingen, kvinnen og en mannlig s\u00f8ker. Kvinnen ble ikke innkalt til intervju, og hun mente seg bedre kvalifisert enn mannen som ble ansatt.","og_url":"https:\/\/ldo.no\/arkiv\/klagesaker\/2004-ansettelse-av-daglig-leder-innkalling-til-intervju\/","og_site_name":"Arkiv","twitter_card":"summary_large_image","twitter_misc":{"Ansl. lesetid":"1 minutt"},"schema":{"@context":"https:\/\/schema.org","@graph":[{"@type":"WebPage","@id":"https:\/\/ldo.no\/arkiv\/klagesaker\/2004-ansettelse-av-daglig-leder-innkalling-til-intervju\/","url":"https:\/\/ldo.no\/arkiv\/klagesaker\/2004-ansettelse-av-daglig-leder-innkalling-til-intervju\/","name":"Ansettelse av daglig leder - innkalling til intervju - Arkiv","isPartOf":{"@id":"https:\/\/ldo.no\/arkiv\/#website"},"datePublished":"2004-01-01T00:00:00+00:00","dateModified":"2004-01-01T00:00:00+00:00","breadcrumb":{"@id":"https:\/\/ldo.no\/arkiv\/klagesaker\/2004-ansettelse-av-daglig-leder-innkalling-til-intervju\/#breadcrumb"},"inLanguage":"nb-NO","potentialAction":[{"@type":"ReadAction","target":["https:\/\/ldo.no\/arkiv\/klagesaker\/2004-ansettelse-av-daglig-leder-innkalling-til-intervju\/"]}]},{"@type":"BreadcrumbList","@id":"https:\/\/ldo.no\/arkiv\/klagesaker\/2004-ansettelse-av-daglig-leder-innkalling-til-intervju\/#breadcrumb","itemListElement":[{"@type":"ListItem","position":1,"name":"Arkiv","item":"https:\/\/ldo.no\/arkiv\/"},{"@type":"ListItem","position":2,"name":"Klagesaker","item":"https:\/\/ldo.no\/arkiv\/?post-type=ldo-complaint"},{"@type":"ListItem","position":3,"name":"Ansettelse av daglig leder &#8211; innkalling til intervju"}]},{"@type":"WebSite","@id":"https:\/\/ldo.no\/arkiv\/#website","url":"https:\/\/ldo.no\/arkiv\/","name":"LDO Arkiv","description":"Dette er ombudets arkiv. Her finner du klagesaker som ombudet i sin tid behandlet fra 1996 til 2017. Klagesaker utover dette finner du p\u00e5 Diskrimineringsnemndas hjemmeside. P\u00e5 disse arkivsidene finner du ogs\u00e5 eldre h\u00f8ringssvar som strekker seg fra 2023 og tilbake til 2006. Nyere h\u00f8ringssvar finner du p\u00e5 Publikasjoner, som du kan bes\u00f8ke ved \u00e5 klikke p\u00e5 menyknappen \u00f8verst i h\u00f8yre hj\u00f8rne.","publisher":{"@id":"https:\/\/ldo.no\/arkiv\/#organization"},"potentialAction":[{"@type":"SearchAction","target":{"@type":"EntryPoint","urlTemplate":"https:\/\/ldo.no\/arkiv\/?s={search_term_string}"},"query-input":"required name=search_term_string"}],"inLanguage":"nb-NO"},{"@type":"Organization","@id":"https:\/\/ldo.no\/arkiv\/#organization","name":"LDO Arkiv","url":"https:\/\/ldo.no\/arkiv\/","logo":{"@type":"ImageObject","inLanguage":"nb-NO","@id":"https:\/\/ldo.no\/arkiv\/#\/schema\/logo\/image\/","url":"https:\/\/ldo.no\/content\/uploads\/sites\/2\/2025\/05\/Property-1Default.svg","contentUrl":"https:\/\/ldo.no\/content\/uploads\/sites\/2\/2025\/05\/Property-1Default.svg","caption":"LDO Arkiv"},"image":{"@id":"https:\/\/ldo.no\/arkiv\/#\/schema\/logo\/image\/"}}]}},"_links":{"self":[{"href":"https:\/\/ldo.no\/arkiv\/wp-json\/wp\/v2\/ldo-complaint\/16134"}],"collection":[{"href":"https:\/\/ldo.no\/arkiv\/wp-json\/wp\/v2\/ldo-complaint"}],"about":[{"href":"https:\/\/ldo.no\/arkiv\/wp-json\/wp\/v2\/types\/ldo-complaint"}],"version-history":[{"count":0,"href":"https:\/\/ldo.no\/arkiv\/wp-json\/wp\/v2\/ldo-complaint\/16134\/revisions"}],"wp:attachment":[{"href":"https:\/\/ldo.no\/arkiv\/wp-json\/wp\/v2\/media?parent=16134"}],"wp:term":[{"taxonomy":"ldo-archive-year","embeddable":true,"href":"https:\/\/ldo.no\/arkiv\/wp-json\/wp\/v2\/ldo-archive-year?post=16134"}],"curies":[{"name":"wp","href":"https:\/\/api.w.org\/{rel}","templated":true}]}}

<h1>Ansettelse av daglig leder &#8211; innkalling til intervju</h1>
<article class="base-article inside">
<header>
<div class="row">
<div class="col-sm-12">
</div>
</div>
</header>
<section>
<section class="lead">
<p>En kvinne klaget til Likestillingsombudet fordi hun mente seg forbigått på grunn av kjønn ved ansettelse i stilling som daglig leder. Det var to søkere til stillingen, kvinnen og en mannlig søker. Kvinnen ble ikke innkalt til intervju, og hun mente seg bedre kvalifisert enn mannen som ble ansatt. </p>
</section>
<section>
<p>Likestillingsombudet la til grunn at begge søkere var kvalifisert til stillingen. At kvinnen likevel ikke ble innkalt til intervju, kunne derfor være et forhold som ga grunn til å tro at det hadde skjedd en forskjellsbehandling. Kvinnen satt imidlertid i styret til selskapet som utlyste stillingen, og den ansettende myndighet hadde derfor god kjennskap til henne allerede. Ombudet kunne derfor ikke se at det forelå holdepunkter for at det var kjønn som var utslagsgivende for at kvinnen ikke ble innkalt til intervju. Mannen ble alt i alt vurdert som en bedre kvalifisert søker enn kvinnen, noe Ombudet ikke hadde noen holdepunkter for å kritisere.</p>
<p>Saksnummer: 2004/274<br />Emne: intervju, ansettelse, daglig leder<br />Klager: kvinne<br />Lovanvendelse: § 4.0</p>
</section>
</section>
</article>

<p>En kvinne klaget til Likestillingsombudet fordi hun mente seg forbigått på grunn av kjønn ved ansettelse i stilling som daglig leder. Det var to søkere til stillingen, kvinnen og en mannlig søker. Kvinnen ble ikke innkalt til intervju, og hun mente seg bedre kvalifisert enn mannen som ble ansatt.</p>

<!-- This site is optimized with the Yoast SEO plugin v22.9 - https://yoast.com/wordpress/plugins/seo/ -->
<title>Ansettelse av daglig leder - innkalling til intervju - Arkiv</title>
<meta name="robots" content="index, follow, max-snippet:-1, max-image-preview:large, max-video-preview:-1" />
<link rel="canonical" href="https://ldo.no/arkiv/klagesaker/2004-ansettelse-av-daglig-leder-innkalling-til-intervju/" />
<meta property="og:locale" content="nb_NO" />
<meta property="og:type" content="article" />
<meta property="og:title" content="Ansettelse av daglig leder - innkalling til intervju - Arkiv" />
<meta property="og:description" content="En kvinne klaget til Likestillingsombudet fordi hun mente seg forbigått på grunn av kjønn ved ansettelse i stilling som daglig leder. Det var to søkere til stillingen, kvinnen og en mannlig søker. Kvinnen ble ikke innkalt til intervju, og hun mente seg bedre kvalifisert enn mannen som ble ansatt." />
<meta property="og:url" content="https://ldo.no/arkiv/klagesaker/2004-ansettelse-av-daglig-leder-innkalling-til-intervju/" />
<meta property="og:site_name" content="Arkiv" />
<meta name="twitter:card" content="summary_large_image" />
<meta name="twitter:label1" content="Ansl. lesetid" />
	<meta name="twitter:data1" content="1 minutt" />
<script type="application/ld+json" class="yoast-schema-graph">{"@context":"https://schema.org","@graph":[{"@type":"WebPage","@id":"https://ldo.no/arkiv/klagesaker/2004-ansettelse-av-daglig-leder-innkalling-til-intervju/","url":"https://ldo.no/arkiv/klagesaker/2004-ansettelse-av-daglig-leder-innkalling-til-intervju/","name":"Ansettelse av daglig leder - innkalling til intervju - Arkiv","isPartOf":{"@id":"https://ldo.no/arkiv/#website"},"datePublished":"2004-01-01T00:00:00+00:00","dateModified":"2004-01-01T00:00:00+00:00","breadcrumb":{"@id":"https://ldo.no/arkiv/klagesaker/2004-ansettelse-av-daglig-leder-innkalling-til-intervju/#breadcrumb"},"inLanguage":"nb-NO","potentialAction":[{"@type":"ReadAction","target":["https://ldo.no/arkiv/klagesaker/2004-ansettelse-av-daglig-leder-innkalling-til-intervju/"]}]},{"@type":"BreadcrumbList","@id":"https://ldo.no/arkiv/klagesaker/2004-ansettelse-av-daglig-leder-innkalling-til-intervju/#breadcrumb","itemListElement":[{"@type":"ListItem","position":1,"name":"Arkiv","item":"https://ldo.no/arkiv/"},{"@type":"ListItem","position":2,"name":"Klagesaker","item":"https://ldo.no/arkiv/?post-type=ldo-complaint"},{"@type":"ListItem","position":3,"name":"Ansettelse av daglig leder &#8211; innkalling til intervju"}]},{"@type":"WebSite","@id":"https://ldo.no/arkiv/#website","url":"https://ldo.no/arkiv/","name":"LDO Arkiv","description":"Dette er ombudets arkiv. Her finner du klagesaker som ombudet i sin tid behandlet fra 1996 til 2017. Klagesaker utover dette finner du på Diskrimineringsnemndas hjemmeside. På disse arkivsidene finner du også eldre høringssvar som strekker seg fra 2023 og tilbake til 2006. Nyere høringssvar finner du på Publikasjoner, som du kan besøke ved å klikke på menyknappen øverst i høyre hjørne.","publisher":{"@id":"https://ldo.no/arkiv/#organization"},"potentialAction":[{"@type":"SearchAction","target":{"@type":"EntryPoint","urlTemplate":"https://ldo.no/arkiv/?s={search_term_string}"},"query-input":"required name=search_term_string"}],"inLanguage":"nb-NO"},{"@type":"Organization","@id":"https://ldo.no/arkiv/#organization","name":"LDO Arkiv","url":"https://ldo.no/arkiv/","logo":{"@type":"ImageObject","inLanguage":"nb-NO","@id":"https://ldo.no/arkiv/#/schema/logo/image/","url":"https://ldo.no/content/uploads/sites/2/2025/05/Property-1Default.svg","contentUrl":"https://ldo.no/content/uploads/sites/2/2025/05/Property-1Default.svg","caption":"LDO Arkiv"},"image":{"@id":"https://ldo.no/arkiv/#/schema/logo/image/"}}]}</script>
<!-- / Yoast SEO plugin. -->

En kvinne klaget til Likestillingsombudet fordi hun mente seg forbigått på grunn av kjønn ved ansettelse i stilling som daglig leder. Det var to søkere til stillingen, kvinnen og en mannlig søker. Kvinnen ble ikke innkalt til intervju, og hun mente seg bedre kvalifisert enn mannen som ble ansatt.

Dette er ombudets arkiv. Her finner du klagesaker som ombudet i sin tid behandlet fra 1996 til 2017. Klagesaker utover dette finner du på Diskrimineringsnemndas hjemmeside. På disse arkivsidene finner du også eldre høringssvar som strekker seg fra 2023 og tilbake til 2006. Nyere høringssvar finner du på Publikasjoner, som du kan besøke ved å klikke på menyknappen øverst i høyre hjørne.
