{"id":16149,"date":"2004-01-01T00:00:00","date_gmt":"2004-01-01T00:00:00","guid":{"rendered":"https:\/\/ldo.local\/arkiv\/klagesaker\/2004-ansettelse-av-pedagogisk-leder\/"},"modified":"2004-01-01T00:00:00","modified_gmt":"2004-01-01T00:00:00","slug":"2004-ansettelse-av-pedagogisk-leder","status":"publish","type":"ldo-complaint","link":"https:\/\/ldo.no\/arkiv\/klagesaker\/2004-ansettelse-av-pedagogisk-leder\/","title":{"rendered":"Ansettelse av pedagogisk leder"},"content":{"rendered":"<h1>Ansettelse av pedagogisk leder<\/h1>\n<article class=\"base-article inside\">\n<header>\n<div class=\"row\">\n<div class=\"col-sm-12\">\n<\/div>\n<\/div>\n<\/header>\n<section>\n<section class=\"lead\">\n<p>En kvinne klaget inn en kommune for Likestillingsombudet fordi hun mente seg forbig\u00e5tt i flere ansettelsesprosesser i en barnehage. Kvinnen hadde jobbet i barnehagen siden 1996, f\u00f8rst som vikar, s\u00e5 i deltidsstilling og siden sommeren 2000 p\u00e5 heltid. Forut for den f\u00f8rste ansettelsesprosessen hadde kvinnen hatt et tre m\u00e5neders vikariat som pedagogisk leder, noe hun tidvis hadde fungert som ogs\u00e5 tidligere. <\/p>\n<\/section>\n<section>\n<p>Vikariatet ble ikke forlenget til tross for at det var ledig. Kvinnen var gravid og gikk i februar 2003 ut i f\u00f8dselspermisjon. Rundt samme tidspunkt ble en annen tilsatt i et halv\u00e5rs vikariat som pedagogisk leder. Sommeren 2003 ble vikariatet lyst ledig ut \u00e5ret. Kvinnen fikk tilbud om jobben etter at to andre hadde takket nei. Etter at hun opplyste at hun ikke kunne tiltre i vikariatet pga f\u00f8dselspermisjon trakk kommunen tilbudet. I januar 2004 ble fast stilling som pedagogisk leder lyst ut og kvinnen ble innstilt som nr 2. <\/p>\n<p>Likestillingsombudet henvendte seg til kommunen for uttalelse i saken. Kommunen hevdet at man ikke hadde handlet i strid med likestillingsloven ved ikke \u00e5 ansette kvinnen ved de tre anledningene det var tale om. Det f\u00f8rste vikariatet var ikke aktuelt fordi kvinnen akkurat hadde f\u00f8dt. Det andre vikariatet ble hun tilbudt, men da hun ikke kunne tiltre pga f\u00f8dselspermisjon m\u00e5tte hennes svar anses som et faktisk avslag p\u00e5 tilbudet om jobb. Kvinnen var dessuten faktisk fast ansatt og hun ville ikke opparbeidet seg flere rettigheter i stilling som pedagogisk leder. <\/p>\n<p>Likestillingslovens \u00a7 4 annet ledd forbyr forskjellsbehandling ved ansettelser i strid med \u00a7 3. I f\u00f8lge \u00a7 3 er direkte og indirekte forskjellsbehandling ikke tillatt. Sp\u00f8rsm\u00e5let her var om det forel\u00e5 indirekte forskjellsbehandling. Med dette menes enhver tilsynelatende kj\u00f8nnsn\u00f8ytral handling som faktisk virker slik at det ene kj\u00f8nn stilles d\u00e5rligere enn det annet.<\/p>\n<p>Forbig\u00e5else ved ansettelse p\u00e5 grunn av f\u00f8dselspermisjon er regnet som en handling som faktisk virker slik at kvinner stilles d\u00e5rligere enn menn. Bakgrunnen for dette er at det fortsatt er slik at kvinner i st\u00f8rre grad enn menn benytter seg av f\u00f8dselspermisjoner. <\/p>\n<p>Likestillingsombudet konkluderte med at ikke \u00e5 ansette kvinnen i de to vikariatene var i strid med likestillingsloven \u00a7 4, jfr \u00a7 3. Handlingen var forskjellsbehandling som det ikke var fantes en saklig grunn for i lovens forstand. Kvinnen var den mest kvalifiserte av de aktuelle kandidatene til stillingen og hun burde derfor ha f\u00e5tt tilbud om stillingene. Kommunen skulle s\u00e5 ha ansatt vikar for henne igjen. Dette ville ikke medf\u00f8rt mye ekstraarbeid for kommunen.<\/p>\n<p>Likestillingsombudet p\u00e5pekte at en automatisk utelukking av s\u00f8kere i permisjon lett vil v\u00e6re i strid med likestillingslovens bestemmelser. Det er ikke nok \u00e5 vise til at vedkommende ikke kan tiltre i stillingen for at forskjellsbehandling kan anses som tillatt. Det m\u00e5 i tillegg foreligge tungtveiende argumenter for at den som er i permisjon ikke skal f\u00e5 stillingen.<\/p>\n<p>N\u00e5r det gjaldt den faste stillingen som pedagogisk leder kom ombudet til at kommunen ikke hadde opptr\u00e5dt i strid med loven. Den som ble tilsatt hadde lengre praksis som pedagog etter endt utdanning enn det klageren hadde, og dette ville ogs\u00e5 v\u00e6rt tilfellet om klageren hadde blitt ansatt i de to vikariatene. Praksis er et kj\u00f8nnsn\u00f8ytralt kriterium, og det var heller ingen andre holdepunkter som skulle tilsi at forbig\u00e5elsen av klageren i denne tilsettingen var i strid med likestillingslovens bestemmelser.<\/p>\n<p>Saksnummer: 2004\/105<br \/>Emne: ansettelse<br \/>Klager: kvinne<br \/>Lovanvendelse: \u00a7 4.0<\/p>\n<\/section>\n<\/section>\n<\/article>\n","protected":false},"excerpt":{"rendered":"<p>En kvinne klaget inn en kommune for Likestillingsombudet fordi hun mente seg forbig\u00e5tt i flere ansettelsesprosesser i en barnehage. Kvinnen hadde jobbet i barnehagen siden 1996, f\u00f8rst som vikar, s\u00e5 i deltidsstilling og siden sommeren 2000 p\u00e5 heltid. Forut for den f\u00f8rste ansettelsesprosessen hadde kvinnen hatt et tre m\u00e5neders vikariat som pedagogisk leder, noe hun tidvis hadde fungert som ogs\u00e5 tidligere.<\/p>\n","protected":false},"template":"","meta":{"footnotes":""},"ldo-archive-year":[16],"class_list":["post-16149","ldo-complaint","type-ldo-complaint","status-publish","hentry","ldo-archive-year-16"],"yoast_head":"<!-- This site is optimized with the Yoast SEO plugin v22.9 - https:\/\/yoast.com\/wordpress\/plugins\/seo\/ -->\n<title>Ansettelse av pedagogisk leder - Arkiv<\/title>\n<meta name=\"robots\" content=\"index, follow, max-snippet:-1, max-image-preview:large, max-video-preview:-1\" \/>\n<link rel=\"canonical\" href=\"https:\/\/ldo.no\/arkiv\/klagesaker\/2004-ansettelse-av-pedagogisk-leder\/\" \/>\n<meta property=\"og:locale\" content=\"nb_NO\" \/>\n<meta property=\"og:type\" content=\"article\" \/>\n<meta property=\"og:title\" content=\"Ansettelse av pedagogisk leder - Arkiv\" \/>\n<meta property=\"og:description\" content=\"En kvinne klaget inn en kommune for Likestillingsombudet fordi hun mente seg forbig\u00e5tt i flere ansettelsesprosesser i en barnehage. Kvinnen hadde jobbet i barnehagen siden 1996, f\u00f8rst som vikar, s\u00e5 i deltidsstilling og siden sommeren 2000 p\u00e5 heltid. Forut for den f\u00f8rste ansettelsesprosessen hadde kvinnen hatt et tre m\u00e5neders vikariat som pedagogisk leder, noe hun tidvis hadde fungert som ogs\u00e5 tidligere.\" \/>\n<meta property=\"og:url\" content=\"https:\/\/ldo.no\/arkiv\/klagesaker\/2004-ansettelse-av-pedagogisk-leder\/\" \/>\n<meta property=\"og:site_name\" content=\"Arkiv\" \/>\n<meta name=\"twitter:card\" content=\"summary_large_image\" \/>\n<meta name=\"twitter:label1\" content=\"Ansl. lesetid\" \/>\n\t<meta name=\"twitter:data1\" content=\"3 minutter\" \/>\n<script type=\"application\/ld+json\" class=\"yoast-schema-graph\">{\"@context\":\"https:\/\/schema.org\",\"@graph\":[{\"@type\":\"WebPage\",\"@id\":\"https:\/\/ldo.no\/arkiv\/klagesaker\/2004-ansettelse-av-pedagogisk-leder\/\",\"url\":\"https:\/\/ldo.no\/arkiv\/klagesaker\/2004-ansettelse-av-pedagogisk-leder\/\",\"name\":\"Ansettelse av pedagogisk leder - Arkiv\",\"isPartOf\":{\"@id\":\"https:\/\/ldo.no\/arkiv\/#website\"},\"datePublished\":\"2004-01-01T00:00:00+00:00\",\"dateModified\":\"2004-01-01T00:00:00+00:00\",\"breadcrumb\":{\"@id\":\"https:\/\/ldo.no\/arkiv\/klagesaker\/2004-ansettelse-av-pedagogisk-leder\/#breadcrumb\"},\"inLanguage\":\"nb-NO\",\"potentialAction\":[{\"@type\":\"ReadAction\",\"target\":[\"https:\/\/ldo.no\/arkiv\/klagesaker\/2004-ansettelse-av-pedagogisk-leder\/\"]}]},{\"@type\":\"BreadcrumbList\",\"@id\":\"https:\/\/ldo.no\/arkiv\/klagesaker\/2004-ansettelse-av-pedagogisk-leder\/#breadcrumb\",\"itemListElement\":[{\"@type\":\"ListItem\",\"position\":1,\"name\":\"Arkiv\",\"item\":\"https:\/\/ldo.no\/arkiv\/\"},{\"@type\":\"ListItem\",\"position\":2,\"name\":\"Klagesaker\",\"item\":\"https:\/\/ldo.no\/arkiv\/?post-type=ldo-complaint\"},{\"@type\":\"ListItem\",\"position\":3,\"name\":\"Ansettelse av pedagogisk leder\"}]},{\"@type\":\"WebSite\",\"@id\":\"https:\/\/ldo.no\/arkiv\/#website\",\"url\":\"https:\/\/ldo.no\/arkiv\/\",\"name\":\"LDO Arkiv\",\"description\":\"Dette er ombudets arkiv. Her finner du klagesaker som ombudet i sin tid behandlet fra 1996 til 2017. Klagesaker utover dette finner du p\u00e5 Diskrimineringsnemndas hjemmeside. P\u00e5 disse arkivsidene finner du ogs\u00e5 eldre h\u00f8ringssvar som strekker seg fra 2023 og tilbake til 2006. Nyere h\u00f8ringssvar finner du p\u00e5 Publikasjoner, som du kan bes\u00f8ke ved \u00e5 klikke p\u00e5 menyknappen \u00f8verst i h\u00f8yre hj\u00f8rne.\",\"publisher\":{\"@id\":\"https:\/\/ldo.no\/arkiv\/#organization\"},\"potentialAction\":[{\"@type\":\"SearchAction\",\"target\":{\"@type\":\"EntryPoint\",\"urlTemplate\":\"https:\/\/ldo.no\/arkiv\/?s={search_term_string}\"},\"query-input\":\"required name=search_term_string\"}],\"inLanguage\":\"nb-NO\"},{\"@type\":\"Organization\",\"@id\":\"https:\/\/ldo.no\/arkiv\/#organization\",\"name\":\"LDO Arkiv\",\"url\":\"https:\/\/ldo.no\/arkiv\/\",\"logo\":{\"@type\":\"ImageObject\",\"inLanguage\":\"nb-NO\",\"@id\":\"https:\/\/ldo.no\/arkiv\/#\/schema\/logo\/image\/\",\"url\":\"https:\/\/ldo.no\/content\/uploads\/sites\/2\/2025\/05\/Property-1Default.svg\",\"contentUrl\":\"https:\/\/ldo.no\/content\/uploads\/sites\/2\/2025\/05\/Property-1Default.svg\",\"caption\":\"LDO Arkiv\"},\"image\":{\"@id\":\"https:\/\/ldo.no\/arkiv\/#\/schema\/logo\/image\/\"}}]}<\/script>\n<!-- \/ Yoast SEO plugin. -->","yoast_head_json":{"title":"Ansettelse av pedagogisk leder - Arkiv","robots":{"index":"index","follow":"follow","max-snippet":"max-snippet:-1","max-image-preview":"max-image-preview:large","max-video-preview":"max-video-preview:-1"},"canonical":"https:\/\/ldo.no\/arkiv\/klagesaker\/2004-ansettelse-av-pedagogisk-leder\/","og_locale":"nb_NO","og_type":"article","og_title":"Ansettelse av pedagogisk leder - Arkiv","og_description":"En kvinne klaget inn en kommune for Likestillingsombudet fordi hun mente seg forbig\u00e5tt i flere ansettelsesprosesser i en barnehage. Kvinnen hadde jobbet i barnehagen siden 1996, f\u00f8rst som vikar, s\u00e5 i deltidsstilling og siden sommeren 2000 p\u00e5 heltid. Forut for den f\u00f8rste ansettelsesprosessen hadde kvinnen hatt et tre m\u00e5neders vikariat som pedagogisk leder, noe hun tidvis hadde fungert som ogs\u00e5 tidligere.","og_url":"https:\/\/ldo.no\/arkiv\/klagesaker\/2004-ansettelse-av-pedagogisk-leder\/","og_site_name":"Arkiv","twitter_card":"summary_large_image","twitter_misc":{"Ansl. lesetid":"3 minutter"},"schema":{"@context":"https:\/\/schema.org","@graph":[{"@type":"WebPage","@id":"https:\/\/ldo.no\/arkiv\/klagesaker\/2004-ansettelse-av-pedagogisk-leder\/","url":"https:\/\/ldo.no\/arkiv\/klagesaker\/2004-ansettelse-av-pedagogisk-leder\/","name":"Ansettelse av pedagogisk leder - Arkiv","isPartOf":{"@id":"https:\/\/ldo.no\/arkiv\/#website"},"datePublished":"2004-01-01T00:00:00+00:00","dateModified":"2004-01-01T00:00:00+00:00","breadcrumb":{"@id":"https:\/\/ldo.no\/arkiv\/klagesaker\/2004-ansettelse-av-pedagogisk-leder\/#breadcrumb"},"inLanguage":"nb-NO","potentialAction":[{"@type":"ReadAction","target":["https:\/\/ldo.no\/arkiv\/klagesaker\/2004-ansettelse-av-pedagogisk-leder\/"]}]},{"@type":"BreadcrumbList","@id":"https:\/\/ldo.no\/arkiv\/klagesaker\/2004-ansettelse-av-pedagogisk-leder\/#breadcrumb","itemListElement":[{"@type":"ListItem","position":1,"name":"Arkiv","item":"https:\/\/ldo.no\/arkiv\/"},{"@type":"ListItem","position":2,"name":"Klagesaker","item":"https:\/\/ldo.no\/arkiv\/?post-type=ldo-complaint"},{"@type":"ListItem","position":3,"name":"Ansettelse av pedagogisk leder"}]},{"@type":"WebSite","@id":"https:\/\/ldo.no\/arkiv\/#website","url":"https:\/\/ldo.no\/arkiv\/","name":"LDO Arkiv","description":"Dette er ombudets arkiv. Her finner du klagesaker som ombudet i sin tid behandlet fra 1996 til 2017. Klagesaker utover dette finner du p\u00e5 Diskrimineringsnemndas hjemmeside. P\u00e5 disse arkivsidene finner du ogs\u00e5 eldre h\u00f8ringssvar som strekker seg fra 2023 og tilbake til 2006. Nyere h\u00f8ringssvar finner du p\u00e5 Publikasjoner, som du kan bes\u00f8ke ved \u00e5 klikke p\u00e5 menyknappen \u00f8verst i h\u00f8yre hj\u00f8rne.","publisher":{"@id":"https:\/\/ldo.no\/arkiv\/#organization"},"potentialAction":[{"@type":"SearchAction","target":{"@type":"EntryPoint","urlTemplate":"https:\/\/ldo.no\/arkiv\/?s={search_term_string}"},"query-input":"required name=search_term_string"}],"inLanguage":"nb-NO"},{"@type":"Organization","@id":"https:\/\/ldo.no\/arkiv\/#organization","name":"LDO Arkiv","url":"https:\/\/ldo.no\/arkiv\/","logo":{"@type":"ImageObject","inLanguage":"nb-NO","@id":"https:\/\/ldo.no\/arkiv\/#\/schema\/logo\/image\/","url":"https:\/\/ldo.no\/content\/uploads\/sites\/2\/2025\/05\/Property-1Default.svg","contentUrl":"https:\/\/ldo.no\/content\/uploads\/sites\/2\/2025\/05\/Property-1Default.svg","caption":"LDO Arkiv"},"image":{"@id":"https:\/\/ldo.no\/arkiv\/#\/schema\/logo\/image\/"}}]}},"_links":{"self":[{"href":"https:\/\/ldo.no\/arkiv\/wp-json\/wp\/v2\/ldo-complaint\/16149"}],"collection":[{"href":"https:\/\/ldo.no\/arkiv\/wp-json\/wp\/v2\/ldo-complaint"}],"about":[{"href":"https:\/\/ldo.no\/arkiv\/wp-json\/wp\/v2\/types\/ldo-complaint"}],"version-history":[{"count":0,"href":"https:\/\/ldo.no\/arkiv\/wp-json\/wp\/v2\/ldo-complaint\/16149\/revisions"}],"wp:attachment":[{"href":"https:\/\/ldo.no\/arkiv\/wp-json\/wp\/v2\/media?parent=16149"}],"wp:term":[{"taxonomy":"ldo-archive-year","embeddable":true,"href":"https:\/\/ldo.no\/arkiv\/wp-json\/wp\/v2\/ldo-archive-year?post=16149"}],"curies":[{"name":"wp","href":"https:\/\/api.w.org\/{rel}","templated":true}]}}

<h1>Ansettelse av pedagogisk leder</h1>
<article class="base-article inside">
<header>
<div class="row">
<div class="col-sm-12">
</div>
</div>
</header>
<section>
<section class="lead">
<p>En kvinne klaget inn en kommune for Likestillingsombudet fordi hun mente seg forbigått i flere ansettelsesprosesser i en barnehage. Kvinnen hadde jobbet i barnehagen siden 1996, først som vikar, så i deltidsstilling og siden sommeren 2000 på heltid. Forut for den første ansettelsesprosessen hadde kvinnen hatt et tre måneders vikariat som pedagogisk leder, noe hun tidvis hadde fungert som også tidligere. </p>
</section>
<section>
<p>Vikariatet ble ikke forlenget til tross for at det var ledig. Kvinnen var gravid og gikk i februar 2003 ut i fødselspermisjon. Rundt samme tidspunkt ble en annen tilsatt i et halvårs vikariat som pedagogisk leder. Sommeren 2003 ble vikariatet lyst ledig ut året. Kvinnen fikk tilbud om jobben etter at to andre hadde takket nei. Etter at hun opplyste at hun ikke kunne tiltre i vikariatet pga fødselspermisjon trakk kommunen tilbudet. I januar 2004 ble fast stilling som pedagogisk leder lyst ut og kvinnen ble innstilt som nr 2. </p>
<p>Likestillingsombudet henvendte seg til kommunen for uttalelse i saken. Kommunen hevdet at man ikke hadde handlet i strid med likestillingsloven ved ikke å ansette kvinnen ved de tre anledningene det var tale om. Det første vikariatet var ikke aktuelt fordi kvinnen akkurat hadde født. Det andre vikariatet ble hun tilbudt, men da hun ikke kunne tiltre pga fødselspermisjon måtte hennes svar anses som et faktisk avslag på tilbudet om jobb. Kvinnen var dessuten faktisk fast ansatt og hun ville ikke opparbeidet seg flere rettigheter i stilling som pedagogisk leder. </p>
<p>Likestillingslovens § 4 annet ledd forbyr forskjellsbehandling ved ansettelser i strid med § 3. I følge § 3 er direkte og indirekte forskjellsbehandling ikke tillatt. Spørsmålet her var om det forelå indirekte forskjellsbehandling. Med dette menes enhver tilsynelatende kjønnsnøytral handling som faktisk virker slik at det ene kjønn stilles dårligere enn det annet.</p>
<p>Forbigåelse ved ansettelse på grunn av fødselspermisjon er regnet som en handling som faktisk virker slik at kvinner stilles dårligere enn menn. Bakgrunnen for dette er at det fortsatt er slik at kvinner i større grad enn menn benytter seg av fødselspermisjoner. </p>
<p>Likestillingsombudet konkluderte med at ikke å ansette kvinnen i de to vikariatene var i strid med likestillingsloven § 4, jfr § 3. Handlingen var forskjellsbehandling som det ikke var fantes en saklig grunn for i lovens forstand. Kvinnen var den mest kvalifiserte av de aktuelle kandidatene til stillingen og hun burde derfor ha fått tilbud om stillingene. Kommunen skulle så ha ansatt vikar for henne igjen. Dette ville ikke medført mye ekstraarbeid for kommunen.</p>
<p>Likestillingsombudet påpekte at en automatisk utelukking av søkere i permisjon lett vil være i strid med likestillingslovens bestemmelser. Det er ikke nok å vise til at vedkommende ikke kan tiltre i stillingen for at forskjellsbehandling kan anses som tillatt. Det må i tillegg foreligge tungtveiende argumenter for at den som er i permisjon ikke skal få stillingen.</p>
<p>Når det gjaldt den faste stillingen som pedagogisk leder kom ombudet til at kommunen ikke hadde opptrådt i strid med loven. Den som ble tilsatt hadde lengre praksis som pedagog etter endt utdanning enn det klageren hadde, og dette ville også vært tilfellet om klageren hadde blitt ansatt i de to vikariatene. Praksis er et kjønnsnøytralt kriterium, og det var heller ingen andre holdepunkter som skulle tilsi at forbigåelsen av klageren i denne tilsettingen var i strid med likestillingslovens bestemmelser.</p>
<p>Saksnummer: 2004/105<br />Emne: ansettelse<br />Klager: kvinne<br />Lovanvendelse: § 4.0</p>
</section>
</section>
</article>

<p>En kvinne klaget inn en kommune for Likestillingsombudet fordi hun mente seg forbigått i flere ansettelsesprosesser i en barnehage. Kvinnen hadde jobbet i barnehagen siden 1996, først som vikar, så i deltidsstilling og siden sommeren 2000 på heltid. Forut for den første ansettelsesprosessen hadde kvinnen hatt et tre måneders vikariat som pedagogisk leder, noe hun tidvis hadde fungert som også tidligere.</p>

<!-- This site is optimized with the Yoast SEO plugin v22.9 - https://yoast.com/wordpress/plugins/seo/ -->
<title>Ansettelse av pedagogisk leder - Arkiv</title>
<meta name="robots" content="index, follow, max-snippet:-1, max-image-preview:large, max-video-preview:-1" />
<link rel="canonical" href="https://ldo.no/arkiv/klagesaker/2004-ansettelse-av-pedagogisk-leder/" />
<meta property="og:locale" content="nb_NO" />
<meta property="og:type" content="article" />
<meta property="og:title" content="Ansettelse av pedagogisk leder - Arkiv" />
<meta property="og:description" content="En kvinne klaget inn en kommune for Likestillingsombudet fordi hun mente seg forbigått i flere ansettelsesprosesser i en barnehage. Kvinnen hadde jobbet i barnehagen siden 1996, først som vikar, så i deltidsstilling og siden sommeren 2000 på heltid. Forut for den første ansettelsesprosessen hadde kvinnen hatt et tre måneders vikariat som pedagogisk leder, noe hun tidvis hadde fungert som også tidligere." />
<meta property="og:url" content="https://ldo.no/arkiv/klagesaker/2004-ansettelse-av-pedagogisk-leder/" />
<meta property="og:site_name" content="Arkiv" />
<meta name="twitter:card" content="summary_large_image" />
<meta name="twitter:label1" content="Ansl. lesetid" />
	<meta name="twitter:data1" content="3 minutter" />
<script type="application/ld+json" class="yoast-schema-graph">{"@context":"https://schema.org","@graph":[{"@type":"WebPage","@id":"https://ldo.no/arkiv/klagesaker/2004-ansettelse-av-pedagogisk-leder/","url":"https://ldo.no/arkiv/klagesaker/2004-ansettelse-av-pedagogisk-leder/","name":"Ansettelse av pedagogisk leder - Arkiv","isPartOf":{"@id":"https://ldo.no/arkiv/#website"},"datePublished":"2004-01-01T00:00:00+00:00","dateModified":"2004-01-01T00:00:00+00:00","breadcrumb":{"@id":"https://ldo.no/arkiv/klagesaker/2004-ansettelse-av-pedagogisk-leder/#breadcrumb"},"inLanguage":"nb-NO","potentialAction":[{"@type":"ReadAction","target":["https://ldo.no/arkiv/klagesaker/2004-ansettelse-av-pedagogisk-leder/"]}]},{"@type":"BreadcrumbList","@id":"https://ldo.no/arkiv/klagesaker/2004-ansettelse-av-pedagogisk-leder/#breadcrumb","itemListElement":[{"@type":"ListItem","position":1,"name":"Arkiv","item":"https://ldo.no/arkiv/"},{"@type":"ListItem","position":2,"name":"Klagesaker","item":"https://ldo.no/arkiv/?post-type=ldo-complaint"},{"@type":"ListItem","position":3,"name":"Ansettelse av pedagogisk leder"}]},{"@type":"WebSite","@id":"https://ldo.no/arkiv/#website","url":"https://ldo.no/arkiv/","name":"LDO Arkiv","description":"Dette er ombudets arkiv. Her finner du klagesaker som ombudet i sin tid behandlet fra 1996 til 2017. Klagesaker utover dette finner du på Diskrimineringsnemndas hjemmeside. På disse arkivsidene finner du også eldre høringssvar som strekker seg fra 2023 og tilbake til 2006. Nyere høringssvar finner du på Publikasjoner, som du kan besøke ved å klikke på menyknappen øverst i høyre hjørne.","publisher":{"@id":"https://ldo.no/arkiv/#organization"},"potentialAction":[{"@type":"SearchAction","target":{"@type":"EntryPoint","urlTemplate":"https://ldo.no/arkiv/?s={search_term_string}"},"query-input":"required name=search_term_string"}],"inLanguage":"nb-NO"},{"@type":"Organization","@id":"https://ldo.no/arkiv/#organization","name":"LDO Arkiv","url":"https://ldo.no/arkiv/","logo":{"@type":"ImageObject","inLanguage":"nb-NO","@id":"https://ldo.no/arkiv/#/schema/logo/image/","url":"https://ldo.no/content/uploads/sites/2/2025/05/Property-1Default.svg","contentUrl":"https://ldo.no/content/uploads/sites/2/2025/05/Property-1Default.svg","caption":"LDO Arkiv"},"image":{"@id":"https://ldo.no/arkiv/#/schema/logo/image/"}}]}</script>
<!-- / Yoast SEO plugin. -->

En kvinne klaget inn en kommune for Likestillingsombudet fordi hun mente seg forbigått i flere ansettelsesprosesser i en barnehage. Kvinnen hadde jobbet i barnehagen siden 1996, først som vikar, så i deltidsstilling og siden sommeren 2000 på heltid. Forut for den første ansettelsesprosessen hadde kvinnen hatt et tre måneders vikariat som pedagogisk leder, noe hun tidvis hadde fungert som også tidligere.

Dette er ombudets arkiv. Her finner du klagesaker som ombudet i sin tid behandlet fra 1996 til 2017. Klagesaker utover dette finner du på Diskrimineringsnemndas hjemmeside. På disse arkivsidene finner du også eldre høringssvar som strekker seg fra 2023 og tilbake til 2006. Nyere høringssvar finner du på Publikasjoner, som du kan besøke ved å klikke på menyknappen øverst i høyre hjørne.
