{"id":16357,"date":"2009-01-01T00:00:00","date_gmt":"2009-01-01T00:00:00","guid":{"rendered":"https:\/\/ldo.local\/arkiv\/hoyringar\/2009-kombinasjon-av-arbeid-med-pleie-og-omsorgsoppgaver\/"},"modified":"2009-01-01T00:00:00","modified_gmt":"2009-01-01T00:00:00","slug":"2009-kombinasjon-av-arbeid-med-pleie-og-omsorgsoppgaver","status":"publish","type":"ldo-hearing","link":"https:\/\/ldo.no\/arkiv\/hoyringar\/2009-kombinasjon-av-arbeid-med-pleie-og-omsorgsoppgaver\/","title":{"rendered":"Kombinasjon av arbeid med pleie- og omsorgsoppgaver"},"content":{"rendered":"<article class=\"base-article inside\">\n<header>\n<div class=\"row\">\n<div class=\"col-sm-12\">\n<\/div>\n<\/div>\n<h1>\nKombinasjon av arbeid med pleie- og omsorgsoppgaver<br \/>\n<\/h1>\n<\/header>\n<section>\n<section class=\"lead\">\nI brev av 8. desember 2008 fremmer Arbeids- og inkluderingsdepartementet forslag til lovendringer som tar sikte p\u00e5 \u00e5 bedre yrkesaktives muligheter til \u00e5 kombinere arbeid med pleie- og omsorgsoppgaver. Forslaget best\u00e5r av fire ulike lovendringer knyttet til f\u00f8lgende omr\u00e5der:<br \/>\n<\/section>\n<section>\n<ul>\n<li>rett til permisjon uten l\u00f8nn i inntil 10 dager for \u00e5 yte omsorg overfor n\u00e6re p\u00e5r\u00f8rende. <\/li>\n<li>at pleiepenger skal kunne graderes ned til 20 prosent. <\/li>\n<li>at retten til permisjon og pleiepenger for den som pleier n\u00e6r p\u00e5r\u00f8rende i livets sluttfase utvides fra 20 til 60 dager. <\/li>\n<li>at rett til pleiepenger og forh\u00f8yet hjelpest\u00f8nad skal foreligge i tre m\u00e5neder etter at langvarig pleieforhold opph\u00f8rer som f\u00f8lge av pleiemottakers d\u00f8d.<\/li>\n<\/ul>\n<p><span>Les hele h\u00f8ringsuttalelsen her<\/span> (PDF).<\/p>\n<\/section>\n<\/section>\n<\/article>\n","protected":false},"excerpt":{"rendered":"<p>I brev av 8. desember 2008 fremmer Arbeids- og inkluderingsdepartementet forslag til lovendringer som tar sikte p\u00e5 \u00e5 bedre yrkesaktives muligheter til \u00e5 kombinere arbeid med pleie- og omsorgsoppgaver. Forslaget best\u00e5r av fire ulike lovendringer knyttet til f\u00f8lgende omr\u00e5der:<\/p>\n","protected":false},"template":"","meta":{"footnotes":""},"ldo-archive-year":[21],"class_list":["post-16357","ldo-hearing","type-ldo-hearing","status-publish","hentry","ldo-archive-year-21"],"yoast_head":"<!-- This site is optimized with the Yoast SEO plugin v22.9 - https:\/\/yoast.com\/wordpress\/plugins\/seo\/ -->\n<title>Kombinasjon av arbeid med pleie- og omsorgsoppgaver - Arkiv<\/title>\n<meta name=\"robots\" content=\"index, follow, max-snippet:-1, max-image-preview:large, max-video-preview:-1\" \/>\n<link rel=\"canonical\" href=\"https:\/\/ldo.no\/arkiv\/hoyringar\/2009-kombinasjon-av-arbeid-med-pleie-og-omsorgsoppgaver\/\" \/>\n<meta property=\"og:locale\" content=\"nb_NO\" \/>\n<meta property=\"og:type\" content=\"article\" \/>\n<meta property=\"og:title\" content=\"Kombinasjon av arbeid med pleie- og omsorgsoppgaver - Arkiv\" \/>\n<meta property=\"og:description\" content=\"I brev av 8. desember 2008 fremmer Arbeids- og inkluderingsdepartementet forslag til lovendringer som tar sikte p\u00e5 \u00e5 bedre yrkesaktives muligheter til \u00e5 kombinere arbeid med pleie- og omsorgsoppgaver. Forslaget best\u00e5r av fire ulike lovendringer knyttet til f\u00f8lgende omr\u00e5der:\" \/>\n<meta property=\"og:url\" content=\"https:\/\/ldo.no\/arkiv\/hoyringar\/2009-kombinasjon-av-arbeid-med-pleie-og-omsorgsoppgaver\/\" \/>\n<meta property=\"og:site_name\" content=\"Arkiv\" \/>\n<meta name=\"twitter:card\" content=\"summary_large_image\" \/>\n<meta name=\"twitter:label1\" content=\"Ansl. lesetid\" \/>\n\t<meta name=\"twitter:data1\" content=\"1 minutt\" \/>\n<script type=\"application\/ld+json\" class=\"yoast-schema-graph\">{\"@context\":\"https:\/\/schema.org\",\"@graph\":[{\"@type\":\"WebPage\",\"@id\":\"https:\/\/ldo.no\/arkiv\/hoyringar\/2009-kombinasjon-av-arbeid-med-pleie-og-omsorgsoppgaver\/\",\"url\":\"https:\/\/ldo.no\/arkiv\/hoyringar\/2009-kombinasjon-av-arbeid-med-pleie-og-omsorgsoppgaver\/\",\"name\":\"Kombinasjon av arbeid med pleie- og omsorgsoppgaver - Arkiv\",\"isPartOf\":{\"@id\":\"https:\/\/ldo.no\/arkiv\/#website\"},\"datePublished\":\"2009-01-01T00:00:00+00:00\",\"dateModified\":\"2009-01-01T00:00:00+00:00\",\"breadcrumb\":{\"@id\":\"https:\/\/ldo.no\/arkiv\/hoyringar\/2009-kombinasjon-av-arbeid-med-pleie-og-omsorgsoppgaver\/#breadcrumb\"},\"inLanguage\":\"nb-NO\",\"potentialAction\":[{\"@type\":\"ReadAction\",\"target\":[\"https:\/\/ldo.no\/arkiv\/hoyringar\/2009-kombinasjon-av-arbeid-med-pleie-og-omsorgsoppgaver\/\"]}]},{\"@type\":\"BreadcrumbList\",\"@id\":\"https:\/\/ldo.no\/arkiv\/hoyringar\/2009-kombinasjon-av-arbeid-med-pleie-og-omsorgsoppgaver\/#breadcrumb\",\"itemListElement\":[{\"@type\":\"ListItem\",\"position\":1,\"name\":\"Arkiv\",\"item\":\"https:\/\/ldo.no\/arkiv\/\"},{\"@type\":\"ListItem\",\"position\":2,\"name\":\"H\u00f8ringer\",\"item\":\"https:\/\/ldo.no\/arkiv\/?post-type=ldo-hearing\"},{\"@type\":\"ListItem\",\"position\":3,\"name\":\"Kombinasjon av arbeid med pleie- og omsorgsoppgaver\"}]},{\"@type\":\"WebSite\",\"@id\":\"https:\/\/ldo.no\/arkiv\/#website\",\"url\":\"https:\/\/ldo.no\/arkiv\/\",\"name\":\"LDO Arkiv\",\"description\":\"Dette er ombudets arkiv. Her finner du klagesaker som ombudet i sin tid behandlet fra 1996 til 2017. Klagesaker utover dette finner du p\u00e5 Diskrimineringsnemndas hjemmeside. P\u00e5 disse arkivsidene finner du ogs\u00e5 eldre h\u00f8ringssvar som strekker seg fra 2023 og tilbake til 2006. Nyere h\u00f8ringssvar finner du p\u00e5 Publikasjoner, som du kan bes\u00f8ke ved \u00e5 klikke p\u00e5 menyknappen \u00f8verst i h\u00f8yre hj\u00f8rne.\",\"publisher\":{\"@id\":\"https:\/\/ldo.no\/arkiv\/#organization\"},\"potentialAction\":[{\"@type\":\"SearchAction\",\"target\":{\"@type\":\"EntryPoint\",\"urlTemplate\":\"https:\/\/ldo.no\/arkiv\/?s={search_term_string}\"},\"query-input\":\"required name=search_term_string\"}],\"inLanguage\":\"nb-NO\"},{\"@type\":\"Organization\",\"@id\":\"https:\/\/ldo.no\/arkiv\/#organization\",\"name\":\"LDO Arkiv\",\"url\":\"https:\/\/ldo.no\/arkiv\/\",\"logo\":{\"@type\":\"ImageObject\",\"inLanguage\":\"nb-NO\",\"@id\":\"https:\/\/ldo.no\/arkiv\/#\/schema\/logo\/image\/\",\"url\":\"https:\/\/ldo.no\/content\/uploads\/sites\/2\/2025\/05\/Property-1Default.svg\",\"contentUrl\":\"https:\/\/ldo.no\/content\/uploads\/sites\/2\/2025\/05\/Property-1Default.svg\",\"caption\":\"LDO Arkiv\"},\"image\":{\"@id\":\"https:\/\/ldo.no\/arkiv\/#\/schema\/logo\/image\/\"}}]}<\/script>\n<!-- \/ Yoast SEO plugin. -->","yoast_head_json":{"title":"Kombinasjon av arbeid med pleie- og omsorgsoppgaver - Arkiv","robots":{"index":"index","follow":"follow","max-snippet":"max-snippet:-1","max-image-preview":"max-image-preview:large","max-video-preview":"max-video-preview:-1"},"canonical":"https:\/\/ldo.no\/arkiv\/hoyringar\/2009-kombinasjon-av-arbeid-med-pleie-og-omsorgsoppgaver\/","og_locale":"nb_NO","og_type":"article","og_title":"Kombinasjon av arbeid med pleie- og omsorgsoppgaver - Arkiv","og_description":"I brev av 8. desember 2008 fremmer Arbeids- og inkluderingsdepartementet forslag til lovendringer som tar sikte p\u00e5 \u00e5 bedre yrkesaktives muligheter til \u00e5 kombinere arbeid med pleie- og omsorgsoppgaver. Forslaget best\u00e5r av fire ulike lovendringer knyttet til f\u00f8lgende omr\u00e5der:","og_url":"https:\/\/ldo.no\/arkiv\/hoyringar\/2009-kombinasjon-av-arbeid-med-pleie-og-omsorgsoppgaver\/","og_site_name":"Arkiv","twitter_card":"summary_large_image","twitter_misc":{"Ansl. lesetid":"1 minutt"},"schema":{"@context":"https:\/\/schema.org","@graph":[{"@type":"WebPage","@id":"https:\/\/ldo.no\/arkiv\/hoyringar\/2009-kombinasjon-av-arbeid-med-pleie-og-omsorgsoppgaver\/","url":"https:\/\/ldo.no\/arkiv\/hoyringar\/2009-kombinasjon-av-arbeid-med-pleie-og-omsorgsoppgaver\/","name":"Kombinasjon av arbeid med pleie- og omsorgsoppgaver - Arkiv","isPartOf":{"@id":"https:\/\/ldo.no\/arkiv\/#website"},"datePublished":"2009-01-01T00:00:00+00:00","dateModified":"2009-01-01T00:00:00+00:00","breadcrumb":{"@id":"https:\/\/ldo.no\/arkiv\/hoyringar\/2009-kombinasjon-av-arbeid-med-pleie-og-omsorgsoppgaver\/#breadcrumb"},"inLanguage":"nb-NO","potentialAction":[{"@type":"ReadAction","target":["https:\/\/ldo.no\/arkiv\/hoyringar\/2009-kombinasjon-av-arbeid-med-pleie-og-omsorgsoppgaver\/"]}]},{"@type":"BreadcrumbList","@id":"https:\/\/ldo.no\/arkiv\/hoyringar\/2009-kombinasjon-av-arbeid-med-pleie-og-omsorgsoppgaver\/#breadcrumb","itemListElement":[{"@type":"ListItem","position":1,"name":"Arkiv","item":"https:\/\/ldo.no\/arkiv\/"},{"@type":"ListItem","position":2,"name":"H\u00f8ringer","item":"https:\/\/ldo.no\/arkiv\/?post-type=ldo-hearing"},{"@type":"ListItem","position":3,"name":"Kombinasjon av arbeid med pleie- og omsorgsoppgaver"}]},{"@type":"WebSite","@id":"https:\/\/ldo.no\/arkiv\/#website","url":"https:\/\/ldo.no\/arkiv\/","name":"LDO Arkiv","description":"Dette er ombudets arkiv. Her finner du klagesaker som ombudet i sin tid behandlet fra 1996 til 2017. Klagesaker utover dette finner du p\u00e5 Diskrimineringsnemndas hjemmeside. P\u00e5 disse arkivsidene finner du ogs\u00e5 eldre h\u00f8ringssvar som strekker seg fra 2023 og tilbake til 2006. Nyere h\u00f8ringssvar finner du p\u00e5 Publikasjoner, som du kan bes\u00f8ke ved \u00e5 klikke p\u00e5 menyknappen \u00f8verst i h\u00f8yre hj\u00f8rne.","publisher":{"@id":"https:\/\/ldo.no\/arkiv\/#organization"},"potentialAction":[{"@type":"SearchAction","target":{"@type":"EntryPoint","urlTemplate":"https:\/\/ldo.no\/arkiv\/?s={search_term_string}"},"query-input":"required name=search_term_string"}],"inLanguage":"nb-NO"},{"@type":"Organization","@id":"https:\/\/ldo.no\/arkiv\/#organization","name":"LDO Arkiv","url":"https:\/\/ldo.no\/arkiv\/","logo":{"@type":"ImageObject","inLanguage":"nb-NO","@id":"https:\/\/ldo.no\/arkiv\/#\/schema\/logo\/image\/","url":"https:\/\/ldo.no\/content\/uploads\/sites\/2\/2025\/05\/Property-1Default.svg","contentUrl":"https:\/\/ldo.no\/content\/uploads\/sites\/2\/2025\/05\/Property-1Default.svg","caption":"LDO Arkiv"},"image":{"@id":"https:\/\/ldo.no\/arkiv\/#\/schema\/logo\/image\/"}}]}},"_links":{"self":[{"href":"https:\/\/ldo.no\/arkiv\/wp-json\/wp\/v2\/ldo-hearing\/16357"}],"collection":[{"href":"https:\/\/ldo.no\/arkiv\/wp-json\/wp\/v2\/ldo-hearing"}],"about":[{"href":"https:\/\/ldo.no\/arkiv\/wp-json\/wp\/v2\/types\/ldo-hearing"}],"version-history":[{"count":0,"href":"https:\/\/ldo.no\/arkiv\/wp-json\/wp\/v2\/ldo-hearing\/16357\/revisions"}],"wp:attachment":[{"href":"https:\/\/ldo.no\/arkiv\/wp-json\/wp\/v2\/media?parent=16357"}],"wp:term":[{"taxonomy":"ldo-archive-year","embeddable":true,"href":"https:\/\/ldo.no\/arkiv\/wp-json\/wp\/v2\/ldo-archive-year?post=16357"}],"curies":[{"name":"wp","href":"https:\/\/api.w.org\/{rel}","templated":true}]}}

<article class="base-article inside">
<header>
<div class="row">
<div class="col-sm-12">
</div>
</div>
<h1>
Kombinasjon av arbeid med pleie- og omsorgsoppgaver<br />
</h1>
</header>
<section>
<section class="lead">
I brev av 8. desember 2008 fremmer Arbeids- og inkluderingsdepartementet forslag til lovendringer som tar sikte på å bedre yrkesaktives muligheter til å kombinere arbeid med pleie- og omsorgsoppgaver. Forslaget består av fire ulike lovendringer knyttet til følgende områder:<br />
</section>
<section>
<ul>
<li>rett til permisjon uten lønn i inntil 10 dager for å yte omsorg overfor nære pårørende. </li>
<li>at pleiepenger skal kunne graderes ned til 20 prosent. </li>
<li>at retten til permisjon og pleiepenger for den som pleier nær pårørende i livets sluttfase utvides fra 20 til 60 dager. </li>
<li>at rett til pleiepenger og forhøyet hjelpestønad skal foreligge i tre måneder etter at langvarig pleieforhold opphører som følge av pleiemottakers død.</li>
</ul>
<p><span>Les hele høringsuttalelsen her</span> (PDF).</p>
</section>
</section>
</article>

<p>I brev av 8. desember 2008 fremmer Arbeids- og inkluderingsdepartementet forslag til lovendringer som tar sikte på å bedre yrkesaktives muligheter til å kombinere arbeid med pleie- og omsorgsoppgaver. Forslaget består av fire ulike lovendringer knyttet til følgende områder:</p>

<!-- This site is optimized with the Yoast SEO plugin v22.9 - https://yoast.com/wordpress/plugins/seo/ -->
<title>Kombinasjon av arbeid med pleie- og omsorgsoppgaver - Arkiv</title>
<meta name="robots" content="index, follow, max-snippet:-1, max-image-preview:large, max-video-preview:-1" />
<link rel="canonical" href="https://ldo.no/arkiv/hoyringar/2009-kombinasjon-av-arbeid-med-pleie-og-omsorgsoppgaver/" />
<meta property="og:locale" content="nb_NO" />
<meta property="og:type" content="article" />
<meta property="og:title" content="Kombinasjon av arbeid med pleie- og omsorgsoppgaver - Arkiv" />
<meta property="og:description" content="I brev av 8. desember 2008 fremmer Arbeids- og inkluderingsdepartementet forslag til lovendringer som tar sikte på å bedre yrkesaktives muligheter til å kombinere arbeid med pleie- og omsorgsoppgaver. Forslaget består av fire ulike lovendringer knyttet til følgende områder:" />
<meta property="og:url" content="https://ldo.no/arkiv/hoyringar/2009-kombinasjon-av-arbeid-med-pleie-og-omsorgsoppgaver/" />
<meta property="og:site_name" content="Arkiv" />
<meta name="twitter:card" content="summary_large_image" />
<meta name="twitter:label1" content="Ansl. lesetid" />
	<meta name="twitter:data1" content="1 minutt" />
<script type="application/ld+json" class="yoast-schema-graph">{"@context":"https://schema.org","@graph":[{"@type":"WebPage","@id":"https://ldo.no/arkiv/hoyringar/2009-kombinasjon-av-arbeid-med-pleie-og-omsorgsoppgaver/","url":"https://ldo.no/arkiv/hoyringar/2009-kombinasjon-av-arbeid-med-pleie-og-omsorgsoppgaver/","name":"Kombinasjon av arbeid med pleie- og omsorgsoppgaver - Arkiv","isPartOf":{"@id":"https://ldo.no/arkiv/#website"},"datePublished":"2009-01-01T00:00:00+00:00","dateModified":"2009-01-01T00:00:00+00:00","breadcrumb":{"@id":"https://ldo.no/arkiv/hoyringar/2009-kombinasjon-av-arbeid-med-pleie-og-omsorgsoppgaver/#breadcrumb"},"inLanguage":"nb-NO","potentialAction":[{"@type":"ReadAction","target":["https://ldo.no/arkiv/hoyringar/2009-kombinasjon-av-arbeid-med-pleie-og-omsorgsoppgaver/"]}]},{"@type":"BreadcrumbList","@id":"https://ldo.no/arkiv/hoyringar/2009-kombinasjon-av-arbeid-med-pleie-og-omsorgsoppgaver/#breadcrumb","itemListElement":[{"@type":"ListItem","position":1,"name":"Arkiv","item":"https://ldo.no/arkiv/"},{"@type":"ListItem","position":2,"name":"Høringer","item":"https://ldo.no/arkiv/?post-type=ldo-hearing"},{"@type":"ListItem","position":3,"name":"Kombinasjon av arbeid med pleie- og omsorgsoppgaver"}]},{"@type":"WebSite","@id":"https://ldo.no/arkiv/#website","url":"https://ldo.no/arkiv/","name":"LDO Arkiv","description":"Dette er ombudets arkiv. Her finner du klagesaker som ombudet i sin tid behandlet fra 1996 til 2017. Klagesaker utover dette finner du på Diskrimineringsnemndas hjemmeside. På disse arkivsidene finner du også eldre høringssvar som strekker seg fra 2023 og tilbake til 2006. Nyere høringssvar finner du på Publikasjoner, som du kan besøke ved å klikke på menyknappen øverst i høyre hjørne.","publisher":{"@id":"https://ldo.no/arkiv/#organization"},"potentialAction":[{"@type":"SearchAction","target":{"@type":"EntryPoint","urlTemplate":"https://ldo.no/arkiv/?s={search_term_string}"},"query-input":"required name=search_term_string"}],"inLanguage":"nb-NO"},{"@type":"Organization","@id":"https://ldo.no/arkiv/#organization","name":"LDO Arkiv","url":"https://ldo.no/arkiv/","logo":{"@type":"ImageObject","inLanguage":"nb-NO","@id":"https://ldo.no/arkiv/#/schema/logo/image/","url":"https://ldo.no/content/uploads/sites/2/2025/05/Property-1Default.svg","contentUrl":"https://ldo.no/content/uploads/sites/2/2025/05/Property-1Default.svg","caption":"LDO Arkiv"},"image":{"@id":"https://ldo.no/arkiv/#/schema/logo/image/"}}]}</script>
<!-- / Yoast SEO plugin. -->

I brev av 8. desember 2008 fremmer Arbeids- og inkluderingsdepartementet forslag til lovendringer som tar sikte på å bedre yrkesaktives muligheter til å kombinere arbeid med pleie- og omsorgsoppgaver. Forslaget består av fire ulike lovendringer knyttet til følgende områder:

Høringer

Dette er ombudets arkiv. Her finner du klagesaker som ombudet i sin tid behandlet fra 1996 til 2017. Klagesaker utover dette finner du på Diskrimineringsnemndas hjemmeside. På disse arkivsidene finner du også eldre høringssvar som strekker seg fra 2023 og tilbake til 2006. Nyere høringssvar finner du på Publikasjoner, som du kan besøke ved å klikke på menyknappen øverst i høyre hjørne.
